{"id":351,"date":"2014-10-16T08:31:55","date_gmt":"2014-10-16T08:31:55","guid":{"rendered":"https:\/\/www.saphy.com\/healthcare-cosmetique\/?page_id=351"},"modified":"2017-08-16T11:42:51","modified_gmt":"2017-08-16T10:42:51","slug":"qui-sommes-nous","status":"publish","type":"page","link":"https:\/\/www.saphy.com\/healthcare-cosmetique\/qui-sommes-nous\/","title":{"rendered":"Qui sommes-nous?"},"content":{"rendered":"<p>[vc_row][vc_column width=\u00a0\u00bb2\/3&Prime;]<style>\n    #bxtitle_1910892918.box-title.box-title-line-middle .title-bar:after,\n    #bxtitle_1910892918.box-title.box-title-line-middle .title-bar:before,\n    #bxtitle_1910892918.box-title.box-title-line-around .title-bar:after,\n    #bxtitle_1910892918.box-title.bottom-little-line h2:after,\n    #bxtitle_1910892918.box-title.box-title-line-around .title-bar:before,\n    #bxtitle_1910892918.box-title.box-title-line-around h2{\n        border-color: #e1e1e1    }\n<\/style>\n        <div id=\"bxtitle_1910892918\" class=\"box-title box-title-text-left bottom-little-line box-title-line-none \"  data-delay=\"0\">\n            <h2 style=\"font-size: 24px;\">\n                A propos de Saphy Healthcare            <\/h2>\n                    <\/div>\n        [vc_column_text]Qui sommes-nous? Saphy Healthcare cosm\u00e9tiques<\/p>\n<p>La Beaut\u00e9 comme symbole de l\u2019Universalit\u00e9<\/p>\n<p>Passionn\u00e9s de voyages , fascin\u00e9s par les merveilles qu\u2019offre notre ch\u00e8re plan\u00e8te\u00a0 et \u00e9merveill\u00e9s par\u00a0 la beaut\u00e9\u00a0 et le rituel de chaque femme \u00e0 travers le monde ,nous avons eu la chance extraordinaire\u00a0 de rencontrer et de d\u00e9couvrir des cultures \u00e0 la philosophie riche et vari\u00e9e.Il s\u2019est naturellement impos\u00e9 \u00e0 nous l\u2019envie de vous faire offrir un tour du monde au coeur de la beaut\u00e9 et de l\u2019innovation cosm\u00e9tique.<\/p>\n<p>Himalaya Herbals<\/p>\n<p>Yellow rose cosmetiques<\/p>\n<p>Alba botanica<\/p>\n<p>La sultane de Saba<\/p>\n<p>Lentilles de couleur Solotica<\/p>\n<p>C&rsquo;est dans cette optique que Saphy International poursuit son d\u00e9veloppement en cr\u00e9ant un d\u00e9partement sp\u00e9cifique d\u00e9di\u00e9 \u00e0 la beaut\u00e9 et au bien-\u00eatre :<b>Saphy Healthcare\u00a0 Beaut\u00e9 Sans Fronti\u00e8res <\/b>,l&rsquo;importateur exclusif en France des marques <a href=\"https:\/\/www.saphy.com\/healthcare-cosmetique\/categorie-produit\/himalaya-herbals\/\">Himalaya Herbals<\/a> le laboratoire pharmaceutique N\u00b01 en Inde qui vous propose son savoir faire en ayurveda avec ses c\u00e9l\u00e8bres preparations ayurv\u00e9diques brev\u00e9tes comme le Liv52 ,sa ligne de soin B\u00e9b\u00e9 Vegan ,des dentifrices biologiques sans fluor,des stick l\u00e8vres sans colorant ,sans parab\u00e8nes,sans p\u00e9trole et sans conservateurs .<a href=\"https:\/\/www.saphy.com\/healthcare-cosmetique\/categorie-produit\/yellowrose\/\">Yellow rose Cosmetiques<\/a> vous invite dans l&rsquo;univers du Spa\u00a0,des soins d\u00e9di\u00e9s au visage et au corps inspir\u00e9s de l&rsquo;oligoth\u00e9rapie et des dernieres recherches en cosmetologie comme l&rsquo;acide hyaluronique fragment\u00e9 ou le kombuscha qui allie efficacit\u00e9 antiage ,texture et odeurs enivrantes .\u00a0 <a href=\"https:\/\/www.saphy.com\/healthcare-cosmetique\/categorie-produit\/alba-botanica\/\">Alba botanica<\/a>\u00a0est une marque de\u00a0cosmetiques Vegan americaine qui vous propose des produits respectueux de la nature au packaging\u00a0fleuris inspir\u00e9s des rites hawa\u00efens.<b><br \/>\n<\/b><\/p>\n<p><a href=\"https:\/\/www.saphy.com\/healthcare-cosmetique\/wp-content\/uploads\/2014\/10\/yellow-rose-cosmetiques-saphy-beaute.jpg\"><img decoding=\"async\" loading=\"lazy\" class=\"alignnone size-medium wp-image-2630\" src=\"https:\/\/www.saphy.com\/healthcare-cosmetique\/wp-content\/uploads\/2014\/10\/yellow-rose-cosmetiques-saphy-beaute-300x225.jpg\" alt=\"yellow-rose-cosmetiques-saphy-beaute\" width=\"300\" height=\"225\" srcset=\"https:\/\/www.saphy.com\/healthcare-cosmetique\/wp-content\/uploads\/2014\/10\/yellow-rose-cosmetiques-saphy-beaute-300x225.jpg 300w, https:\/\/www.saphy.com\/healthcare-cosmetique\/wp-content\/uploads\/2014\/10\/yellow-rose-cosmetiques-saphy-beaute.jpg 960w\" sizes=\"(max-width: 300px) 100vw, 300px\" \/><\/a>[\/vc_column_text][\/vc_column][vc_column width=\u00a0\u00bb1\/3&Prime;][vc_raw_html]JTNDaWZyYW1lJTIwc3JjJTNEJTIyJTJGJTJGd3d3LmZhY2Vib29rLmNvbSUyRnBsdWdpbnMlMkZsaWtlYm94LnBocCUzRmhyZWYlM0RodHRwcyUyNTNBJTI1MkYlMjUyRnd3dy5mYWNlYm9vay5jb20lMjUyRnNhcGh5LmhlYWx0aGNhcmUlMjUzRnJlZiUyNTNEc3RyZWFtJTI2YW1wJTNCd2lkdGglMjZhbXAlM0JoZWlnaHQlM0QyOTAlMjZhbXAlM0Jjb2xvcnNjaGVtZSUzRGxpZ2h0JTI2YW1wJTNCc2hvd19mYWNlcyUzRHRydWUlMjZhbXAlM0JoZWFkZXIlM0R0cnVlJTI2YW1wJTNCc3RyZWFtJTNEZmFsc2UlMjZhbXAlM0JzaG93X2JvcmRlciUzRHRydWUlMjZhbXAlM0JhcHBJZCUzRDE0ODUyNjg5NDUwNzk4NDElMjIlMjBzY3JvbGxpbmclM0QlMjJubyUyMiUyMGZyYW1lYm9yZGVyJTNEJTIyMCUyMiUyMHN0eWxlJTNEJTIyYm9yZGVyJTNBbm9uZSUzQiUyMG92ZXJmbG93JTNBaGlkZGVuJTNCJTIwaGVpZ2h0JTNBMjkwcHglM0IlMjIlMjBhbGxvd1RyYW5zcGFyZW5jeSUzRCUyMnRydWUlMjIlM0UlM0MlMkZpZnJhbWUlM0U=[\/vc_raw_html][\/vc_column][\/vc_row][vc_row][vc_column width=\u00a0\u00bb1\/1&Prime;][vc_single_image image=\u00a0\u00bb2631&Prime; border_color=\u00a0\u00bbgrey\u00a0\u00bb img_link_target=\u00a0\u00bb_self\u00a0\u00bb][vc_column_text][\/vc_column][\/vc_row]<\/p>\n","protected":false},"excerpt":{"rendered":"<p>[vc_row][vc_column width=\u00a0\u00bb2\/3&Prime;][vc_column_text]Qui sommes-nous? Saphy Healthcare cosm\u00e9tiques La Beaut\u00e9 comme symbole de l\u2019Universalit\u00e9 Passionn\u00e9s de voyages , fascin\u00e9s par les merveilles qu\u2019offre notre ch\u00e8re plan\u00e8te\u00a0 et \u00e9merveill\u00e9s par\u00a0 la beaut\u00e9\u00a0 et le rituel de chaque femme \u00e0 travers le monde ,nous avons eu la chance extraordinaire\u00a0 de rencontrer et de d\u00e9couvrir des cultures \u00e0 la philosophie [&hellip;]<\/p>\n","protected":false},"author":1,"featured_media":2062,"parent":0,"menu_order":0,"comment_status":"open","ping_status":"closed","template":"","meta":[],"yst_prominent_words":[],"_links":{"self":[{"href":"https:\/\/www.saphy.com\/healthcare-cosmetique\/wp-json\/wp\/v2\/pages\/351"}],"collection":[{"href":"https:\/\/www.saphy.com\/healthcare-cosmetique\/wp-json\/wp\/v2\/pages"}],"about":[{"href":"https:\/\/www.saphy.com\/healthcare-cosmetique\/wp-json\/wp\/v2\/types\/page"}],"author":[{"embeddable":true,"href":"https:\/\/www.saphy.com\/healthcare-cosmetique\/wp-json\/wp\/v2\/users\/1"}],"replies":[{"embeddable":true,"href":"https:\/\/www.saphy.com\/healthcare-cosmetique\/wp-json\/wp\/v2\/comments?post=351"}],"version-history":[{"count":0,"href":"https:\/\/www.saphy.com\/healthcare-cosmetique\/wp-json\/wp\/v2\/pages\/351\/revisions"}],"wp:featuredmedia":[{"embeddable":true,"href":"https:\/\/www.saphy.com\/healthcare-cosmetique\/wp-json\/wp\/v2\/media\/2062"}],"wp:attachment":[{"href":"https:\/\/www.saphy.com\/healthcare-cosmetique\/wp-json\/wp\/v2\/media?parent=351"}],"wp:term":[{"taxonomy":"yst_prominent_words","embeddable":true,"href":"https:\/\/www.saphy.com\/healthcare-cosmetique\/wp-json\/wp\/v2\/yst_prominent_words?post=351"}],"curies":[{"name":"wp","href":"https:\/\/api.w.org\/{rel}","templated":true}]}}