{"id":1001,"date":"2014-12-15T16:55:32","date_gmt":"2014-12-15T15:55:32","guid":{"rendered":"https:\/\/www.saphy.com\/healthcare-cosmetique\/?post_type=product&#038;p=1001"},"modified":"2024-04-02T10:44:11","modified_gmt":"2024-04-02T09:44:11","slug":"gommage-purifiant-neemhimalaya-herbals","status":"publish","type":"product","link":"https:\/\/www.saphy.com\/healthcare-cosmetique\/produit\/gommage-purifiant-neemhimalaya-herbals\/","title":{"rendered":"Gommage purifiant Neem Himalaya Herbals"},"content":{"rendered":"<p>Gommage purifiant Neem Himalaya Herbals<\/p>\n<p>Le Gommage purifiant Neem Himalaya Herbals\u00a0\u00a0\u00e0 l&rsquo;action \u00a02 en 1 exfolie et purifie gr\u00e2ce \u00e0 l&rsquo;action combin\u00e9e du Neem (Margousier ) reconnu pour ses propri\u00e9t\u00e9s purifiantes et anti bact\u00e9riennes naturelles et des granules d&rsquo;abricot qui \u00e9liminent les cellules mortes et les impuret\u00e9s. Votre peau est nette, saine et fraiche.<\/p>\n<p><strong>Principaux composants botaniques<\/strong><\/p>\n<p>Neem Purifiant, anti-bact\u00e9rien et antispetique naturel<br \/>\nAbricot Hydrate, adoucit et booste le renouvellement cellulaire<\/p>\n<p>Conseil d&rsquo;utilisation: Appliquer une petite quantit\u00e9 du gommage purifiant Neem Himalaya Herbals sur l&rsquo;ensemble du visage en \u00e9vitant le contour des yeux et masser d\u00e9licatement. Appliquez ensuite le <a title=\"purifying neem mask himalaya herbals\" href=\"https:\/\/www.saphy.com\/healthcare-cosmetique\/produit\/masque-purifiant-visage-neemhimalaya-herbals\/\">masque purifiant visage Neem Himalaya Herbals <\/a>.A effectuer 2 \u00e0 3 fois par semaine.<\/p>\n<p>Ingr\u00e9dients: Aqua, Stearic Acid, Cetyl Alcohol, Caprylic \/ Capric Triglyceride, Polyethylene, Sorbitan Stearate and Sucrose Cocoate, Parfum, Carbomer, Phenoxyethanol, Prunus Armeniaca Seed Powder, Sodium Hydroxide, Tocopheryl Acetate, Methylchloroisothiazolinone &amp; Methylsothiazolinone, Benzyl Alcohol, Disodium EDTA, Melia Azadirachta Leaf Extract, Curcuma Longa Rhizome Extract, Butylphenyl Methylpropional, Hexyl Cinnamal, Linalool, Citronello<\/p>\n<p>Neem Himalaya Herbals Purifying Scrub<br \/>\nThe Purifying Scrub Neem Himalaya Herbals with 2-in-1 action exfoliates and purifies thanks to the combined action of Neem (Margousier) recognized for its natural purifying and anti-bacterial properties and apricot granules that remove dead cells and impurities . Your skin is clean, healthy and fresh.<br \/>\n<strong>Main botanical components<\/strong><br \/>\nNeem Purifying, anti-bacterial and natural antiseptic<br \/>\nApricot Hydrates, softens and boosts cell renewal<br \/>\nDirections for use: Apply a small amount of the Neem Himalaya Herbals purifying scrub to the entire face, avoiding the eye contour and gently massaging. Then apply the facial cleansing mask Neem Himalaya Herbals .A perform 2 to 3 times per week.<\/p>\n<p>Ingr\u00e9dients:\u00a0Aqua, Stearic Acid, Cetyl Alcohol, Caprylic \/ Capric Triglyceride, Polyethylene, Sorbitan Stearate and Sucrose Cocoate, Parfum, Carbomer, Phenoxyethanol, Prunus Armeniaca Seed Powder, Sodium Hydroxide, Tocopheryl Acetate, Methylchloroisothiazolinone &amp; Methylsothiazolinone, Benzyl Alcohol, Disodium EDTA, Melia Azadirachta Leaf Extract, Curcuma Longa Rhizome Extract, Butylphenyl Methylpropional, Hexyl Cinnamal, Linalool, Citronellol.<\/p>\n","protected":false},"excerpt":{"rendered":"<p>Gommage purifiant Neem Himalaya Herbals<\/p>\n<p>Le Gommage purifiant Neem Himalaya Herbals\u00a0\u00a0\u00e0 l&rsquo;action \u00a02 en 1 exfolie et purifie gr\u00e2ce \u00e0 l&rsquo;action combin\u00e9e du Neem (Margousier ) reconnu pour ses propri\u00e9t\u00e9s purifiantes et anti bact\u00e9riennes naturelles et des granules d&rsquo;abricot qui \u00e9liminent les cellules mortes et les impuret\u00e9s. Votre peau est nette, saine et fraiche.<\/p>\n<p><strong>Principaux composants botaniques<\/strong><\/p>\n<p>Neem Purifiant, anti-bact\u00e9rien et antispetique naturel<br \/>\nAbricot Hydrate, adoucit et booste le renouvellement cellulaire<\/p>\n<p>Conseil d&rsquo;utilisation: Appliquer une petite quantit\u00e9 du gommage purifiant Neem Himalaya Herbals sur l&rsquo;ensemble du visage en \u00e9vitant le contour des yeux et masser d\u00e9licatement. Appliquez ensuite le <a title=\"purifying neem mask himalaya herbals\" href=\"https:\/\/www.saphy.com\/healthcare-cosmetique\/produit\/masque-purifiant-visage-neemhimalaya-herbals\/\">masque purifiant visage Neem Himalaya Herbals <\/a>.A effectuer 2 \u00e0 3 fois par semaine.<\/p>\n<p>Ingr\u00e9dients: Aqua, Stearic Acid, Cetyl Alcohol, Caprylic \/ Capric Triglyceride, Polyethylene, Sorbitan Stearate and Sucrose Cocoate, Parfum, Carbomer, Phenoxyethanol, Prunus Armeniaca Seed Powder, Sodium Hydroxide, Tocopheryl Acetate, Methylchloroisothiazolinone &amp; Methylsothiazolinone, Benzyl Alcohol, Disodium EDTA, Melia Azadirachta Leaf Extract, Curcuma Longa Rhizome Extract, Butylphenyl Methylpropional, Hexyl Cinnamal, Linalool, Citronello<\/p>\n<p>Neem Himalaya Herbals Purifying Scrub<br \/>\nThe Purifying Scrub Neem Himalaya Herbals with 2-in-1 action exfoliates and purifies thanks to the combined action of Neem (Margousier) recognized for its natural purifying and anti-bacterial properties and apricot granules that remove dead cells and impurities . Your skin is clean, healthy and fresh.<br \/>\nMain botanical components<br \/>\nNeem Purifying, anti-bacterial and natural antiseptic<br \/>\nApricot Hydrates, softens and boosts cell renewal<br \/>\nDirections for use: Apply a small amount of the Neem Himalaya Herbals purifying scrub to the entire face, avoiding the eye contour and gently massaging. Then apply the facial cleansing mask Neem Himalaya Herbals .A perform 2 to 3 times per week.<\/p>\n<p>Ingr\u00e9dients:\u00a0Aqua, Stearic Acid, Cetyl Alcohol, Caprylic \/ Capric Triglyceride, Polyethylene, Sorbitan Stearate and Sucrose Cocoate, Parfum, Carbomer, Phenoxyethanol, Prunus Armeniaca Seed Powder, Sodium Hydroxide, Tocopheryl Acetate, Methylchloroisothiazolinone &amp; Methylsothiazolinone, Benzyl Alcohol, Disodium EDTA, Melia Azadirachta Leaf Extract, Curcuma Longa Rhizome Extract, Butylphenyl Methylpropional, Hexyl Cinnamal, Linalool, Citronellol.<\/p>\n<p>.<\/p>\n","protected":false},"featured_media":4636,"comment_status":"open","ping_status":"closed","template":"","meta":[],"_links":{"self":[{"href":"https:\/\/www.saphy.com\/healthcare-cosmetique\/wp-json\/wp\/v2\/product\/1001"}],"collection":[{"href":"https:\/\/www.saphy.com\/healthcare-cosmetique\/wp-json\/wp\/v2\/product"}],"about":[{"href":"https:\/\/www.saphy.com\/healthcare-cosmetique\/wp-json\/wp\/v2\/types\/product"}],"replies":[{"embeddable":true,"href":"https:\/\/www.saphy.com\/healthcare-cosmetique\/wp-json\/wp\/v2\/comments?post=1001"}],"wp:featuredmedia":[{"embeddable":true,"href":"https:\/\/www.saphy.com\/healthcare-cosmetique\/wp-json\/wp\/v2\/media\/4636"}],"wp:attachment":[{"href":"https:\/\/www.saphy.com\/healthcare-cosmetique\/wp-json\/wp\/v2\/media?parent=1001"}],"curies":[{"name":"wp","href":"https:\/\/api.w.org\/{rel}","templated":true}]}}