{"id":1037,"date":"2014-12-16T11:14:12","date_gmt":"2014-12-16T10:14:12","guid":{"rendered":"https:\/\/www.saphy.com\/healthcare-cosmetique\/produit\/stick-levres-nourrissant-4-5g\/"},"modified":"2025-01-16T13:10:28","modified_gmt":"2025-01-16T12:10:28","slug":"stick-levres-nourrissanthimalaya-herbals","status":"publish","type":"product","link":"https:\/\/www.saphy.com\/healthcare-cosmetique\/produit\/stick-levres-nourrissanthimalaya-herbals\/","title":{"rendered":"Stick l\u00e8vres nourrissant  Himalaya Herbals"},"content":{"rendered":"<p>Stick l\u00e8vres nourrissant Himalaya Herbals<\/p>\n<p>Depuis 1930, Himalaya puise et exploite pour vous les tr\u00e9sors de la m\u00e9decine ayurv\u00e9dique vieille de 5000 ans ! Des recherches approfondies sur les plantes du monde entier ont \u00e9t\u00e9 men\u00e9es par ses experts. Celles-ci ont abouti \u00e0 une s\u00e9lection d\u2019ingr\u00e9dients enti\u00e8rement naturels dont les bienfaits sont av\u00e9r\u00e9s sur la sant\u00e9 et la beaut\u00e9 Himalaya a su combiner cet immense savoir traditionnel avec les techniques modernes afin de cr\u00e9er les combinaisons parfaitement adapt\u00e9es aux besoins de l\u2019homme contemporain. Gr\u00e2ce \u00e0 l&rsquo;engagement de plus de 2000 collaborateurs, dont une \u00e9quipe de 100 chercheurs, Himalaya Herbals est une soci\u00e9t\u00e9 pl\u00e9biscit\u00e9e dans plus de 90 pays \u00e0 travers le monde et de plus de 100.000 m\u00e9decins y prescrivent nos produits.<\/p>\n<p>Nourrit, Adoucit, Prot\u00e8ge<\/p>\n<p>Ce baume \u00e0 l\u00e8vres formul\u00e9 \u00e0 base d\u2019huiles v\u00e9g\u00e9tales est\u00a0 garanti sans colorants artificiels, sans p\u00e9trole\u00a0 ni conservateurs et sans parab\u00e8nes.<\/p>\n<p>Enrichi en huile de\u00a0 germe de bl\u00e9 une source naturelle de vitamine E qui nourrit et adoucit les l\u00e8vres et en huile de carotte, un \u00e9cran solaire naturel qui prot\u00e8ge des UV\u00a0 ce baume procure une hydratation\u00a0 et une protection longue dur\u00e9e pour des l\u00e8vres douces et lisses.<\/p>\n<p>Ingr\u00e9dients:\u00a0Ricinus Communis Seed Oil, Cocos Nucifera Oil, Beeswax, Triticum Vulgare Germ Oil, Wrightia Tinctoria Leaf Oil, Daucus Carota Sativa Seed Oil, Hydrogenated Castor Oil, Theobroma Cacao Seed Butter, Stearyl Behenate, Coco-Caprylate, Flavor, Tocopherol.<\/p>\n<p>Test\u00e9 sous contr\u00f4le dermatologique<\/p>\n<p>Himalaya Herbals Nourishing Lip Balm<\/p>\n<p>Since 1930, Himalaya draws and exploits for you the treasures of Ayurvedic medicine 5000 years old! Extensive research on plants around the world has been conducted by its experts. These have resulted in a selection of all natural ingredients whose benefits are proven to health and beauty Himalaya has combined this immense traditional knowledge with modern techniques to create combinations perfectly suited to the needs of contemporary man . Thanks to the commitment of more than 2,000 collaborators, including a team of 100 researchers, Himalaya Herbals is a company acclaimed in more than 90 countries around the world and more than 100,000 doctors prescribe our products.<\/p>\n<p>Nourishes, Softens, Protects<br \/>\nThis lip balm formulated based on vegetable oils is guaranteed without artificial colors, oil, preservatives and parabens.<br \/>\nEnriched with wheat germ oil a natural source of vitamin E that nourishes and soothes the lips and carrot oil, a natural sunscreen that protects UV this balm provides hydration and long-lasting protection for smooth and smooth lips.<\/p>\n<p>Ingr\u00e9dients:\u00a0Ricinus Communis Seed Oil, Cocos Nucifera Oil, Beeswax, Triticum Vulgare Germ Oil, Wrightia Tinctoria Leaf Oil, Daucus Carota Sativa Seed Oil, Hydrogenated Castor Oil, Theobroma Cacao Seed Butter, Stearyl Behenate, Coco-Caprylate, Flavor, Tocopherol.<\/p>\n<p>&nbsp;<\/p>\n<p>&nbsp;<\/p>\n","protected":false},"excerpt":{"rendered":"<p>Stick l\u00e8vres nourrissant Himalaya Herbals<\/p>\n<p>Depuis 1930, Himalaya puise et exploite pour vous les tr\u00e9sors de la m\u00e9decine ayurv\u00e9dique vieille de 5000 ans ! Des recherches approfondies sur les plantes du monde entier ont \u00e9t\u00e9 men\u00e9es par ses experts. Celles-ci ont abouti \u00e0 une s\u00e9lection d\u2019ingr\u00e9dients enti\u00e8rement naturels dont les bienfaits sont av\u00e9r\u00e9s sur la sant\u00e9 et la beaut\u00e9 Himalaya a su combiner cet immense savoir traditionnel avec les techniques modernes afin de cr\u00e9er les combinaisons parfaitement adapt\u00e9es aux besoins de l\u2019homme contemporain. Gr\u00e2ce \u00e0 l&rsquo;engagement de plus de 2000 collaborateurs, dont une \u00e9quipe de 100 chercheurs, Himalaya Herbals est une soci\u00e9t\u00e9 pl\u00e9biscit\u00e9e dans plus de 90 pays \u00e0 travers le monde et de plus de 100.000 m\u00e9decins y prescrivent nos produits.<\/p>\n<p>Nourrit, Adoucit, Prot\u00e8ge<\/p>\n<p>Ce baume \u00e0 l\u00e8vres formul\u00e9 \u00e0 base d\u2019huiles v\u00e9g\u00e9tales est\u00a0 garanti sans colorants artificiels, sans p\u00e9trole\u00a0 ni conservateurs et sans parab\u00e8nes.<\/p>\n<p>Enrichi en huile de\u00a0 germe de bl\u00e9 une source naturelle de vitamine E qui nourrit et adoucit les l\u00e8vres et en huile de carotte, un \u00e9cran solaire naturel qui prot\u00e8ge des UV\u00a0 ce baume procure une hydratation\u00a0 et une protection longue dur\u00e9e pour des l\u00e8vres douces et lisses.<\/p>\n<p>Ingr\u00e9dients:\u00a0Ricinus Communis Seed Oil, Cocos Nucifera Oil, Beeswax, Triticum Vulgare Germ Oil, Wrightia Tinctoria Leaf Oil, Daucus Carota Sativa Seed Oil, Hydrogenated Castor Oil, Theobroma Cacao Seed Butter, Stearyl Behenate, Coco-Caprylate, Flavor, Tocopherol.<\/p>\n<p>Test\u00e9 sous contr\u00f4le dermatologique<\/p>\n<p>Himalaya Herbals Nourishing Lip Balm<\/p>\n<p>Since 1930, Himalaya draws and exploits for you the treasures of Ayurvedic medicine 5000 years old! Extensive research on plants around the world has been conducted by its experts. These have resulted in a selection of all natural ingredients whose benefits are proven to health and beauty Himalaya has combined this immense traditional knowledge with modern techniques to create combinations perfectly suited to the needs of contemporary man . Thanks to the commitment of more than 2,000 collaborators, including a team of 100 researchers, Himalaya Herbals is a company acclaimed in more than 90 countries around the world and more than 100,000 doctors prescribe our products.<\/p>\n<p>Nourishes, Softens, Protects<br \/>\nThis lip balm formulated based on vegetable oils is guaranteed without artificial colors, oil, preservatives and parabens.<br \/>\nEnriched with wheat germ oil a natural source of vitamin E that nourishes and soothes the lips and carrot oil, a natural sunscreen that protects UV this balm provides hydration and long-lasting protection for smooth and smooth lips.<\/p>\n<p>Ingr\u00e9dients:\u00a0Ricinus Communis Seed Oil, Cocos Nucifera Oil, Beeswax, Triticum Vulgare Germ Oil, Wrightia Tinctoria Leaf Oil, Daucus Carota Sativa Seed Oil, Hydrogenated Castor Oil, Theobroma Cacao Seed Butter, Stearyl Behenate, Coco-Caprylate, Flavor, Tocopherol.<\/p>\n<p>&nbsp;<\/p>\n<p>&nbsp;<\/p>\n","protected":false},"featured_media":4037,"comment_status":"open","ping_status":"closed","template":"","meta":[],"_links":{"self":[{"href":"https:\/\/www.saphy.com\/healthcare-cosmetique\/wp-json\/wp\/v2\/product\/1037"}],"collection":[{"href":"https:\/\/www.saphy.com\/healthcare-cosmetique\/wp-json\/wp\/v2\/product"}],"about":[{"href":"https:\/\/www.saphy.com\/healthcare-cosmetique\/wp-json\/wp\/v2\/types\/product"}],"replies":[{"embeddable":true,"href":"https:\/\/www.saphy.com\/healthcare-cosmetique\/wp-json\/wp\/v2\/comments?post=1037"}],"wp:featuredmedia":[{"embeddable":true,"href":"https:\/\/www.saphy.com\/healthcare-cosmetique\/wp-json\/wp\/v2\/media\/4037"}],"wp:attachment":[{"href":"https:\/\/www.saphy.com\/healthcare-cosmetique\/wp-json\/wp\/v2\/media?parent=1037"}],"curies":[{"name":"wp","href":"https:\/\/api.w.org\/{rel}","templated":true}]}}