{"id":1046,"date":"2014-12-16T12:04:45","date_gmt":"2014-12-16T11:04:45","guid":{"rendered":"https:\/\/www.saphy.com\/healthcare-cosmetique\/produit\/creme-extraordinaire-raffermissante-corps-gingembre-et-soie-250ml\/"},"modified":"2024-09-30T11:03:08","modified_gmt":"2024-09-30T10:03:08","slug":"creme-extraordinaire-raffermissante-corps-gingembre-et-soie-250mlyellow-rose-cosmetique","status":"publish","type":"product","link":"https:\/\/www.saphy.com\/healthcare-cosmetique\/produit\/creme-extraordinaire-raffermissante-corps-gingembre-et-soie-250mlyellow-rose-cosmetique\/","title":{"rendered":"Cr\u00e8me  raffermissante corps  Gingembre et Soie Yellow Rose cosmetics"},"content":{"rendered":"<h1>Cr\u00e8me raffermissante corps Gingembre et Soie Yellow Rose cosmetics<\/h1>\n<p>Un lait \u00e0 la texture d&rsquo;une cr\u00e8me \u00a0onctueuse pour le corps qui raffermit, booste la microcirculation et hydrate la peau instantan\u00e9ment.<\/p>\n<p>Cette formule haut de gamme ultra riche laisse la peau douce comme la soie, souple, ferme et tonique sans aucun effet gras.<\/p>\n<p><strong>Extrait de gingembre et huile de Gingembre<\/strong> : activent la microcirculation<\/p>\n<p><strong>Prot\u00e9ines de soie<\/strong> : hydratent, raffermissent et laissent la peau douce comme la soie<\/p>\n<p><strong>Lyposomes avec Carnitine<\/strong> : br\u00fbleur de graisse<\/p>\n<p><strong>Caf\u00e9ine , Escine et marron d\u2019inde<\/strong> : m\u00e9lange lypolitique qui stimule la microcirculation ,am\u00e9liore l\u2019\u00e9lasticit\u00e9 et la fermet\u00e9 de la peau<\/p>\n<p><strong>D\u00e9riv\u00e9 d\u2019Acide Salycilique<\/strong> : anti cellulite<\/p>\n<p><strong>Phytost\u00e9rols<\/strong> revitalisent la peau<\/p>\n<p><strong>C\u00e9ramide et Phytosphingosine<\/strong> : prot\u00e8gent et nourrissent la peau<\/p>\n<p>Sans parabenes<\/p>\n<p>Conseil d&rsquo;utilisation: Appliquer deux fois par jour apr\u00e8s la douche sur l&rsquo;ensemble du corps<\/p>\n<p>Ingr\u00e9dients:\u00a0Aqua (Water), Ethylhexyl Stearate, Glycerin, Butyrospermum Parkii (Shea) Butter, Propylene Glycol, Olea Europaea (Olive) Fruit Oil, Theobroma Cacao (Cocoa) Seed Butter, Zea Mays (Corn) Oil, Lanolin, Ceteareth-12, Cetyl Alcohol, Glyceryl Stearate, Isopropyl Myristate, Simmondsia Chinensis (Jojoba) Seed Oil, Zingiber Officinale (Ginger) Root Extract, Hydrolyzed Silk, Escin, Palmitoyl Carnitine, Caffeine, Panthenol, Butylene Glycol, Ceramide AP, Ceramide EOP, Ceramide NP, Phytosphingosine, Phytosterols, Cholesterol, Persea Gratissima (Avocado) Oil, Helianthus Annuus (Sunflower) Seed Oil, Lecithin, Tocopheryl Acetate, Allantoin, Isodecyl Salicylate, Myristyl Myristate, Polysorbate 20, Phenoxyethanol, Sodium Lauroyl Lactylate, Glyceryl Acrylate\/Acrylic Acid Copolymer, Ethylhexylglycerin, Sodium Hydroxide, BHT, Carbomer, Xanthan Gum, Polyquaternium-39, Parfum (Fragrance), Butylphenyl Methylpropional, Hexyl Cinnamal, Geraniol, alpha-Isomethyl Ionone, Linalool<\/p>\n<p><strong>Yellow Rose cosmetics Ginger and Silk Body Firming Cream<\/strong><\/p>\n<p>A milk with the texture of a creamy cream for the body that firmens, boosts the microcirculation and moisturizes the skin instantly.<br \/>\nThis ultra-rich, ultra-rich formula leaves the skin soft as silk, soft, firm and toned without any fatty effect.<br \/>\nGinger Extract and Ginger Oil: activate microcirculation<br \/>\nSilk proteins: moisturize, firm and leave skin soft as silk<br \/>\nLyposomes with Carnitine: fat burner<br \/>\nCaffeine, Escine and chestnut: a lypolitic mixture that stimulates microcirculation, improves the elasticity and firmness of the skin<br \/>\nDerivative of Salycilic Acid: anti cellulite<br \/>\nPhytosterols revitalize the skin<br \/>\nCeramide and Phytosphingosine: Protect and nourish the skin<br \/>\nUse: Apply twice a day after the shower over the entire body<\/p>\n<p>Free from parabens<\/p>\n<p>Ingr\u00e9dients:\u00a0Aqua (Water), Ethylhexyl Stearate, Glycerin, Butyrospermum Parkii (Shea) Butter, Propylene Glycol, Olea Europaea (Olive) Fruit Oil, Theobroma Cacao (Cocoa) Seed Butter, Zea Mays (Corn) Oil, Lanolin, Ceteareth-12, Cetyl Alcohol, Glyceryl Stearate, Isopropyl Myristate, Simmondsia Chinensis (Jojoba) Seed Oil, Zingiber Officinale (Ginger) Root Extract, Hydrolyzed Silk, Escin, Palmitoyl Carnitine, Caffeine, Panthenol, Butylene Glycol, Ceramide AP, Ceramide EOP, Ceramide NP, Phytosphingosine, Phytosterols, Cholesterol, Persea Gratissima (Avocado) Oil, Helianthus Annuus (Sunflower) Seed Oil, Lecithin, Tocopheryl Acetate, Allantoin, Isodecyl Salicylate, Myristyl Myristate, Polysorbate 20, Phenoxyethanol, Sodium Lauroyl Lactylate, Glyceryl Acrylate\/Acrylic Acid Copolymer, Ethylhexylglycerin, Sodium Hydroxide, BHT, Carbomer, Xanthan Gum, Polyquaternium-39, Parfum (Fragrance), Butylphenyl Methylpropional, Hexyl Cinnamal, Geraniol, alpha-Isomethyl Ionone, Linalool<\/p>\n","protected":false},"excerpt":{"rendered":"<h1>Cr\u00e8me raffermissante corps Gingembre et Soie Yellow Rose cosmetics<\/h1>\n<p>Un lait \u00e0 la texture d&rsquo;une cr\u00e8me \u00a0onctueuse pour le corps qui raffermit, booste la microcirculation et hydrate la peau instantan\u00e9ment.<\/p>\n<p>Cette formule haut de gamme ultra riche laisse la peau douce comme la soie, souple, ferme et tonique sans aucun effet gras.<\/p>\n<p><strong>Extrait de gingembre et huile de Gingembre<\/strong> : activent la microcirculation<\/p>\n<p><strong>Prot\u00e9ines de soie<\/strong> : hydratent, raffermissent et laissent la peau douce comme la soie<\/p>\n<p><strong>Lyposomes avec Carnitine<\/strong> : br\u00fbleur de graisse<\/p>\n<p><strong>Caf\u00e9ine , Escine et marron d\u2019inde<\/strong> : m\u00e9lange lypolitique qui stimule la microcirculation ,am\u00e9liore l\u2019\u00e9lasticit\u00e9 et la fermet\u00e9 de la peau<\/p>\n<p><strong>D\u00e9riv\u00e9 d\u2019Acide Salycilique<\/strong> : anti cellulite<\/p>\n<p><strong>Phytost\u00e9rols<\/strong> revitalisent la peau<\/p>\n<p><strong>C\u00e9ramide et Phytosphingosine<\/strong> : prot\u00e8gent et nourrissent la peau<\/p>\n<p>Sans parabenes<\/p>\n<p>Conseil d&rsquo;utilisation: Appliquer deux fois par jour apr\u00e8s la douche sur l&rsquo;ensemble du corps<\/p>\n<p>Ingr\u00e9dients:\u00a0Aqua (Water), Ethylhexyl Stearate, Glycerin, Butyrospermum Parkii (Shea) Butter, Propylene Glycol, Olea Europaea (Olive) Fruit Oil, Theobroma Cacao (Cocoa) Seed Butter, Zea Mays (Corn) Oil, Lanolin, Ceteareth-12, Cetyl Alcohol, Glyceryl Stearate, Isopropyl Myristate, Simmondsia Chinensis (Jojoba) Seed Oil, Zingiber Officinale (Ginger) Root Extract, Hydrolyzed Silk, Escin, Palmitoyl Carnitine, Caffeine, Panthenol, Butylene Glycol, Ceramide AP, Ceramide EOP, Ceramide NP, Phytosphingosine, Phytosterols, Cholesterol, Persea Gratissima (Avocado) Oil, Helianthus Annuus (Sunflower) Seed Oil, Lecithin, Tocopheryl Acetate, Allantoin, Isodecyl Salicylate, Myristyl Myristate, Polysorbate 20, Phenoxyethanol, Sodium Lauroyl Lactylate, Glyceryl Acrylate\/Acrylic Acid Copolymer, Ethylhexylglycerin, Sodium Hydroxide, BHT, Carbomer, Xanthan Gum, Polyquaternium-39, Parfum (Fragrance), Butylphenyl Methylpropional, Hexyl Cinnamal, Geraniol, alpha-Isomethyl Ionone, Linalool<\/p>\n<p><strong>Yellow Rose cosmetics Ginger and Silk Body Firming Cream<\/strong><\/p>\n<p>A milk with the texture of a creamy cream for the body that firmens, boosts the microcirculation and moisturizes the skin instantly.<br \/>\nThis ultra-rich, ultra-rich formula leaves the skin soft as silk, soft, firm and toned without any fatty effect.<br \/>\nGinger Extract and Ginger Oil: activate microcirculation<br \/>\nSilk proteins: moisturize, firm and leave skin soft as silk<br \/>\nLyposomes with Carnitine: fat burner<br \/>\nCaffeine, Escine and chestnut: a lypolitic mixture that stimulates microcirculation, improves the elasticity and firmness of the skin<br \/>\nDerivative of Salycilic Acid: anti cellulite<br \/>\nPhytosterols revitalize the skin<br \/>\nCeramide and Phytosphingosine: Protect and nourish the skin<br \/>\nUse: Apply twice a day after the shower over the entire body<\/p>\n<p>Free from parabens<\/p>\n<p>Ingr\u00e9dients:\u00a0Aqua (Water), Ethylhexyl Stearate, Glycerin, Butyrospermum Parkii (Shea) Butter, Propylene Glycol, Olea Europaea (Olive) Fruit Oil, Theobroma Cacao (Cocoa) Seed Butter, Zea Mays (Corn) Oil, Lanolin, Ceteareth-12, Cetyl Alcohol, Glyceryl Stearate, Isopropyl Myristate, Simmondsia Chinensis (Jojoba) Seed Oil, Zingiber Officinale (Ginger) Root Extract, Hydrolyzed Silk, Escin, Palmitoyl Carnitine, Caffeine, Panthenol, Butylene Glycol, Ceramide AP, Ceramide EOP, Ceramide NP, Phytosphingosine, Phytosterols, Cholesterol, Persea Gratissima (Avocado) Oil, Helianthus Annuus (Sunflower) Seed Oil, Lecithin, Tocopheryl Acetate, Allantoin, Isodecyl Salicylate, Myristyl Myristate, Polysorbate 20, Phenoxyethanol, Sodium Lauroyl Lactylate, Glyceryl Acrylate\/Acrylic Acid Copolymer, Ethylhexylglycerin, Sodium Hydroxide, BHT, Carbomer, Xanthan Gum, Polyquaternium-39, Parfum (Fragrance), Butylphenyl Methylpropional, Hexyl Cinnamal, Geraniol, alpha-Isomethyl Ionone, Linalool<\/p>\n","protected":false},"featured_media":4595,"comment_status":"open","ping_status":"closed","template":"","meta":[],"_links":{"self":[{"href":"https:\/\/www.saphy.com\/healthcare-cosmetique\/wp-json\/wp\/v2\/product\/1046"}],"collection":[{"href":"https:\/\/www.saphy.com\/healthcare-cosmetique\/wp-json\/wp\/v2\/product"}],"about":[{"href":"https:\/\/www.saphy.com\/healthcare-cosmetique\/wp-json\/wp\/v2\/types\/product"}],"replies":[{"embeddable":true,"href":"https:\/\/www.saphy.com\/healthcare-cosmetique\/wp-json\/wp\/v2\/comments?post=1046"}],"wp:featuredmedia":[{"embeddable":true,"href":"https:\/\/www.saphy.com\/healthcare-cosmetique\/wp-json\/wp\/v2\/media\/4595"}],"wp:attachment":[{"href":"https:\/\/www.saphy.com\/healthcare-cosmetique\/wp-json\/wp\/v2\/media?parent=1046"}],"curies":[{"name":"wp","href":"https:\/\/api.w.org\/{rel}","templated":true}]}}