{"id":1079,"date":"2014-12-16T16:23:12","date_gmt":"2014-12-16T15:23:12","guid":{"rendered":"https:\/\/www.saphy.com\/healthcare-cosmetique\/?post_type=product&#038;p=1079"},"modified":"2022-01-03T15:42:45","modified_gmt":"2022-01-03T14:42:45","slug":"lait-demaquillant-a-lacide-hyaluronique-et-aux-extraits-de-fleurs-200mlyellow-rose-cosmetique","status":"publish","type":"product","link":"https:\/\/www.saphy.com\/healthcare-cosmetique\/produit\/lait-demaquillant-a-lacide-hyaluronique-et-aux-extraits-de-fleurs-200mlyellow-rose-cosmetique\/","title":{"rendered":"Lait d\u00e9maquillant \u00e0 l&rsquo;acide hyaluronique et aux extraits de fleurs Yellow Rose"},"content":{"rendered":"<h1>Lait d\u00e9maquillant \u00e0 l&rsquo;acide hyaluronique et aux extraits de fleurs Yellow Rose<\/h1>\n<p>Le lait d\u00e9maquillant \u00e0 l&rsquo;acide hyaluronique et aux extraits de fleurs Yellow Rose nettoie et\u00a0 hydrate votre peau .Il est\u00a0 parfait pour d\u00e9maquiller votre peau.<\/p>\n<p>Il nettoie, apaise les peaux sensibles, prot\u00e8ge du vieillissement cutan\u00e9, lisse les rides, redensifie votre peau et l\u2019hydrate intens\u00e9ment.<\/p>\n<p>Vous allez aimer vous d\u00e9maquiller.<\/p>\n<p><strong>Acide Hyaluronique<\/strong>\u00a0actif antirides, d\u00e9froisse la peau, favorise la communication cellulaire entre le derme et l\u2019\u00e9piderme et hydrate intens\u00e9ment<\/p>\n<p><strong>Complexe botanique<\/strong> :\u00a0Cerisier japonais, Magnolia, Rose fran\u00e7aise et Lotus indien aux vertus hydratantes, apaisantes et anti-oxydantes<\/p>\n<p><strong>Arginine<\/strong>\u00a0Lisse et redensifie<\/p>\n<p><strong>Huile de tournesol<\/strong>\u00a0Assouplit et pr\u00e9vient le vieillissement cutan\u00e9.<\/p>\n<p><strong>Allanto\u00efne<\/strong>\u00a0Apaise et hydrate<\/p>\n<p>Ingr\u00e9dients:\u00a0Aqua,ethylhexyl palmipate,isopropyl myristate,sorbitol,caprylic,capric triglyceride,propylene glycol, stearic acid,cetearyl alcohol,dicaprylyl carbonate,glyceryl stearate se, helianthus annuus (sunflower) seed oil,rosa gallica flower extract,magniolia biondii bud flower extract,camellia sinensis leaf extract,nelumbo nucifera flower extract,sodium hyaluronate,prunus serrulata flower extract,rosa damascena flower oil,glycerin,arginine,caprylyl glycol, butylene glycol, allantoin,sodium cetearul sulfate,etylhexyglycerin,bht,phenoxynethanol,parfum,CI 16035<\/p>\n<p>&nbsp;<\/p>\n<p><strong>Ultra Moisturizing anti-wrinkle cleansing milk perfect for removing makeup from your skin.<\/strong><\/p>\n<p>It cleans, soothes sensitive skins, protects from skin ageing, smoothes wrinkles, redensifieses your skin and moisturizes it intensely.<br \/>\nYou&rsquo;re going to like to remove your makeup.<br \/>\nAnti-wrinkle Active hyaluronic acid, dewrinkles the skin, promotes cellular communication between the dermis and the epidermis and hydrates intensely<br \/>\nBotanical complex: Japanese cherry, Magnolia, French Rose and Indian Lotus with moisturizing, soothing and anti-oxidant properties<br \/>\nArginine Smooth and Redensifies<br \/>\nSunflower oil softens and prevents skin ageing.<br \/>\nAllantoin soothes and hydrates<\/p>\n","protected":false},"excerpt":{"rendered":"<h1>Lait nettoyant ultra hydratant antirides parfait pour d\u00e9maquiller votre peau.<\/h1>\n<p>Il nettoie, apaise les peaux sensibles, prot\u00e8ge du vieillissement cutan\u00e9, lisse les rides, redensifie votre peau et l\u2019hydrate intens\u00e9ment.<\/p>\n<p>Vous allez aimer vous d\u00e9maquiller.<\/p>\n<p><strong>Acide Hyaluronique<\/strong>\u00a0actif antirides, d\u00e9froisse la peau, favorise la communication cellulaire entre le derme et l\u2019\u00e9piderme et hydrate intens\u00e9ment<\/p>\n<p><strong>Complexe botanique<\/strong> :\u00a0Cerisier japonais, Magnolia, Rose fran\u00e7aise et Lotus indien aux vertus hydratantes, apaisantes et anti-oxydantes<\/p>\n<p><strong>Arginine<\/strong>\u00a0Lisse et redensifie<\/p>\n<p><strong>Huile de tournesol<\/strong>\u00a0Assouplit et pr\u00e9vient le vieillissement cutan\u00e9.<\/p>\n<p><strong>Allanto\u00efne<\/strong>\u00a0Apaise et hydrate<\/p>\n<p>Ingr\u00e9dients:\u00a0Aqua,ethylhexyl palmipate,isopropyl myristate,sorbitol,caprylic,capric triglyceride,propylene glycol, stearic acid,cetearyl alcohol,dicaprylyl carbonate,glyceryl stearate se, helianthus annuus (sunflower) seed oil,rosa gallica flower extract,magniolia biondii bud flower extract,camellia sinensis leaf extract,nelumbo nucifera flower extract,sodium hyaluronate,prunus serrulata flower extract,rosa damascena flower oil,glycerin,arginine,caprylyl glycol, butylene glycol, allantoin,sodium cetearul sulfate,etylhexyglycerin,bht,phenoxynethanol,parfum,CI 16035<\/p>\n<p>&nbsp;<\/p>\n<p><strong>Ultra Moisturizing anti-wrinkle cleansing milk perfect for removing makeup from your skin.<\/strong><\/p>\n<p>It cleans, soothes sensitive skins, protects from skin ageing, smoothes wrinkles, redensifieses your skin and moisturizes it intensely.<br \/>\nYou&rsquo;re going to like to remove your makeup.<br \/>\nAnti-wrinkle Active hyaluronic acid, dewrinkles the skin, promotes cellular communication between the dermis and the epidermis and hydrates intensely<br \/>\nBotanical complex: Japanese cherry, Magnolia, French Rose and Indian Lotus with moisturizing, soothing and anti-oxidant properties<br \/>\nArginine Smooth and Redensifies<br \/>\nSunflower oil softens and prevents skin ageing.<br \/>\nAllantoin soothes and hydrates<\/p>\n","protected":false},"featured_media":4096,"comment_status":"open","ping_status":"closed","template":"","meta":[],"_links":{"self":[{"href":"https:\/\/www.saphy.com\/healthcare-cosmetique\/wp-json\/wp\/v2\/product\/1079"}],"collection":[{"href":"https:\/\/www.saphy.com\/healthcare-cosmetique\/wp-json\/wp\/v2\/product"}],"about":[{"href":"https:\/\/www.saphy.com\/healthcare-cosmetique\/wp-json\/wp\/v2\/types\/product"}],"replies":[{"embeddable":true,"href":"https:\/\/www.saphy.com\/healthcare-cosmetique\/wp-json\/wp\/v2\/comments?post=1079"}],"wp:featuredmedia":[{"embeddable":true,"href":"https:\/\/www.saphy.com\/healthcare-cosmetique\/wp-json\/wp\/v2\/media\/4096"}],"wp:attachment":[{"href":"https:\/\/www.saphy.com\/healthcare-cosmetique\/wp-json\/wp\/v2\/media?parent=1079"}],"curies":[{"name":"wp","href":"https:\/\/api.w.org\/{rel}","templated":true}]}}