{"id":1566,"date":"2015-01-22T18:29:43","date_gmt":"2015-01-22T17:29:43","guid":{"rendered":"https:\/\/www.saphy.com\/healthcare-cosmetique\/produit\/masque-anti-age-regenerant-perle-et-diamant\/"},"modified":"2022-01-03T15:42:34","modified_gmt":"2022-01-03T14:42:34","slug":"masque-anti-age-regenerant-perle-et-diamantyellow-rose-cosmetique","status":"publish","type":"product","link":"https:\/\/www.saphy.com\/healthcare-cosmetique\/produit\/masque-anti-age-regenerant-perle-et-diamantyellow-rose-cosmetique\/","title":{"rendered":"Masque anti-\u00e2ge r\u00e9g\u00e9n\u00e9rant Perle et Diamant Yellow Rose Cosmetiques"},"content":{"rendered":"<h1>Masque anti-\u00e2ge r\u00e9g\u00e9n\u00e9rant Perle et Diamant Yellow Rose Cosmetiques<\/h1>\n<p>Le gel masque visage \u00e0 la poudre de diamant pur et aux extraits\u00a0 actifs de perles est un soin intense \u00e9claircissant et r\u00e9g\u00e9n\u00e9rant qui illumine toutes les\u00a0 peaux.<\/p>\n<p>Ce concentr\u00e9 d\u2019actifs recherch\u00e9s offre une action anti-\u00e2ge et antitaches globale \u00e0 votre peau.<\/p>\n<p>Votre teint est uniforme et lumineux, la peau est douce et resplendissante de sant\u00e9.<\/p>\n<p>Votre visage est\u00a0 \u00e9clatant\u00a0 de jeunesse il refl\u00e8te la lumi\u00e8re comme le diamant.<\/p>\n<p><strong>Extrait de Perles des oc\u00e9ans<\/strong>\u00a0:\u00a0R\u00e9g\u00e9n\u00e8re\u00a0 et prot\u00e8ge les cellules, lisse\u00a0 les rides et les asp\u00e9rit\u00e9s\u00a0 de la peau, d\u00e9fatigue tonifie et \u00e9claircit le teint.<\/p>\n<p><strong>Poudre\u00a0 de Diamant pure<\/strong>\u00a0:\u00a0Clarifiante, illuminante, remin\u00e9ralisante. Att\u00e9nue visiblement la profondeur des rides en refl\u00e9tant la lumi\u00e8re \u00a0 et illumine instantan\u00e9ment le teint<\/p>\n<p><strong>\u00a0Vitamine C :<\/strong>\u00a0Antioxydante et \u00e9claircissante<\/p>\n<p><strong>Niacinamide :<\/strong>\u00a0Vitamine B3- hydratante, stimule la biosynth\u00e8se\u00a0 du\u00a0 collag\u00e8ne\u00a0 et lutte contre les taches brunes<\/p>\n<p><strong>Elastine Marine :<\/strong>\u00a0Am\u00e9liore\u00a0 l\u2019\u00e9lasticit\u00e9 et\u00a0 la fermet\u00e9\u00a0 de la peau<\/p>\n<p><strong>Gel Aloe Vera :<\/strong>\u00a0Hydratant, anti-inflammatoire, r\u00e9parateur cellulaire<\/p>\n<p><strong>Extrait de Concombre :<\/strong>\u00a0Rafra\u00eechit, hydrate et soulage la peau d\u00e9licate et fatigu\u00e9e<\/p>\n<p>Ingr\u00e9dients: L&rsquo;aciAqua (Water), Glycerin, Butylene Glycol, Ammonium Acryloyldimethyltaurate \/VP Copolymer, Panthenol, Niacinamide, Hydrolyzed Pearl, Hydrolyzed Elastin, Diamond Powder, Chitosan Succinamide, Sodium Hyaluronate, 3-o-Ethyl Ascorbic Acid, Aloe Barbadensis Leaf Juice, Chamomilla Recutita (Matricaria) Flower Extract, Cucumis Sativus (Cucumber) Fruit Extract, Betaine, Trehalose, Glycyrrhetinic Acid, Allantoin, Caprylic \/ Capric Triglyceride, Bisabolol, Maris Sal (Sea Salt), Tocopheryl Acetate, Boswellia Serrata Gum, Urea, Phenoxyethanol, Dipropylene Glycol, Polyacrylate-13, PPG-26-Buteth-26, Disodium EDTA, PEG-40 Hydrogenated Castor Oil, Propylene Glycol, Polyisobutene, Ethylhexylglycerin, Polysorbate 20, Parfum (Fragrance)de Glycyrrh\u00e9tinique :\u00a0Anti-inflammatoire issu du r\u00e9glisse\u00a0 apaise et soulage<\/p>\n<p><strong>LUMINANCE PEARL FACE GEL MASK YELLOW ROSE COSMETICS<\/strong><\/p>\n<p>Intensive moisturizing, brightening and soothing face gel mask with natural Pearl extract and pure Diamond powder, suitable for all skin types. This advanced formula offers effective moisturization, calms and soothes, while it leaves a radiant complexion with an even-toned finish and a youthful glow.<br \/>\nUse<br \/>\n1 to 3 times per week. Apply a thin layer of the mask over the entire face and neck. Massage gently until absorbed. Apply a second thicker layer and leave it on for 15 to 20 minutes. Remove with water and tone the skin with the Yellow Rose Luminance Pearl Lotion.<br \/>\nCan be effectively combined with the other Yellow Rose Luminance Pearl Face Treatment products.<br \/>\nMain Ingredients<br \/>\nPearl extract<br \/>\nAn elegant active that offers radiance and overall skin clarity. Pearls consist mainly from Aragonite (calcium carbonate), traces of a protein called Conchiolin, mineral trace elements and aminoacids that take part in essential enzymatic and metabolic cellular reactions. According to traditional Chinese medicine, the valuable minerals and aminoacids from Pearl powder can nourish the skin and slow down aging process by improving the metabolism, supporting moisturization and protection against environmental stress.<br \/>\nDiamond Powder<br \/>\nIlluminating pure diamond fine powder that provides immediate skin lightness and clarity.<br \/>\n2 types of Hyaluronic acid (high and low molecular weight)<br \/>\nThe LMW (Low Molecular Weight) Hyaluronic acid penetrates the skin along with water that absorbs and moisturizes the deeper skin layers. At the same time it aids the restructuring of the skin. The HMW (High Molecular Weight) Hyaluronic acid strongly moisturizes the external skin layer leading to increased skin elasticity.<br \/>\nMarine Elastin<br \/>\n(main constituent of young and healthy skin) Helps the skin retrieve its elasticity, firmness and consequently to prevent the onset of wrinkles.<br \/>\nNiacinamide (Vitamin B3)<br \/>\nMoisturizes, stimulates natural Collagen biosynthesis and fights discolorations.<br \/>\nChitin derivatives<br \/>\nA marine origin bio-polymer which forms a natural protective film with outstanding moisturizing and regenerating properties.<br \/>\nHighly stable Vitamin C derivative<br \/>\nA powerful anti-oxidant and inhibitor of melanin formation. Stimulates collagen production and promotes healthy looking skin.<br \/>\nBetaine (Trimethylglycine)<br \/>\nmoisturizing amino acid from Sugarbeets.<br \/>\nTrehalose<br \/>\nNatural disaccharide with remarkable moisture retaining capacities.<br \/>\nAloe Vera gel<br \/>\nMoisturizing, anti-inflammatory, wound healing and skin repairing factor.<br \/>\nBoswellia Serrata extract<br \/>\nExtract from the resin of Boswellia serrata tree, commonly found in India, with good anti-inflammatory and soothing properties.<br \/>\nCucumber extract<br \/>\nCooling and refreshing, its soothing action softens and relieves delicate, tired or stressed skin.<br \/>\nA special mixture of d-Panthenol, Glycyrrhetinic acid and Urea<br \/>\nThe components act in synergy to reduce irritation and soothe the skin.<br \/>\nContains also<br \/>\nChamomile extract, a-Bisabolol, Vitamin E and Allantoin.<\/p>\n<p>Ingr\u00e9dients: Aqua (Water), Glycerin, Butylene Glycol, Ammonium Acryloyldimethyltaurate \/VP Copolymer, Panthenol, Niacinamide, Hydrolyzed Pearl, Hydrolyzed Elastin, Diamond Powder, Chitosan Succinamide, Sodium Hyaluronate, 3-o-Ethyl Ascorbic Acid, Aloe Barbadensis Leaf Juice, Chamomilla Recutita (Matricaria) Flower Extract, Cucumis Sativus (Cucumber) Fruit Extract, Betaine, Trehalose, Glycyrrhetinic Acid, Allantoin, Caprylic \/ Capric Triglyceride, Bisabolol, Maris Sal (Sea Salt), Tocopheryl Acetate, Boswellia Serrata Gum, Urea, Phenoxyethanol, Dipropylene Glycol, Polyacrylate-13, PPG-26-Buteth-26, Disodium EDTA, PEG-40 Hydrogenated Castor Oil, Propylene Glycol, Polyisobutene, Ethylhexylglycerin, Polysorbate 20, Parfum (Fragrance)<\/p>\n","protected":false},"excerpt":{"rendered":"<h1>Masque anti-\u00e2ge r\u00e9g\u00e9n\u00e9rant Perle et Diamant Yellow Rose Cosmetiques<\/h1>\n<p>Le gel masque visage \u00e0 la poudre de diamant pur et aux extraits\u00a0 actifs de perles est un soin intense \u00e9claircissant et r\u00e9g\u00e9n\u00e9rant qui illumine toutes les\u00a0 peaux.<\/p>\n<p>Ce concentr\u00e9 d\u2019actifs recherch\u00e9s offre une action anti-\u00e2ge et antitaches globale \u00e0 votre peau.<\/p>\n<p>Votre teint est uniforme et lumineux, la peau est douce et resplendissante de sant\u00e9.<\/p>\n<p>Votre visage est\u00a0 \u00e9clatant\u00a0 de jeunesse il refl\u00e8te la lumi\u00e8re comme le diamant.<\/p>\n<p><strong>Extrait de Perles des oc\u00e9ans<\/strong>\u00a0:\u00a0R\u00e9g\u00e9n\u00e8re\u00a0 et prot\u00e8ge les cellules, lisse\u00a0 les rides et les asp\u00e9rit\u00e9s\u00a0 de la peau, d\u00e9fatigue tonifie et \u00e9claircit le teint.<\/p>\n<p><strong>Poudre\u00a0 de Diamant pure<\/strong>\u00a0:\u00a0Clarifiante, illuminante, remin\u00e9ralisante. Att\u00e9nue visiblement la profondeur des rides en refl\u00e9tant la lumi\u00e8re \u00a0 et illumine instantan\u00e9ment le teint<\/p>\n<p><strong>\u00a0Vitamine C :<\/strong>\u00a0Antioxydante et \u00e9claircissante<\/p>\n<p><strong>Niacinamide :<\/strong>\u00a0Vitamine B3- hydratante, stimule la biosynth\u00e8se\u00a0 du\u00a0 collag\u00e8ne\u00a0 et lutte contre les taches brunes<\/p>\n<p><strong>Elastine Marine :<\/strong>\u00a0Am\u00e9liore\u00a0 l\u2019\u00e9lasticit\u00e9 et\u00a0 la fermet\u00e9\u00a0 de la peau<\/p>\n<p><strong>Gel Aloe Vera :<\/strong>\u00a0Hydratant, anti-inflammatoire, r\u00e9parateur cellulaire<\/p>\n<p><strong>Extrait de Concombre :<\/strong>\u00a0Rafra\u00eechit, hydrate et soulage la peau d\u00e9licate et fatigu\u00e9e<\/p>\n<p>Ingr\u00e9dients: L&rsquo;aciAqua (Water), Glycerin, Butylene Glycol, Ammonium Acryloyldimethyltaurate \/VP Copolymer, Panthenol, Niacinamide, Hydrolyzed Pearl, Hydrolyzed Elastin, Diamond Powder, Chitosan Succinamide, Sodium Hyaluronate, 3-o-Ethyl Ascorbic Acid, Aloe Barbadensis Leaf Juice, Chamomilla Recutita (Matricaria) Flower Extract, Cucumis Sativus (Cucumber) Fruit Extract, Betaine, Trehalose, Glycyrrhetinic Acid, Allantoin, Caprylic \/ Capric Triglyceride, Bisabolol, Maris Sal (Sea Salt), Tocopheryl Acetate, Boswellia Serrata Gum, Urea, Phenoxyethanol, Dipropylene Glycol, Polyacrylate-13, PPG-26-Buteth-26, Disodium EDTA, PEG-40 Hydrogenated Castor Oil, Propylene Glycol, Polyisobutene, Ethylhexylglycerin, Polysorbate 20, Parfum (Fragrance)de Glycyrrh\u00e9tinique :\u00a0Anti-inflammatoire issu du r\u00e9glisse\u00a0 apaise et soulage<\/p>\n<p><strong>LUMINANCE PEARL FACE GEL MASK YELLOW ROSE COSMETICS<\/strong><\/p>\n<p>Intensive moisturizing, brightening and soothing face gel mask with natural Pearl extract and pure Diamond powder, suitable for all skin types. This advanced formula offers effective moisturization, calms and soothes, while it leaves a radiant complexion with an even-toned finish and a youthful glow.<br \/>\nUse<br \/>\n1 to 3 times per week. Apply a thin layer of the mask over the entire face and neck. Massage gently until absorbed. Apply a second thicker layer and leave it on for 15 to 20 minutes. Remove with water and tone the skin with the Yellow Rose Luminance Pearl Lotion.<br \/>\nCan be effectively combined with the other Yellow Rose Luminance Pearl Face Treatment products.<br \/>\nMain Ingredients<br \/>\nPearl extract<br \/>\nAn elegant active that offers radiance and overall skin clarity. Pearls consist mainly from Aragonite (calcium carbonate), traces of a protein called Conchiolin, mineral trace elements and aminoacids that take part in essential enzymatic and metabolic cellular reactions. According to traditional Chinese medicine, the valuable minerals and aminoacids from Pearl powder can nourish the skin and slow down aging process by improving the metabolism, supporting moisturization and protection against environmental stress.<br \/>\nDiamond Powder<br \/>\nIlluminating pure diamond fine powder that provides immediate skin lightness and clarity.<br \/>\n2 types of Hyaluronic acid (high and low molecular weight)<br \/>\nThe LMW (Low Molecular Weight) Hyaluronic acid penetrates the skin along with water that absorbs and moisturizes the deeper skin layers. At the same time it aids the restructuring of the skin. The HMW (High Molecular Weight) Hyaluronic acid strongly moisturizes the external skin layer leading to increased skin elasticity.<br \/>\nMarine Elastin<br \/>\n(main constituent of young and healthy skin) Helps the skin retrieve its elasticity, firmness and consequently to prevent the onset of wrinkles.<br \/>\nNiacinamide (Vitamin B3)<br \/>\nMoisturizes, stimulates natural Collagen biosynthesis and fights discolorations.<br \/>\nChitin derivatives<br \/>\nA marine origin bio-polymer which forms a natural protective film with outstanding moisturizing and regenerating properties.<br \/>\nHighly stable Vitamin C derivative<br \/>\nA powerful anti-oxidant and inhibitor of melanin formation. Stimulates collagen production and promotes healthy looking skin.<br \/>\nBetaine (Trimethylglycine)<br \/>\nmoisturizing amino acid from Sugarbeets.<br \/>\nTrehalose<br \/>\nNatural disaccharide with remarkable moisture retaining capacities.<br \/>\nAloe Vera gel<br \/>\nMoisturizing, anti-inflammatory, wound healing and skin repairing factor.<br \/>\nBoswellia Serrata extract<br \/>\nExtract from the resin of Boswellia serrata tree, commonly found in India, with good anti-inflammatory and soothing properties.<br \/>\nCucumber extract<br \/>\nCooling and refreshing, its soothing action softens and relieves delicate, tired or stressed skin.<br \/>\nA special mixture of d-Panthenol, Glycyrrhetinic acid and Urea<br \/>\nThe components act in synergy to reduce irritation and soothe the skin.<br \/>\nContains also<br \/>\nChamomile extract, a-Bisabolol, Vitamin E and Allantoin.<\/p>\n<p>Ingr\u00e9dients: Aqua (Water), Glycerin, Butylene Glycol, Ammonium Acryloyldimethyltaurate \/VP Copolymer, Panthenol, Niacinamide, Hydrolyzed Pearl, Hydrolyzed Elastin, Diamond Powder, Chitosan Succinamide, Sodium Hyaluronate, 3-o-Ethyl Ascorbic Acid, Aloe Barbadensis Leaf Juice, Chamomilla Recutita (Matricaria) Flower Extract, Cucumis Sativus (Cucumber) Fruit Extract, Betaine, Trehalose, Glycyrrhetinic Acid, Allantoin, Caprylic \/ Capric Triglyceride, Bisabolol, Maris Sal (Sea Salt), Tocopheryl Acetate, Boswellia Serrata Gum, Urea, Phenoxyethanol, Dipropylene Glycol, Polyacrylate-13, PPG-26-Buteth-26, Disodium EDTA, PEG-40 Hydrogenated Castor Oil, Propylene Glycol, Polyisobutene, Ethylhexylglycerin, Polysorbate 20, Parfum (Fragrance)<\/p>\n","protected":false},"featured_media":4084,"comment_status":"open","ping_status":"closed","template":"","meta":[],"_links":{"self":[{"href":"https:\/\/www.saphy.com\/healthcare-cosmetique\/wp-json\/wp\/v2\/product\/1566"}],"collection":[{"href":"https:\/\/www.saphy.com\/healthcare-cosmetique\/wp-json\/wp\/v2\/product"}],"about":[{"href":"https:\/\/www.saphy.com\/healthcare-cosmetique\/wp-json\/wp\/v2\/types\/product"}],"replies":[{"embeddable":true,"href":"https:\/\/www.saphy.com\/healthcare-cosmetique\/wp-json\/wp\/v2\/comments?post=1566"}],"wp:featuredmedia":[{"embeddable":true,"href":"https:\/\/www.saphy.com\/healthcare-cosmetique\/wp-json\/wp\/v2\/media\/4084"}],"wp:attachment":[{"href":"https:\/\/www.saphy.com\/healthcare-cosmetique\/wp-json\/wp\/v2\/media?parent=1566"}],"curies":[{"name":"wp","href":"https:\/\/api.w.org\/{rel}","templated":true}]}}