{"id":1841,"date":"2015-07-23T15:55:51","date_gmt":"2015-07-23T14:55:51","guid":{"rendered":"https:\/\/www.saphy.com\/healthcare-cosmetique\/?post_type=product&#038;p=1841"},"modified":"2024-04-02T10:41:58","modified_gmt":"2024-04-02T09:41:58","slug":"shampooing-proteine-repare-et-regenerehimalaya-herbals","status":"publish","type":"product","link":"https:\/\/www.saphy.com\/healthcare-cosmetique\/produit\/shampooing-proteine-repare-et-regenerehimalaya-herbals\/","title":{"rendered":"Shampooing prot\u00e9in\u00e9 r\u00e9pare et r\u00e9g\u00e9n\u00e8re Himalaya Herbals 400ml"},"content":{"rendered":"<p>Shampooing prot\u00e9in\u00e9 r\u00e9pare et r\u00e9g\u00e9n\u00e8re Himalaya Herbals<\/p>\n<p>Notre gamme de soins capillaires est formul\u00e9e \u00e0 partir extraits d\u2019herbes naturellement riches en prot\u00e9ines soigneusement s\u00e9lectionn\u00e9es pour offrir \u00e0 vos cheveux les trois bienfaits essentiels dont ils ont besoin \u2013 force, nutrition de la racine aux pointes et protection contre les agressions quotidiennes<\/p>\n<p>Parfait pour les cheveux secs, cr\u00e9pus , abim\u00e9s ou fragilis\u00e9s par les traitement chimique.<br \/>\nUn m\u00e9lange sp\u00e9cial d&rsquo;herbes qui r\u00e9pare, r\u00e9g\u00e9n\u00e8re et prot\u00e8ge durablement vos cheveux.<\/p>\n<p>Principaux composants botaniques:<\/p>\n<p>Pois chiche: source de prot\u00e9ines naturelles, renforce les cheveux<br \/>\nAmla : fortifie les cheveux<br \/>\nBadamier : r\u00e9pare et r\u00e9g\u00e9n\u00e8re les cheveux .<br \/>\nR\u00e9glisse : favorise la croissance du cheveu<\/p>\n<p>Conseils d\u2019utilisation\u00a0: Appliquer le shampooing sur cheveux mouill\u00e9s, masser d\u00e9licatement et\u00a0\u00a0rincer soigneusement.<\/p>\n<p>Ingr\u00e9dients:\u00a0Ammonium Lauryl Sulfate, Aqua, Cocamidopropyl Betaine, Sodium Cocoyl Glycinate, Glycol Distearate, Ammonium Xylenesulfonate, Dimethiconol, TEA Dodecylbenzenesulfonate, Cocamide MEA, Dimethicone, Amodimethicone, Laureth-23, Polyquaternium-10 Laureth-4, Glycerin, Parfum, Guar Hydroxypropyltrimonium Chloride, Sodium Benzoate, Sodium Metabisulfite, Disodium EDTA, Methylchloroisothiazolinone and Methylisothiazolinone, Xantan Fum, Cicer Arietinum Seed Extract, Terminalia Belerica Fruit Extract, Butylphenyl Methylpropional, Linalool, Geraniol, Alpha Isomethyl Ionone, Hexyl Cinnamal, Coumarin.<\/p>\n<p>Our range of hair care products is formulated from herbal extracts, naturally rich in proteins, carefully selected to offer your hair the three essential benefits they need &#8211; strength, nutrition from roots to tips and protection from daily aggressions<\/p>\n<p>Perfect for hair that is dry, frizzy, damaged or weakened by chemical treatment.<br \/>\nA special blend of herbs that repairs, regenerates and permanently protects your hair.<br \/>\nMain botanical components:<br \/>\nChickpea: source of natural protein, strengthens hair<br \/>\nAmla: fortifies hair<br \/>\nBadamier: Repairs and regenerates hair.<br \/>\nLicorice: promotes hair growth<br \/>\nDirections for use: Apply shampoo to wet hair, gently massage and rinse thoroughly.<\/p>\n<p>Ingr\u00e9dients:\u00a0Ingr\u00e9dients:\u00a0Ammonium Lauryl Sulfate, Aqua, Cocamidopropyl Betaine, Sodium Cocoyl Glycinate, Glycol Distearate, Ammonium Xylenesulfonate, Dimethiconol, TEA Dodecylbenzenesulfonate, Cocamide MEA, Dimethicone, Amodimethicone, Laureth-23, Polyquaternium-10 Laureth-4, Glycerin, Parfum, Guar Hydroxypropyltrimonium Chloride, Sodium Benzoate, Sodium Metabisulfite, Disodium EDTA, Methylchloroisothiazolinone and Methylisothiazolinone, Xantan Fum, Cicer Arietinum Seed Extract, Terminalia Belerica Fruit Extract, Butylphenyl Methylpropional, Linalool, Geraniol, Alpha Isomethyl Ionone, Hexyl Cinnamal, Coumarin.<\/p>\n<p>&nbsp;<\/p>\n","protected":false},"excerpt":{"rendered":"<p>Shampooing prot\u00e9in\u00e9 r\u00e9pare et r\u00e9g\u00e9n\u00e8re Himalaya Herbals<\/p>\n<p>Notre gamme de soins capillaires est formul\u00e9e \u00e0 partir extraits d\u2019herbes naturellement riches en prot\u00e9ines soigneusement s\u00e9lectionn\u00e9es pour offrir \u00e0 vos cheveux les trois bienfaits essentiels dont ils ont besoin \u2013 force, nutrition de la racine aux pointes et protection contre les agressions quotidiennes<\/p>\n<p>Parfait pour les cheveux secs, cr\u00e9pus , abim\u00e9s ou fragilis\u00e9s par les traitement chimique.<br \/>\nUn m\u00e9lange sp\u00e9cial d&rsquo;herbes qui r\u00e9pare, r\u00e9g\u00e9n\u00e8re et prot\u00e8ge durablement vos cheveux.<\/p>\n<p>Principaux composants botaniques:<\/p>\n<p>Pois chiche: source de prot\u00e9ines naturelles, renforce les cheveux<br \/>\nAmla : fortifie les cheveux<br \/>\nBadamier : r\u00e9pare et r\u00e9g\u00e9n\u00e8re les cheveux .<br \/>\nR\u00e9glisse : favorise la croissance du cheveu<\/p>\n<p>Conseils d\u2019utilisation\u00a0: Appliquer le shampooing sur cheveux mouill\u00e9s, masser d\u00e9licatement et\u00a0\u00a0rincer soigneusement.<\/p>\n<p>Ingr\u00e9dients:\u00a0Ammonium Lauryl Sulfate, Aqua, Cocamidopropyl Betaine, Sodium Cocoyl Glycinate, Glycol Distearate, Ammonium Xylenesulfonate, Dimethiconol, TEA Dodecylbenzenesulfonate, Cocamide MEA, Dimethicone, Amodimethicone, Laureth-23, Polyquaternium-10 Laureth-4, Glycerin, Parfum, Guar Hydroxypropyltrimonium Chloride, Sodium Benzoate, Sodium Metabisulfite, Disodium EDTA, Methylchloroisothiazolinone and Methylisothiazolinone, Xantan Fum, Cicer Arietinum Seed Extract, Terminalia Belerica Fruit Extract, Butylphenyl Methylpropional, Linalool, Geraniol, Alpha Isomethyl Ionone, Hexyl Cinnamal, Coumarin.<\/p>\n<p>Our range of hair care products is formulated from herbal extracts, naturally rich in proteins, carefully selected to offer your hair the three essential benefits they need &#8211; strength, nutrition from roots to tips and protection from daily aggressions<\/p>\n<p>Perfect for hair that is dry, frizzy, damaged or weakened by chemical treatment.<br \/>\nA special blend of herbs that repairs, regenerates and permanently protects your hair.<br \/>\nMain botanical components:<br \/>\nChickpea: source of natural protein, strengthens hair<br \/>\nAmla: fortifies hair<br \/>\nBadamier: Repairs and regenerates hair.<br \/>\nLicorice: promotes hair growth<br \/>\nDirections for use: Apply shampoo to wet hair, gently massage and rinse thoroughly.<\/p>\n<p>Ingr\u00e9dients:\u00a0Ingr\u00e9dients:\u00a0Ammonium Lauryl Sulfate, Aqua, Cocamidopropyl Betaine, Sodium Cocoyl Glycinate, Glycol Distearate, Ammonium Xylenesulfonate, Dimethiconol, TEA Dodecylbenzenesulfonate, Cocamide MEA, Dimethicone, Amodimethicone, Laureth-23, Polyquaternium-10 Laureth-4, Glycerin, Parfum, Guar Hydroxypropyltrimonium Chloride, Sodium Benzoate, Sodium Metabisulfite, Disodium EDTA, Methylchloroisothiazolinone and Methylisothiazolinone, Xantan Fum, Cicer Arietinum Seed Extract, Terminalia Belerica Fruit Extract, Butylphenyl Methylpropional, Linalool, Geraniol, Alpha Isomethyl Ionone, Hexyl Cinnamal, Coumarin.<\/p>\n<p>&nbsp;<\/p>\n","protected":false},"featured_media":2150,"comment_status":"open","ping_status":"closed","template":"","meta":[],"_links":{"self":[{"href":"https:\/\/www.saphy.com\/healthcare-cosmetique\/wp-json\/wp\/v2\/product\/1841"}],"collection":[{"href":"https:\/\/www.saphy.com\/healthcare-cosmetique\/wp-json\/wp\/v2\/product"}],"about":[{"href":"https:\/\/www.saphy.com\/healthcare-cosmetique\/wp-json\/wp\/v2\/types\/product"}],"replies":[{"embeddable":true,"href":"https:\/\/www.saphy.com\/healthcare-cosmetique\/wp-json\/wp\/v2\/comments?post=1841"}],"wp:featuredmedia":[{"embeddable":true,"href":"https:\/\/www.saphy.com\/healthcare-cosmetique\/wp-json\/wp\/v2\/media\/2150"}],"wp:attachment":[{"href":"https:\/\/www.saphy.com\/healthcare-cosmetique\/wp-json\/wp\/v2\/media?parent=1841"}],"curies":[{"name":"wp","href":"https:\/\/api.w.org\/{rel}","templated":true}]}}