{"id":1847,"date":"2015-07-23T16:02:06","date_gmt":"2015-07-23T15:02:06","guid":{"rendered":"https:\/\/www.saphy.com\/healthcare-cosmetique\/?post_type=product&#038;p=1847"},"modified":"2020-08-27T09:00:11","modified_gmt":"2020-08-27T08:00:11","slug":"dentifrice-sensi-reliefhimalaya-herbals","status":"publish","type":"product","link":"https:\/\/www.saphy.com\/healthcare-cosmetique\/produit\/dentifrice-sensi-reliefhimalaya-herbals\/","title":{"rendered":"Dentifrice sensi relief Himalaya Herbals 75ml"},"content":{"rendered":"<p>Dentifrice sensi relief Himalaya Herbals 75ml<\/p>\n<p>Le dentifrice Sensi-Relief d&rsquo;Himalaya Herbals 75 ml\u00a0repose sur la formule v\u00e9g\u00e9tale performante \u00ab\u00a0Advanced Phyto Protection\u00a0\u00bb. A base de plantes et enrichi en extrait d&rsquo;\u00e9pinard, ce dentifrice s&rsquo;attaque \u00e0 la cause profonde de la sensibilit\u00e9 des dents.<\/p>\n<p>Des gencives saines et une bonne hygi\u00e8ne buccale sont la cl\u00e9 pour des dents en bonne sant\u00e9. Les dentifrices Expert-Gencives Himalaya Herbals int\u00e8grent dans leur formulation le Miswak (branche de Salvadore Persica) reconnu depuis des si\u00e8cles pour ses propri\u00e9t\u00e9s astringentes naturelles qui procure \u00e0 vos gencives sant\u00e9 et protection.Chaque produit Himalaya Herbals combine le meilleur de la m\u00e9decine mill\u00e9naire ayurv\u00e9dique aux ann\u00e9es de recherches scientifiques modernes.Dans ce dentifrice, vous retrouverez le miswak, utilis\u00e9 depuis des centaines d&rsquo;ann\u00e9es dans l&rsquo;Ayurv\u00e9da comme brosse \u00e0 dents naturelle<\/p>\n<p>Le dentifrice Sensi-Relief soulage rapidement et durablement la sensibilit\u00e9, prot\u00e8ge l&rsquo;\u00e9mail, renforce les gencives et les maintient en bonne sant\u00e9. Il prot\u00e8ge contre la douleur provoqu\u00e9e par les diff\u00e9rences de temp\u00e9ratures, les aliments et les boissons acides. Il aide \u00e0 minimiser les saignements des gencives et \u00e0 pr\u00e9venir les inflammations. Enfin, il garantit durablement une haleine fra\u00eeche.<\/p>\n<p>Principaux composants botaniques:<br \/>\nMiswak qui aide \u00e0 pr\u00e9venir les infections et les saignements des gencives. \u00c9pinard qui lutte contre la sensibilit\u00e9 des dents.<br \/>\nAmande, astringent naturel, qui renforce les gencives.<br \/>\nMenthol qui garantit une haleine fra\u00eeche durable.<\/p>\n<p>Ingr\u00e9dients:\u00a0Sorbitol, Aqua, Hydrated Silica, Glycerin, Potassium Nitrate, Sodium Lauryl Sulphate, Titanium Dioxide, Xanthan Gum, Aroma, Prunus Amygdalus Dulcis Shell Extract, Salvadora Persica Stem extract, Silica, sodium Saccharin, Sodium Benzouate, Potassium Sorbate, Menthol, Spinacea Oleracea Leaf Extract, Citric Acid<\/p>\n<p>Sans fluor<\/p>\n<p>Himalaya Herbals Sensi-Relief Toothpaste 75 ml is based on the advanced plant formula \u00ab\u00a0Advanced Phyto Protection\u00a0\u00bb. Herbal and enriched with spinach extract, this toothpaste attacks the root cause of the sensitivity of the teeth.<br \/>\nHealthy gums and good oral hygiene are the key to healthy teeth. Expert-Gums Himalaya Herbals incorporate Miswak (branch of Salvadore Persica) recognized for centuries for its natural astringent properties that provides your gums with health and protection. Each product Himalaya Herbals combines the best of Ayurvedic millennial medicine with Years of modern scientific research. In this toothpaste, you will find the miswak, used for hundreds of years in Ayurveda as a natural toothbrush<br \/>\nSensi-Relief toothpaste relieves sensitivity quickly and permanently, protects the enamel, strengthens the gums and keeps them healthy. It protects against pain caused by differences in temperatures, foods and acidic beverages. It helps to minimize bleeding gums and prevent inflammation. Lastly, it guarantees a lasting breath.<br \/>\nMain botanical components:<br \/>\nMiswak that helps prevent infections and bleeding gums. Spinach that fights against the sensitivity of teeth.<br \/>\nAlmond, natural astringent, which strengthens the gums.<br \/>\nMenthol that guarantees a lasting fresh breath.<br \/>\nWithout fluorine<\/p>\n<p>Ingr\u00e9dients:\u00a0Sorbitol, Aqua, Hydrated Silica, Glycerin, Potassium Nitrate, Sodium Lauryl Sulphate, Titanium Dioxide, Xanthan Gum, Aroma, Prunus Amygdalus Dulcis Shell Extract, Salvadora Persica Stem extract, Silica, sodium Saccharin, Sodium Benzouate, Potassium Sorbate, Menthol, Spinacea Oleracea Leaf Extract, Citric Acid<\/p>\n<p>&nbsp;<\/p>\n","protected":false},"excerpt":{"rendered":"<p>Dentifrice sensi relief Himalaya Herbals 75ml<\/p>\n<p>Le dentifrice Sensi-Relief d&rsquo;Himalaya Herbals 75 ml\u00a0repose sur la formule v\u00e9g\u00e9tale performante \u00ab\u00a0Advanced Phyto Protection\u00a0\u00bb. A base de plantes et enrichi en extrait d&rsquo;\u00e9pinard, ce dentifrice s&rsquo;attaque \u00e0 la cause profonde de la sensibilit\u00e9 des dents.<\/p>\n<p>Des gencives saines et une bonne hygi\u00e8ne buccale sont la cl\u00e9 pour des dents en bonne sant\u00e9. Les dentifrices Expert-Gencives Himalaya Herbals int\u00e8grent dans leur formulation le Miswak (branche de Salvadore Persica) reconnu depuis des si\u00e8cles pour ses propri\u00e9t\u00e9s astringentes naturelles qui procure \u00e0 vos gencives sant\u00e9 et protection.Chaque produit Himalaya Herbals combine le meilleur de la m\u00e9decine mill\u00e9naire ayurv\u00e9dique aux ann\u00e9es de recherches scientifiques modernes.Dans ce dentifrice, vous retrouverez le miswak, utilis\u00e9 depuis des centaines d&rsquo;ann\u00e9es dans l&rsquo;Ayurv\u00e9da comme brosse \u00e0 dents naturelle<\/p>\n<p>Le dentifrice Sensi-Relief soulage rapidement et durablement la sensibilit\u00e9, prot\u00e8ge l&rsquo;\u00e9mail, renforce les gencives et les maintient en bonne sant\u00e9. Il prot\u00e8ge contre la douleur provoqu\u00e9e par les diff\u00e9rences de temp\u00e9ratures, les aliments et les boissons acides. Il aide \u00e0 minimiser les saignements des gencives et \u00e0 pr\u00e9venir les inflammations. Enfin, il garantit durablement une haleine fra\u00eeche.<\/p>\n<p>Principaux composants botaniques:<br \/>\nMiswak qui aide \u00e0 pr\u00e9venir les infections et les saignements des gencives. \u00c9pinard qui lutte contre la sensibilit\u00e9 des dents.<br \/>\nAmande, astringent naturel, qui renforce les gencives.<br \/>\nMenthol qui garantit une haleine fra\u00eeche durable.<\/p>\n<p>Ingr\u00e9dients:\u00a0Sorbitol, Aqua, Hydrated Silica, Glycerin, Potassium Nitrate, Sodium Lauryl Sulphate, Titanium Dioxide, Xanthan Gum, Aroma, Prunus Amygdalus Dulcis Shell Extract, Salvadora Persica Stem extract, Silica, sodium Saccharin, Sodium Benzouate, Potassium Sorbate, Menthol, Spinacea Oleracea Leaf Extract, Citric Acid<\/p>\n<p>Sans fluor<\/p>\n<p>Himalaya Herbals Sensi-Relief Toothpaste 75 ml is based on the advanced plant formula \u00ab\u00a0Advanced Phyto Protection\u00a0\u00bb. Herbal and enriched with spinach extract, this toothpaste attacks the root cause of the sensitivity of the teeth.<br \/>\nHealthy gums and good oral hygiene are the key to healthy teeth. Expert-Gums Himalaya Herbals incorporate Miswak (branch of Salvadore Persica) recognized for centuries for its natural astringent properties that provides your gums with health and protection. Each product Himalaya Herbals combines the best of Ayurvedic millennial medicine with Years of modern scientific research. In this toothpaste, you will find the miswak, used for hundreds of years in Ayurveda as a natural toothbrush<br \/>\nSensi-Relief toothpaste relieves sensitivity quickly and permanently, protects the enamel, strengthens the gums and keeps them healthy. It protects against pain caused by differences in temperatures, foods and acidic beverages. It helps to minimize bleeding gums and prevent inflammation. Lastly, it guarantees a lasting breath.<br \/>\nMain botanical components:<br \/>\nMiswak that helps prevent infections and bleeding gums. Spinach that fights against the sensitivity of teeth.<br \/>\nAlmond, natural astringent, which strengthens the gums.<br \/>\nMenthol that guarantees a lasting fresh breath.<br \/>\nWithout fluorine<\/p>\n<p>Ingr\u00e9dients:\u00a0Sorbitol, Aqua, Hydrated Silica, Glycerin, Potassium Nitrate, Sodium Lauryl Sulphate, Titanium Dioxide, Xanthan Gum, Aroma, Prunus Amygdalus Dulcis Shell Extract, Salvadora Persica Stem extract, Silica, sodium Saccharin, Sodium Benzouate, Potassium Sorbate, Menthol, Spinacea Oleracea Leaf Extract, Citric Acid<\/p>\n<p>&nbsp;<\/p>\n","protected":false},"featured_media":4032,"comment_status":"open","ping_status":"closed","template":"","meta":[],"_links":{"self":[{"href":"https:\/\/www.saphy.com\/healthcare-cosmetique\/wp-json\/wp\/v2\/product\/1847"}],"collection":[{"href":"https:\/\/www.saphy.com\/healthcare-cosmetique\/wp-json\/wp\/v2\/product"}],"about":[{"href":"https:\/\/www.saphy.com\/healthcare-cosmetique\/wp-json\/wp\/v2\/types\/product"}],"replies":[{"embeddable":true,"href":"https:\/\/www.saphy.com\/healthcare-cosmetique\/wp-json\/wp\/v2\/comments?post=1847"}],"wp:featuredmedia":[{"embeddable":true,"href":"https:\/\/www.saphy.com\/healthcare-cosmetique\/wp-json\/wp\/v2\/media\/4032"}],"wp:attachment":[{"href":"https:\/\/www.saphy.com\/healthcare-cosmetique\/wp-json\/wp\/v2\/media?parent=1847"}],"curies":[{"name":"wp","href":"https:\/\/api.w.org\/{rel}","templated":true}]}}