{"id":1931,"date":"2015-11-16T15:57:33","date_gmt":"2015-11-16T14:57:33","guid":{"rendered":"https:\/\/www.saphy.com\/healthcare-cosmetique\/?post_type=product&#038;p=1931"},"modified":"2022-03-03T13:15:52","modified_gmt":"2022-03-03T12:15:52","slug":"lait-hydratant-intensif-au-beurre-de-cacaohimalaya-herbals","status":"publish","type":"product","link":"https:\/\/www.saphy.com\/healthcare-cosmetique\/produit\/lait-hydratant-intensif-au-beurre-de-cacaohimalaya-herbals\/","title":{"rendered":"Lait hydratant intensif au beurre de  cacao Himalaya Herbals 400ml"},"content":{"rendered":"<p>Lait hydratant intensif au beurre de cacao Himalaya Herbals 400ml<\/p>\n<p>Depuis 1930, Himalaya puise et exploite pour vous les tr\u00e9sors de la m\u00e9decine ayurv\u00e9dique vieille de 5000 ans ! Des recherches approfondies sur les plantes du monde entier ont \u00e9t\u00e9 men\u00e9es par ses experts. Celles-ci ont abouti \u00e0 une s\u00e9lection d\u2019ingr\u00e9dients enti\u00e8rement naturels dont les bienfaits sont av\u00e9r\u00e9s sur la sant\u00e9 et la beaut\u00e9 Himalaya a su combiner cet immense savoir traditionnel avec les techniques modernes afin de cr\u00e9er les combinaisons parfaitement adapt\u00e9es aux besoins de l\u2019homme contemporain. Gr\u00e2ce \u00e0 l&rsquo;engagement de plus de 2000 collaborateurs, dont une \u00e9quipe de 100 chercheurs, Himalaya Herbals est une soci\u00e9t\u00e9 pl\u00e9biscit\u00e9e dans plus de 90 pays \u00e0 travers le monde .<\/p>\n<p>Hydrate en profondeur , nourrit et r\u00e9pare la peau<br \/>\nLe lait corps au beurre de cacao est particuli\u00e8rement formul\u00e9 pour la peau s\u00e8che.<br \/>\nIl hydrate intens\u00e9ment, adoucit et r\u00e9pare votre peau.<\/p>\n<p>Principaux composants botaniques:<\/p>\n<p>L\u2019huile de germe de bl\u00e9 assouplit la peau qui retrouve son \u00e9lasticit\u00e9.<br \/>\nLe beurre de cacao r\u00e9pare et nourrit les peaux les plus s\u00e8ches.<\/p>\n<p>400 ml<\/p>\n<p>Ingr\u00e9dients:\u00a0Aqua, caprylic\/capric triglyceride, glycerin, isopropyl myristate, cetyl alcohol,, glyceryl stearate SEn cetearyl alcohol &amp; cetearyl glucoside, dimethicone, stearic acid, theobroma cacao (cocoa) seed butter, parfum, phenoxyethanol, sodium hydroxide, pethylparaben, carbomer, acrylates, alkyl acrylate crosspolymer, propylbaraben, tocopheryl acetate, disodium EDTA, triticum vulgare (wheat) germ oil, caramel, bezyl benzoate, limonene, coumarin, benzyl alcohol, benzyl salicylate, linalool.<\/p>\n<p>Intensive Moisturizing Milk with Cocoa Butter Himalaya Herbals<\/p>\n<p>Since 1930, Himalaya draws and exploits for you the treasures of Ayurvedic medicine 5000 years old! Extensive research on plants around the world has been conducted by its experts. These have resulted in a selection of all natural ingredients whose benefits are proven to health and beauty Himalaya has combined this immense traditional knowledge with modern techniques to create combinations perfectly suited to the needs of contemporary man . Thanks to the commitment of more than 2,000 collaborators, including a team of 100 researchers, Himalaya Herbals is a company acclaimed in more than 90 countries around the world.<\/p>\n<p>Moisturizes deeply, nourishes and repairs the skin<br \/>\nBody milk with cocoa butter is especially formulated for dry skin.<br \/>\nIt intensely moisturizes, softens and repairs your skin.<br \/>\nMain botanical components:<br \/>\nWheat germ oil softens the skin that regains its elasticity.<br \/>\nCocoa butter repairs and nourishes the driest skin.<br \/>\n200 ml<\/p>\n<p>Ingr\u00e9dients:\u00a0Aqua, caprylic\/capric triglyceride, glycerin, isopropyl myristate, cetyl alcohol,, glyceryl stearate SEn cetearyl alcohol &amp; cetearyl glucoside, dimethicone, stearic acid, theobroma cacao (cocoa) seed butter, parfum, phenoxyethanol, sodium hydroxide, pethylparaben, carbomer, acrylates\/C10-30 alkyl acrylate crosspolymer, propylbaraben, tocopheryl acetate, disodium EDTA, triticum vulgare (wheat) germ oil, caramel, bezyl benzoate, limonene, coumarin, benzyl alcohol, benzyl salicylate, linalool.<\/p>\n<p>&nbsp;<\/p>\n","protected":false},"excerpt":{"rendered":"<p>Lait hydratant intensif au beurre de cacao Himalaya Herbals<\/p>\n<p>Depuis 1930, Himalaya puise et exploite pour vous les tr\u00e9sors de la m\u00e9decine ayurv\u00e9dique vieille de 5000 ans ! Des recherches approfondies sur les plantes du monde entier ont \u00e9t\u00e9 men\u00e9es par ses experts. Celles-ci ont abouti \u00e0 une s\u00e9lection d\u2019ingr\u00e9dients enti\u00e8rement naturels dont les bienfaits sont av\u00e9r\u00e9s sur la sant\u00e9 et la beaut\u00e9 Himalaya a su combiner cet immense savoir traditionnel avec les techniques modernes afin de cr\u00e9er les combinaisons parfaitement adapt\u00e9es aux besoins de l\u2019homme contemporain. Gr\u00e2ce \u00e0 l&rsquo;engagement de plus de 2000 collaborateurs, dont une \u00e9quipe de 100 chercheurs, Himalaya Herbals est une soci\u00e9t\u00e9 pl\u00e9biscit\u00e9e dans plus de 90 pays \u00e0 travers le monde et de plus de 100.000 m\u00e9decins y prescrivent nos produits.<\/p>\n<p>Hydrate en profondeur , nourrit et r\u00e9pare la peau<br \/>\nLe lait corps au beurre de cacao est particuli\u00e8rement formul\u00e9 pour la peau s\u00e8che.<br \/>\nIl hydrate intens\u00e9ment, adoucit et r\u00e9pare votre peau.<\/p>\n<p>Principaux composants botaniques:<\/p>\n<p>L\u2019huile de germe de bl\u00e9 assouplit la peau qui retrouve son \u00e9lasticit\u00e9.<br \/>\nLe beurre de cacao r\u00e9pare et nourrit les peaux les plus s\u00e8ches.<\/p>\n<p>200 ml<\/p>\n<p>Ingr\u00e9dients:\u00a0Aqua, caprylic\/capric triglyceride, glycerin, isopropyl myristate, cetyl alcohol,, glyceryl stearate SEn cetearyl alcohol &amp; cetearyl glucoside, dimethicone, stearic acid, theobroma cacao (cocoa) seed butter, parfum, phenoxyethanol, sodium hydroxide, pethylparaben, carbomer, acrylates, alkyl acrylate crosspolymer, propylbaraben, tocopheryl acetate, disodium EDTA, triticum vulgare (wheat) germ oil, caramel, bezyl benzoate, limonene, coumarin, benzyl alcohol, benzyl salicylate, linalool.<\/p>\n<p>Intensive Moisturizing Milk with Cocoa Butter Himalaya Herbals<\/p>\n<p>Since 1930, Himalaya draws and exploits for you the treasures of Ayurvedic medicine 5000 years old! Extensive research on plants around the world has been conducted by its experts. These have resulted in a selection of all natural ingredients whose benefits are proven to health and beauty Himalaya has combined this immense traditional knowledge with modern techniques to create combinations perfectly suited to the needs of contemporary man . Thanks to the commitment of more than 2,000 collaborators, including a team of 100 researchers, Himalaya Herbals is a company acclaimed in more than 90 countries around the world and more than 100,000 doctors prescribe our products.<\/p>\n<p>Moisturizes deeply, nourishes and repairs the skin<br \/>\nBody milk with cocoa butter is especially formulated for dry skin.<br \/>\nIt intensely moisturizes, softens and repairs your skin.<br \/>\nMain botanical components:<br \/>\nWheat germ oil softens the skin that regains its elasticity.<br \/>\nCocoa butter repairs and nourishes the driest skin.<br \/>\n200 ml<\/p>\n<p>Ingr\u00e9dients:\u00a0Aqua, caprylic\/capric triglyceride, glycerin, isopropyl myristate, cetyl alcohol,, glyceryl stearate SEn cetearyl alcohol &amp; cetearyl glucoside, dimethicone, stearic acid, theobroma cacao (cocoa) seed butter, parfum, phenoxyethanol, sodium hydroxide, pethylparaben, carbomer, acrylates\/C10-30 alkyl acrylate crosspolymer, propylbaraben, tocopheryl acetate, disodium EDTA, triticum vulgare (wheat) germ oil, caramel, bezyl benzoate, limonene, coumarin, benzyl alcohol, benzyl salicylate, linalool.<\/p>\n","protected":false},"featured_media":5042,"comment_status":"open","ping_status":"closed","template":"","meta":[],"_links":{"self":[{"href":"https:\/\/www.saphy.com\/healthcare-cosmetique\/wp-json\/wp\/v2\/product\/1931"}],"collection":[{"href":"https:\/\/www.saphy.com\/healthcare-cosmetique\/wp-json\/wp\/v2\/product"}],"about":[{"href":"https:\/\/www.saphy.com\/healthcare-cosmetique\/wp-json\/wp\/v2\/types\/product"}],"replies":[{"embeddable":true,"href":"https:\/\/www.saphy.com\/healthcare-cosmetique\/wp-json\/wp\/v2\/comments?post=1931"}],"wp:featuredmedia":[{"embeddable":true,"href":"https:\/\/www.saphy.com\/healthcare-cosmetique\/wp-json\/wp\/v2\/media\/5042"}],"wp:attachment":[{"href":"https:\/\/www.saphy.com\/healthcare-cosmetique\/wp-json\/wp\/v2\/media?parent=1931"}],"curies":[{"name":"wp","href":"https:\/\/api.w.org\/{rel}","templated":true}]}}