{"id":1967,"date":"2015-11-24T13:00:23","date_gmt":"2015-11-24T12:00:23","guid":{"rendered":"https:\/\/www.saphy.com\/healthcare-cosmetique\/?post_type=product&#038;p=1967"},"modified":"2023-07-12T10:24:01","modified_gmt":"2023-07-12T09:24:01","slug":"apres-shampooing-repare-et-regenere-200-mlhimalaya-herbals","status":"publish","type":"product","link":"https:\/\/www.saphy.com\/healthcare-cosmetique\/produit\/apres-shampooing-repare-et-regenere-200-mlhimalaya-herbals\/","title":{"rendered":"Apr\u00e8s shampooing r\u00e9pare et r\u00e9g\u00e9n\u00e8re Himalaya Herbals"},"content":{"rendered":"<p>Apr\u00e8s shampooing r\u00e9pare et r\u00e9g\u00e9n\u00e8re Himalaya Herbals<\/p>\n<p>Notre gamme de soins capillaires est formul\u00e9e \u00e0 partir extraits d\u2019herbes naturellement riches en prot\u00e9ines soigneusement s\u00e9lectionn\u00e9es pour offrir \u00e0 vos cheveux les trois bienfaits essentiels dont ils ont besoin \u2013 force, nutrition de la racine aux pointes et protection contre les agressions quotidiennes<\/p>\n<p>Un m\u00e9lange sp\u00e9cifique d&rsquo;herbes qui r\u00e9pare, r\u00e9g\u00e9n\u00e8re et prot\u00e8ge durablement vos cheveux. Parfait pour les cheveux secs, cr\u00e9pus, abim\u00e9s ou fragilis\u00e9s par les traitements chimiques.<\/p>\n<p>Principaux composants botaniques:<\/p>\n<p>Aloe vera : Nourrit ,hydrate et prot\u00e8ge<br \/>\nAchil\u00e9e : D\u00e9m\u00e8le naturellement les cheveux<br \/>\nPois chiche : Source de prot\u00e9ines<\/p>\n<p>Conseils d\u2019utilisation\u00a0: Appliquer apr\u00e8s le shampooing sur cheveux mouill\u00e9s. D\u00e9m\u00ealez d\u00e9licatement vos cheveux et rincer soigneusement.<\/p>\n<p>Ingr\u00e9dients:\u00a0Aqua, cetearyl alcohol, amodimethicone and trideceth-12 &amp; cetrimonium chloride, behentrimonium chloride, glyceryl stearate SE, cetearyl alcohol &amp; PEG-20 stearate, cicer arietinum seed extract, aloe barbadensis leaf extract, parfum, achillea millefolium extract, phaseolus radiatus seed extract, glycine soja seed extract, pisum sativum seed extract, methylparaben, propylparaben, tetrasodium EDTA, benzyl salicylate, hexyl cinnamal, limonene, linalool and butylphenyl methylpropional<\/p>\n<p>Our range of hair care products is formulated from herbal extracts, naturally rich in proteins, carefully selected to offer your hair the three essential benefits they need &#8211; strength, nutrition from roots to tips and protection from daily aggressions<br \/>\nA specific blend of herbs that repairs, regenerates and permanently protects your hair. Perfect for hair that is dry, frizzy, damaged or weakened by chemical treatments.<br \/>\nMain botanical components:<br \/>\nAloe vera: Nourishes, hydrates and protects<br \/>\nAchilee: Naturally breaks hair<br \/>\nChickpea: Protein source<br \/>\nDirections for use: Apply after shampooing on wet hair. Gently cleanse your hair and rinse thoroughly<\/p>\n<p>Ingr\u00e9dients:\u00a0Aqua, cetearyl alcohol, amodimethicone and trideceth-12 &amp; cetrimonium chloride, behentrimonium chloride, glyceryl stearate SE, cetearyl alcohol &amp; PEG-20 stearate, cicer arietinum seed extract, aloe barbadensis leaf extract, parfum, achillea millefolium extract, phaseolus radiatus seed extract, glycine soja seed extract, pisum sativum seed extract, methylparaben, propylparaben, tetrasodium EDTA, benzyl salicylate, hexyl cinnamal, limonene, linalool and butylphenyl methylpropional<\/p>\n<p>&nbsp;<\/p>\n","protected":false},"excerpt":{"rendered":"<p>Apr\u00e8s shampooing r\u00e9pare et r\u00e9g\u00e9n\u00e8re Himalaya Herbals<\/p>\n<p>Notre gamme de soins capillaires est formul\u00e9e \u00e0 partir extraits d\u2019herbes naturellement riches en prot\u00e9ines soigneusement s\u00e9lectionn\u00e9es pour offrir \u00e0 vos cheveux les trois bienfaits essentiels dont ils ont besoin \u2013 force, nutrition de la racine aux pointes et protection contre les agressions quotidiennes<\/p>\n<p>Un m\u00e9lange sp\u00e9cifique d&rsquo;herbes qui r\u00e9pare, r\u00e9g\u00e9n\u00e8re et prot\u00e8ge durablement vos cheveux. Parfait pour les cheveux secs, cr\u00e9pus, abim\u00e9s ou fragilis\u00e9s par les traitements chimiques.<\/p>\n<p>Principaux composants botaniques:<\/p>\n<p>Aloe vera : Nourrit ,hydrate et prot\u00e8ge<br \/>\nAchil\u00e9e : D\u00e9m\u00e8le naturellement les cheveux<br \/>\nPois chiche : Source de prot\u00e9ines<\/p>\n<p>Conseils d\u2019utilisation\u00a0: Appliquer apr\u00e8s le shampooing sur cheveux mouill\u00e9s. D\u00e9m\u00ealez d\u00e9licatement vos cheveux et rincer soigneusement.<\/p>\n<p>Ingr\u00e9dients:\u00a0Aqua, cetearyl alcohol, amodimethicone and trideceth-12 &amp; cetrimonium chloride, behentrimonium chloride, glyceryl stearate SE, cetearyl alcohol &amp; PEG-20 stearate, cicer arietinum seed extract, aloe barbadensis leaf extract, parfum, achillea millefolium extract, phaseolus radiatus seed extract, glycine soja seed extract, pisum sativum seed extract, methylparaben, propylparaben, tetrasodium EDTA, benzyl salicylate, hexyl cinnamal, limonene, linalool and butylphenyl methylpropional<\/p>\n<p>Our range of hair care products is formulated from herbal extracts, naturally rich in proteins, carefully selected to offer your hair the three essential benefits they need &#8211; strength, nutrition from roots to tips and protection from daily aggressions<br \/>\nA specific blend of herbs that repairs, regenerates and permanently protects your hair. Perfect for hair that is dry, frizzy, damaged or weakened by chemical treatments.<br \/>\nMain botanical components:<br \/>\nAloe vera: Nourishes, hydrates and protects<br \/>\nAchilee: Naturally breaks hair<br \/>\nChickpea: Protein source<br \/>\nDirections for use: Apply after shampooing on wet hair. Gently cleanse your hair and rinse thoroughly<\/p>\n<p>Ingr\u00e9dients:\u00a0Aqua, cetearyl alcohol, amodimethicone and trideceth-12 &amp; cetrimonium chloride, behentrimonium chloride, glyceryl stearate SE, cetearyl alcohol &amp; PEG-20 stearate, cicer arietinum seed extract, aloe barbadensis leaf extract, parfum, achillea millefolium extract, phaseolus radiatus seed extract, glycine soja seed extract, pisum sativum seed extract, methylparaben, propylparaben, tetrasodium EDTA, benzyl salicylate, hexyl cinnamal, limonene, linalool and butylphenyl methylpropional<\/p>\n<p>&nbsp;<\/p>\n","protected":false},"featured_media":4381,"comment_status":"open","ping_status":"closed","template":"","meta":[],"_links":{"self":[{"href":"https:\/\/www.saphy.com\/healthcare-cosmetique\/wp-json\/wp\/v2\/product\/1967"}],"collection":[{"href":"https:\/\/www.saphy.com\/healthcare-cosmetique\/wp-json\/wp\/v2\/product"}],"about":[{"href":"https:\/\/www.saphy.com\/healthcare-cosmetique\/wp-json\/wp\/v2\/types\/product"}],"replies":[{"embeddable":true,"href":"https:\/\/www.saphy.com\/healthcare-cosmetique\/wp-json\/wp\/v2\/comments?post=1967"}],"wp:featuredmedia":[{"embeddable":true,"href":"https:\/\/www.saphy.com\/healthcare-cosmetique\/wp-json\/wp\/v2\/media\/4381"}],"wp:attachment":[{"href":"https:\/\/www.saphy.com\/healthcare-cosmetique\/wp-json\/wp\/v2\/media?parent=1967"}],"curies":[{"name":"wp","href":"https:\/\/api.w.org\/{rel}","templated":true}]}}