{"id":2032,"date":"2015-12-28T10:58:15","date_gmt":"2015-12-28T09:58:15","guid":{"rendered":"https:\/\/www.saphy.com\/healthcare-cosmetique\/?post_type=product&#038;p=2032"},"modified":"2023-04-21T15:05:03","modified_gmt":"2023-04-21T14:05:03","slug":"rumalaya-gel-30-ghimalaya-herbals","status":"publish","type":"product","link":"https:\/\/www.saphy.com\/healthcare-cosmetique\/produit\/rumalaya-gel-30-ghimalaya-herbals\/","title":{"rendered":"Rumalaya Gel Himalaya Herbals"},"content":{"rendered":"<p>Rumalaya Gel Himalaya Herbals<\/p>\n<p>RUMALAYA GEL HIMALAYA HERBALS<\/p>\n<p>Rumalaya Gel &#x2122; est une application topique \u00e0 base de plantes utilis\u00e9es en ayurveda pour aider \u00e0 soulager les douleurs .<\/p>\n<p>Principaux composants botaniques:<br \/>\n\u2022 Vitex (Vitex negundo)<br \/>\n\u2022 C\u00e8dre de l&rsquo;Himalaya (Cedrus deodara)<br \/>\n\u2022 Ginger (Zingiber officinale)<br \/>\n\u2022 Boswellia (Boswellia serrata)<br \/>\n\u2022 Menthe (Mentha arvensis)<br \/>\n\u2022 Cannelle (Cinnamomum zeylanicum)<br \/>\n\u2022 Pin (Pinus roxburghii)<br \/>\n\u2022 Gaultheria (Gaultheria fragrantissima)<\/p>\n<p>Conseil d&rsquo;utilisation:<br \/>\nA appliquer sur la zone concern\u00e9e 3\u00e0 4 fois par jour.<br \/>\nUsage externe uniquement.<br \/>\n________________________________________<\/p>\n<p>Ingr\u00e9dients:<br \/>\nAqua, Mentha arvensis extract, Gaultheria Procumbens leaf oil, Pinus roxburghii oil, Cetostearyl alcohol, Propylene glycol, Cinnamomum zeylanicum, bark oil, Noigen CS 1000, Cetyl Palmitate, Transcutol-P, vitex negundo extract, Cedrus deodara wood extract, Zingiber officinalis rhizome extract, Boswellia serreta resin extract, Triethanolamine, Carbopol 940, Methylparaben, Propylparaben<\/p>\n<p>&nbsp;<\/p>\n<p>Himalaya Herbals Rumalaya Gel<br \/>\nRumalaya Gel is a powerful multi-action topical application, which has powerful analgesic and anti-inflammatory effects that provide rapid relief of pain.<br \/>\nAction: Analgesic and anti-inflammatory that provides quick relief of pain<br \/>\nRumalaya Gel &#x2122; provides good absorption through the skin and restores joint mobility.<br \/>\nindications:<br \/>\nPain and inflammation due to musculoskeletal injuries such as sprains, strains, capsulitis, tendinitis and bursitis.<br \/>\nJoint and muscle pain Back, neck, shoulder, hip and knee<br \/>\nMuscle stiffness and sports injuries.<br \/>\nArthralgia related to osteoarthritis, cervical and lumbar osteoarthritis, sciatica and low back pain.<br \/>\nRheumatoid arthritis<br \/>\nosteoarthritis<br \/>\nCervical and lumbar spondylosis<br \/>\nFibrositis, bursitis, synovitis, capsulitis, tenosynovitis, myositis<br \/>\narthralgia<br \/>\nSciatica<br \/>\n\u00ab\u00a0Shoulder frozen\u00a0\u00bb capsulite shoulder.<br \/>\nMain botanical components:<br \/>\nVitex (Vitex negundo)<br \/>\nHimalayan Cedar (Cedrus deodara)<br \/>\nGinger (Zingiber officinale)<br \/>\nBoswellia (Boswellia serrata)<br \/>\nMint (Mentha arvensis)<br \/>\nCinnamon (Cinnamomum zeylanicum)<br \/>\nPine (Pinus roxburghii)<br \/>\nGaultheria (Gaultheria fragrantissima)<br \/>\nUsing advice:<br \/>\nTo be applied on the affected area 3 to 4 times a day.<br \/>\nExternal use only<\/p>\n<p><span style=\"display: inline !important; float: none; background-color: transparent; color: #333333; cursor: text; font-family: Georgia,'Times New Roman','Bitstream Charter',Times,serif; font-size: 16px; font-style: normal; font-variant: normal; font-weight: 400; letter-spacing: normal; orphans: 2; text-align: left; text-decoration: none; text-indent: 0px; text-transform: none; -webkit-text-stroke-width: 0px; white-space: normal; word-spacing: 0px;\">Ingr\u00e9dients:\u00a0Aqua, Mentha arvensis extract, Gaultheria Procumbens leaf oil, Pinus roxburghii oil, Cetostearyl alcohol, Propylene glycol, Cinnamomum zeylanicum, bark oil, Noigen CS 1000, Cetyl Palmitate, Transcutol-P, vitex negundo extract, Cedrus deodara wood extract, Zingiber officinalis rhizome extract, Boswellia serreta resin extract, Triethanolamine, Carbopol 940, Methylparaben, Propylparaben<\/span><\/p>\n","protected":false},"excerpt":{"rendered":"<p>RUMALAYA GEL HIMALAYA HERBALS<\/p>\n<p>Rumalaya Gel &#x2122; est une application topique \u00e0 base de plantes utilis\u00e9es en ayurveda pour aider \u00e0 soulager les douleurs .<\/p>\n<p>Principaux composants botaniques:<br \/>\n\u2022 Vitex (Vitex negundo)<br \/>\n\u2022 C\u00e8dre de l&rsquo;Himalaya (Cedrus deodara)<br \/>\n\u2022 Ginger (Zingiber officinale)<br \/>\n\u2022 Boswellia (Boswellia serrata)<br \/>\n\u2022 Menthe (Mentha arvensis)<br \/>\n\u2022 Cannelle (Cinnamomum zeylanicum)<br \/>\n\u2022 Pin (Pinus roxburghii)<br \/>\n\u2022 Gaultheria (Gaultheria fragrantissima)<\/p>\n<p>Conseil d&rsquo;utilisation:<br \/>\nA appliquer sur la zone concern\u00e9e 3\u00e0 4 fois par jour.<br \/>\nUsage externe uniquement.<br \/>\n________________________________________<\/p>\n<p>Ingr\u00e9dients:<br \/>\nAqua, Mentha arvensis extract, Gaultheria Procumbens leaf oil, Pinus roxburghii oil, Cetostearyl alcohol, Propylene glycol, Cinnamomum zeylanicum, bark oil, Noigen CS 1000, Cetyl Palmitate, Transcutol-P, vitex negundo extract, Cedrus deodara wood extract, Zingiber officinalis rhizome extract, Boswellia serreta resin extract, Triethanolamine, Carbopol 940, Methylparaben, Propylparaben<\/p>\n<p>&nbsp;<\/p>\n<p>Himalaya Herbals Rumalaya Gel<\/p>\n<p>Rumalaya Gel is a powerful multi-action topical application, which has powerful analgesic and anti-inflammatory effects that provide rapid relief of pain.<br \/>\nAction: Analgesic and anti-inflammatory that provides quick relief of pain<br \/>\nRumalaya Gel &#x2122; provides good absorption through the skin and restores joint mobility.<br \/>\nindications:<br \/>\nPain and inflammation due to musculoskeletal injuries such as sprains, strains, capsulitis, tendinitis and bursitis.<br \/>\nJoint and muscle pain Back, neck, shoulder, hip and knee<br \/>\nMuscle stiffness and sports injuries.<br \/>\nArthralgia related to osteoarthritis, cervical and lumbar osteoarthritis, sciatica and low back pain.<br \/>\nRheumatoid arthritis<br \/>\nosteoarthritis<br \/>\nCervical and lumbar spondylosis<br \/>\nFibrositis, bursitis, synovitis, capsulitis, tenosynovitis, myositis<br \/>\narthralgia<br \/>\nSciatica<br \/>\n\u00ab\u00a0Shoulder frozen\u00a0\u00bb capsulite shoulder.<br \/>\nMain botanical components:<br \/>\nVitex (Vitex negundo)<br \/>\nHimalayan Cedar (Cedrus deodara)<br \/>\nGinger (Zingiber officinale)<br \/>\nBoswellia (Boswellia serrata)<br \/>\nMint (Mentha arvensis)<br \/>\nCinnamon (Cinnamomum zeylanicum)<br \/>\nPine (Pinus roxburghii)<br \/>\nGaultheria (Gaultheria fragrantissima)<br \/>\nUsing advice:<br \/>\nTo be applied on the affected area 3 to 4 times a day.<br \/>\nExternal use only<\/p>\n<p>Ingr\u00e9dients:\u00a0Aqua, Mentha arvensis extract, Gaultheria Procumbens leaf oil, Pinus roxburghii oil, Cetostearyl alcohol, Propylene glycol, Cinnamomum zeylanicum, bark oil, Noigen CS 1000, Cetyl Palmitate, Transcutol-P, vitex negundo extract, Cedrus deodara wood extract, Zingiber officinalis rhizome extract, Boswellia serreta resin extract, Triethanolamine, Carbopol 940, Methylparaben, Propylparaben<\/p>\n","protected":false},"featured_media":4017,"comment_status":"open","ping_status":"closed","template":"","meta":[],"_links":{"self":[{"href":"https:\/\/www.saphy.com\/healthcare-cosmetique\/wp-json\/wp\/v2\/product\/2032"}],"collection":[{"href":"https:\/\/www.saphy.com\/healthcare-cosmetique\/wp-json\/wp\/v2\/product"}],"about":[{"href":"https:\/\/www.saphy.com\/healthcare-cosmetique\/wp-json\/wp\/v2\/types\/product"}],"replies":[{"embeddable":true,"href":"https:\/\/www.saphy.com\/healthcare-cosmetique\/wp-json\/wp\/v2\/comments?post=2032"}],"wp:featuredmedia":[{"embeddable":true,"href":"https:\/\/www.saphy.com\/healthcare-cosmetique\/wp-json\/wp\/v2\/media\/4017"}],"wp:attachment":[{"href":"https:\/\/www.saphy.com\/healthcare-cosmetique\/wp-json\/wp\/v2\/media?parent=2032"}],"curies":[{"name":"wp","href":"https:\/\/api.w.org\/{rel}","templated":true}]}}