{"id":2251,"date":"2016-04-06T10:54:36","date_gmt":"2016-04-06T09:54:36","guid":{"rendered":"https:\/\/www.saphy.com\/healthcare-cosmetique\/?post_type=product&#038;p=2251"},"modified":"2026-02-26T14:48:16","modified_gmt":"2026-02-26T13:48:16","slug":"huile-de-beaute-fleur-doranger-la-sultane-de-saba","status":"publish","type":"product","link":"https:\/\/www.saphy.com\/healthcare-cosmetique\/produit\/huile-de-beaute-fleur-doranger-la-sultane-de-saba\/","title":{"rendered":"Huile de beaut\u00e9 Fleur d&rsquo;oranger la sultane de saba"},"content":{"rendered":"<div>\n<div>Huile de beaut\u00e9 Fleur d&rsquo;oranger la sultane de saba<\/div>\n<div><\/div>\n<div>Non grasse, et r\u00e9put\u00e9e pour sa qualit\u00e9 particuli\u00e8rement odorante, l\u2019huile de beaut\u00e9 parfume et adoucit aussi bien le corps que les cheveux, en laissant un voile d\u00e9licatement parfum\u00e9 \u00e0\u00a0 la fleur d\u2019oranger. Elle est id\u00e9ale pour faire un massage et parfumer le bain.<\/div>\n<div><\/div>\n<\/div>\n<div class=\"titre niv2\">Composition<\/div>\n<div>\n<div>Huiles v\u00e9g\u00e9tales naturelles (huiles de carotte et de figue de barbarie) \/ extraits de parfum.<br \/>\nSans paraben. Sans conservateur.<\/div>\n<\/div>\n<div class=\"titre niv2\">Conseils d&rsquo;utilisation<\/div>\n<div>\n<div>A utiliser sur le corps, les cheveux, en massage ou dans le bain.<\/div>\n<div><\/div>\n<div>Astuce : pour permettre une hydratation* du corps simple et efficace, verser un bouchon d\u2019huile dans le bain. Plus besoin d\u2019utiliser un lait hydratant* apr\u00e8s le bain, la peau est douce et agr\u00e9able au toucher.<\/div>\n<div><\/div>\n<div>Usage quotidien.<\/div>\n<div>Ingr\u00e9dients: Helianthuus Annuus Seed Oil\/\u00a0<span style=\"display: inline !important; float: none; background-color: transparent; color: #333333; cursor: text; font-family: Georgia,'Times New Roman','Bitstream Charter',Times,serif; font-size: 16px; font-style: normal; font-variant: normal; font-weight: 400; letter-spacing: normal; orphans: 2; text-align: left; text-decoration: none; text-indent: 0px; text-transform: none; -webkit-text-stroke-width: 0px; white-space: normal; word-spacing: 0px;\">Helianthuus Annuus<\/span> (Sunflower) Seed Oil, Opuntia Ficus-Indica Flower Extract, Parfum\/Fragrance, Linalool, Geraniol, Daucus Carota Sativa\/ Daucus Carota Sativa (Carrot) Root Extract, Limonele, Citral<\/div>\n<div><\/div>\n<div>Orange Blossom Beauty Oil The Sultane of Saba<\/p>\n<p>Non-greasy, and known for its particularly fragrant quality, the beauty oil perfumes and softens both the body and the hair, leaving a veil delicately scented with the orange blossom. It is ideal for a massage and perfume the bath.<\/p>\n<p>Composition<br \/>\nNatural vegetable oils (carrot and prickly pear oils)\/fragrance extracts.<br \/>\nNo parabens. No preservatives.<br \/>\nUse Tips<br \/>\nUse on the body, hair, massage or in the bath.<\/p>\n<p>Tip: To allow a simple and effective hydration * of the body, pour an oil stopper into the bath. No need to use moisturizing milk * After the bath, the skin is soft and pleasant to the touch.<\/p>\n<p>Daily use.<\/p><\/div>\n<\/div>\n","protected":false},"excerpt":{"rendered":"<div><\/div>\n<div class=\"titre niv2\">\n<div>\n<div>Huile de beaut\u00e9 Fleur d&rsquo;oranger la sultane de saba<\/div>\n<div><\/div>\n<div>Non grasse, et r\u00e9put\u00e9e pour sa qualit\u00e9 particuli\u00e8rement odorante, l\u2019huile de beaut\u00e9 parfume et adoucit aussi bien le corps que les cheveux, en laissant un voile d\u00e9licatement parfum\u00e9 \u00e0\u00a0 la fleur d\u2019oranger. Elle est id\u00e9ale pour faire un massage et parfumer le bain.<\/div>\n<div><\/div>\n<\/div>\n<div class=\"titre niv2\">Composition<\/div>\n<div>\n<div>Huiles v\u00e9g\u00e9tales naturelles (huiles de carotte et de figue de barbarie) \/ extraits de parfum.<br \/>\nSans paraben. Sans conservateur.<\/div>\n<\/div>\n<div class=\"titre niv2\">Conseils d&rsquo;utilisation<\/div>\n<div>\n<div>A utiliser sur le corps, les cheveux, en massage ou dans le bain.<\/div>\n<div><\/div>\n<div>Astuce : pour permettre une hydratation* du corps simple et efficace, verser un bouchon d\u2019huile dans le bain. Plus besoin d\u2019utiliser un lait hydratant* apr\u00e8s le bain, la peau est douce et agr\u00e9able au toucher.<\/div>\n<div><\/div>\n<div>Usage quotidien.<\/div>\n<div>Ingr\u00e9dients: Helianthuus Annuus Seed Oil\/\u00a0Helianthuus Annuus (Sunflower) Seed Oil, Opuntia Ficus-Indica Flower Extract, Parfum\/Fragrance, Linalool, Geraniol, Daucus Carota Sativa\/ Daucus Carota Sativa (Carrot) Root Extract, Limonele, Citral<\/div>\n<div><\/div>\n<div>Orange Blossom Beauty Oil The Sultane of Saba<\/p>\n<p>Non-greasy, and known for its particularly fragrant quality, the beauty oil perfumes and softens both the body and the hair, leaving a veil delicately scented with the orange blossom. It is ideal for a massage and perfume the bath.<\/p>\n<p>Composition<br \/>\nNatural vegetable oils (carrot and prickly pear oils)\/fragrance extracts.<br \/>\nNo parabens. No preservatives.<br \/>\nUse Tips<br \/>\nUse on the body, hair, massage or in the bath.<\/p>\n<p>Tip: To allow a simple and effective hydration * of the body, pour an oil stopper into the bath. No need to use moisturizing milk * After the bath, the skin is soft and pleasant to the touch.<\/p>\n<p>Daily use.<\/p><\/div>\n<\/div>\n<\/div>\n","protected":false},"featured_media":2252,"comment_status":"open","ping_status":"closed","template":"","meta":[],"_links":{"self":[{"href":"https:\/\/www.saphy.com\/healthcare-cosmetique\/wp-json\/wp\/v2\/product\/2251"}],"collection":[{"href":"https:\/\/www.saphy.com\/healthcare-cosmetique\/wp-json\/wp\/v2\/product"}],"about":[{"href":"https:\/\/www.saphy.com\/healthcare-cosmetique\/wp-json\/wp\/v2\/types\/product"}],"replies":[{"embeddable":true,"href":"https:\/\/www.saphy.com\/healthcare-cosmetique\/wp-json\/wp\/v2\/comments?post=2251"}],"wp:featuredmedia":[{"embeddable":true,"href":"https:\/\/www.saphy.com\/healthcare-cosmetique\/wp-json\/wp\/v2\/media\/2252"}],"wp:attachment":[{"href":"https:\/\/www.saphy.com\/healthcare-cosmetique\/wp-json\/wp\/v2\/media?parent=2251"}],"curies":[{"name":"wp","href":"https:\/\/api.w.org\/{rel}","templated":true}]}}