{"id":2339,"date":"2016-05-06T15:38:59","date_gmt":"2016-05-06T14:38:59","guid":{"rendered":"https:\/\/www.saphy.com\/healthcare-cosmetique\/?post_type=product&#038;p=2339"},"modified":"2021-01-13T12:37:35","modified_gmt":"2021-01-13T11:37:35","slug":"lait-nettoyant-pour-le-visage-au-lait-de-coco-alba-botanica-hawaiian-230-ml","status":"publish","type":"product","link":"https:\/\/www.saphy.com\/healthcare-cosmetique\/produit\/lait-nettoyant-pour-le-visage-au-lait-de-coco-alba-botanica-hawaiian-230-ml\/","title":{"rendered":"Lait nettoyant pour le visage au lait de coco alba botanica hawaiian 230 ml"},"content":{"rendered":"<h1>Lait nettoyant pour le visage au lait de coco Alba Botanica Hawaiian<\/h1>\n<p>Aloha!<\/p>\n<p>La marque Alba Botanica\u00ae est n\u00e9e en 1979 et fait suite \u00e0 une simple mission: faire du beau.<\/p>\n<p>Pour honorer cette vision, nous avons cr\u00e9\u00e9 une gamme dynamique de produits pour le corps qui nourrissent la peau, les cheveux et, bien s\u00fbr, l&rsquo;\u00e2me. Notre famille de produits \u00e9volue en permanence parall\u00e8lement aux connaissances et aux tendances en mati\u00e8re de sant\u00e9, de beaut\u00e9 et d\u2019ingr\u00e9dients, avec de nombreux nouveaux produits passionnants introduits chaque ann\u00e9e. Que nous cr\u00e9ions une formule pr\u00e9f\u00e9r\u00e9e des fans ou que nous travaillions sur la prochaine grande nouveaut\u00e9, nous nous engageons \u00e0 fabriquer des produits 100% v\u00e9g\u00e9tariens de grande qualit\u00e9 qui d\u00e9bordent d\u2019ingr\u00e9dients botaniques. Des choix que nous faisons sur le terrain aux produits finis que nous mettons sur les tablettes, nous visons \u00e0 aider les autres femmes \u00e0 \u00eatre belles \u00e0 l&rsquo;ext\u00e9rieur tout en \u00e9tant belles \u00e0 l&rsquo;int\u00e9rieur.<\/p>\n<p>Faire de beaux moyens de garder notre Terre saine et heureuse aussi. Nous appr\u00e9cions l\u2019importance d\u2019\u00eatre de bons intendants des ressources naturelles, alors nous faisons de beaux projets en r\u00e9duisant notre empreinte environnementale chaque fois que nous le pouvons. Nous croyons en la n\u00e9cessit\u00e9 de garder nos amis proches, y compris le genre \u00e0 fourrure. C\u2019est pourquoi nous ne testons jamais nos produits ni aucun des ingr\u00e9dients utilis\u00e9s sur les animaux. Nous faisons une belle mission pour cr\u00e9er des produits vibrants qui traitent la Terre et tous ses habitants aussi bien que nos corps.<\/p>\n<p>Formul\u00e9 avec du\u00a0 lait de coco \u00a0gorg\u00e9 d\u2019\u00a0 acides gras aux vertus antiseptiques naturels ,sans savon\u00a0 il \u00e9limine en douceur les impuret\u00e9s sans dess\u00e9cher les peaux s\u00e8ches et \/ou sensibles .<\/p>\n<p>S&rsquo;utilise quotidiennement pour le laver le visage.Rincer soigneusement<\/p>\n<p>Sans colorants artificiels<\/p>\n<p>Sans parfums artificiels<\/p>\n<p>Sans parab\u00e8nes<\/p>\n<p>Sans phtalates<\/p>\n<p>Sans sodium lauryl sulfate<\/p>\n<p>Non test\u00e9 sur les animaux<\/p>\n<p>Emballage 100 % recycl\u00e9e<\/p>\n<p data-placeholder=\"Traduction\">Ingr\u00e9dients:\u00a0Eau purifi\u00e9e, jus de feuille d&rsquo;aloe barbadensis certifi\u00e9 biologique, huile de graine de tournesol certifi\u00e9e bio Helianthus annuus, palmitate d&rsquo;\u00e9thylhexyle, st\u00e9arate de glyc\u00e9ryle, st\u00e9arate de trom\u00e9thamine, glyc\u00e9rine v\u00e9g\u00e9tale, triglyc\u00e9rides caprylique \/ caprique, huile de graine simmondsia chinensis, panth\u00e9nol lait de nucifera (noix de coco), extrait de zingiber zerumbet (awapuhi), extrait de carica papaya (papaye), tocoph\u00e9rol (vitamine E), huile de fruit de rosa canina, huile de linum usitatissimum (lin), carbom\u00e8re de sodium, glyc\u00e9rol-7 cocoate, l\u00e9cithine, alcool c\u00e9tylique, ph\u00e9noxy\u00e9thanol, \u00e9thylhexylglyc\u00e9rine, alcool benzylique, parfum.<\/p>\n<p data-placeholder=\"Traduction\"><strong>Alba Botanica Hawaiian Coconut Milk Facial Cleansing Milk<\/strong><\/p>\n<p data-placeholder=\"Traduction\">Aloha!<\/p>\n<p data-placeholder=\"Traduction\">The brand Alba Botanica\u00ae was born in 1979 and follows a simple mission: to make beautiful.<\/p>\n<p data-placeholder=\"Traduction\">To honor this vision, we have created a dynamic range of body products that nourish skin, hair and, of course, the soul. Our product family is continually evolving along with health, beauty and ingredient knowledge and trends, with many exciting new products being introduced each year. Whether we&rsquo;re creating a fan favorite or working on the next big thing, we&rsquo;re committed to making high quality 100% vegetarian products that are full of botanical ingredients. From the choices we make in the field to the finished products we put on the shelves, we aim to help other women look beautiful on the outside while being beautiful on the inside.<\/p>\n<p data-placeholder=\"Traduction\">Make beautiful ways to keep our Earth healthy and happy too. We value the importance of being good stewards of natural resources, so we make great plans to reduce our environmental footprint whenever we can. We believe in the need to keep our close friends, including the furry kind. That&rsquo;s why we never test our products or any of the ingredients used on animals. We make a beautiful mission to create vibrant products that treat the Earth and all its inhabitants as well as our bodies.<\/p>\n<p data-placeholder=\"Traduction\">Formulated with coconut milk saturated with fatty acids with natural antiseptic virtues, without soap it gently eliminates the impurities without drying out the dry and \/ or sensitive skins.<\/p>\n<p data-placeholder=\"Traduction\">Use daily to wash your face.<\/p>\n<p data-placeholder=\"Traduction\">Rinse thoroughly<\/p>\n<p data-placeholder=\"Traduction\">No artificial colors<\/p>\n<p data-placeholder=\"Traduction\">Without artificial fragrances<\/p>\n<p data-placeholder=\"Traduction\">Paraben free<\/p>\n<p data-placeholder=\"Traduction\">Without phthalates<\/p>\n<p data-placeholder=\"Traduction\">Sodium lauryl sulfate free<\/p>\n<p data-placeholder=\"Traduction\">Not tested on animals<\/p>\n<p data-placeholder=\"Traduction\">100% recycled packaging<\/p>\n<p data-placeholder=\"Traduction\">Ingredients:\u00a0Purified water, certified organic aloe barbadensis leaf juice, Helianthus annuus organic certified sunflower seed oil, ethylhexyl palmitate, glyceryl stearate, tromethamine stearate, vegetable glycerin, caprylic \/ capric triglycerides, simmondsia chinensis seed oil, panthenol nucifera milk (coconut), zingiber zerumbet extract (awapuhi), carica papaya extract (papaya), tocopherol (vitamin E), rosa canina fruit oil, usitatissimum linseed oil (linseed), sodium carbomer , 7-glycerol cocoate, lecithin, cetyl alcohol, phenoxyethanol, ethylhexylglycerine, benzyl alcohol, perfume.<\/p>\n","protected":false},"excerpt":{"rendered":"<h1>Lait nettoyant pour le visage au lait de coco Alba Botanica Hawaiian<\/h1>\n<p>Aloha!<\/p>\n<p>La marque Alba Botanica\u00ae est n\u00e9e en 1979 et fait suite \u00e0 une simple mission: faire du beau.<\/p>\n<p>Pour honorer cette vision, nous avons cr\u00e9\u00e9 une gamme dynamique de produits pour le corps qui nourrissent la peau, les cheveux et, bien s\u00fbr, l&rsquo;\u00e2me. Notre famille de produits \u00e9volue en permanence parall\u00e8lement aux connaissances et aux tendances en mati\u00e8re de sant\u00e9, de beaut\u00e9 et d\u2019ingr\u00e9dients, avec de nombreux nouveaux produits passionnants introduits chaque ann\u00e9e. Que nous cr\u00e9ions une formule pr\u00e9f\u00e9r\u00e9e des fans ou que nous travaillions sur la prochaine grande nouveaut\u00e9, nous nous engageons \u00e0 fabriquer des produits 100% v\u00e9g\u00e9tariens de grande qualit\u00e9 qui d\u00e9bordent d\u2019ingr\u00e9dients botaniques. Des choix que nous faisons sur le terrain aux produits finis que nous mettons sur les tablettes, nous visons \u00e0 aider les autres femmes \u00e0 \u00eatre belles \u00e0 l&rsquo;ext\u00e9rieur tout en \u00e9tant belles \u00e0 l&rsquo;int\u00e9rieur.<\/p>\n<p>Faire de beaux moyens de garder notre Terre saine et heureuse aussi. Nous appr\u00e9cions l\u2019importance d\u2019\u00eatre de bons intendants des ressources naturelles, alors nous faisons de beaux projets en r\u00e9duisant notre empreinte environnementale chaque fois que nous le pouvons. Nous croyons en la n\u00e9cessit\u00e9 de garder nos amis proches, y compris le genre \u00e0 fourrure. C\u2019est pourquoi nous ne testons jamais nos produits ni aucun des ingr\u00e9dients utilis\u00e9s sur les animaux. Nous faisons une belle mission pour cr\u00e9er des produits vibrants qui traitent la Terre et tous ses habitants aussi bien que nos corps.<\/p>\n<p>Formul\u00e9 avec du\u00a0 lait de coco \u00a0gorg\u00e9 d\u2019\u00a0 acides gras aux vertus antiseptiques naturels ,sans savon\u00a0 il \u00e9limine en douceur les impuret\u00e9s sans dess\u00e9cher les peaux s\u00e8ches et \/ou sensibles .<\/p>\n<p>S&rsquo;utilise quotidiennement pour le laver le visage.Rincer soigneusement<\/p>\n<p>Sans colorants artificiels<\/p>\n<p>Sans parfums artificiels<\/p>\n<p>Sans parab\u00e8nes<\/p>\n<p>Sans phtalates<\/p>\n<p>Sans sodium lauryl sulfate<\/p>\n<p>Non test\u00e9 sur les animaux<\/p>\n<p>Emballage 100 % recycl\u00e9e<\/p>\n<p data-placeholder=\"Traduction\">Ingr\u00e9dients:\u00a0Eau purifi\u00e9e, jus de feuille d&rsquo;aloe barbadensis certifi\u00e9 biologique, huile de graine de tournesol certifi\u00e9e bio Helianthus annuus, palmitate d&rsquo;\u00e9thylhexyle, st\u00e9arate de glyc\u00e9ryle, st\u00e9arate de trom\u00e9thamine, glyc\u00e9rine v\u00e9g\u00e9tale, triglyc\u00e9rides caprylique \/ caprique, huile de graine simmondsia chinensis, panth\u00e9nol lait de nucifera (noix de coco), extrait de zingiber zerumbet (awapuhi), extrait de carica papaya (papaye), tocoph\u00e9rol (vitamine E), huile de fruit de rosa canina, huile de linum usitatissimum (lin), carbom\u00e8re de sodium, glyc\u00e9rol-7 cocoate, l\u00e9cithine, alcool c\u00e9tylique, ph\u00e9noxy\u00e9thanol, \u00e9thylhexylglyc\u00e9rine, alcool benzylique, parfum.<\/p>\n<p data-placeholder=\"Traduction\"><strong>Alba Botanica Hawaiian Coconut Milk Facial Cleansing Milk<\/strong><\/p>\n<p data-placeholder=\"Traduction\">Aloha!<\/p>\n<p data-placeholder=\"Traduction\">The brand Alba Botanica\u00ae was born in 1979 and follows a simple mission: to make beautiful.<\/p>\n<p data-placeholder=\"Traduction\">To honor this vision, we have created a dynamic range of body products that nourish skin, hair and, of course, the soul. Our product family is continually evolving along with health, beauty and ingredient knowledge and trends, with many exciting new products being introduced each year. Whether we&rsquo;re creating a fan favorite or working on the next big thing, we&rsquo;re committed to making high quality 100% vegetarian products that are full of botanical ingredients. From the choices we make in the field to the finished products we put on the shelves, we aim to help other women look beautiful on the outside while being beautiful on the inside.<\/p>\n<p data-placeholder=\"Traduction\">Make beautiful ways to keep our Earth healthy and happy too. We value the importance of being good stewards of natural resources, so we make great plans to reduce our environmental footprint whenever we can. We believe in the need to keep our close friends, including the furry kind. That&rsquo;s why we never test our products or any of the ingredients used on animals. We make a beautiful mission to create vibrant products that treat the Earth and all its inhabitants as well as our bodies.<\/p>\n<p data-placeholder=\"Traduction\">Formulated with coconut milk saturated with fatty acids with natural antiseptic virtues, without soap it gently eliminates the impurities without drying out the dry and \/ or sensitive skins.<\/p>\n<p data-placeholder=\"Traduction\">Use daily to wash your face.<\/p>\n<p data-placeholder=\"Traduction\">Rinse thoroughly<\/p>\n<p data-placeholder=\"Traduction\">No artificial colors<\/p>\n<p data-placeholder=\"Traduction\">Without artificial fragrances<\/p>\n<p data-placeholder=\"Traduction\">Paraben free<\/p>\n<p data-placeholder=\"Traduction\">Without phthalates<\/p>\n<p data-placeholder=\"Traduction\">Sodium lauryl sulfate free<\/p>\n<p data-placeholder=\"Traduction\">Not tested on animals<\/p>\n<p data-placeholder=\"Traduction\">100% recycled packaging<\/p>\n<p data-placeholder=\"Traduction\">Ingredients:\u00a0Purified water, certified organic aloe barbadensis leaf juice, Helianthus annuus organic certified sunflower seed oil, ethylhexyl palmitate, glyceryl stearate, tromethamine stearate, vegetable glycerin, caprylic \/ capric triglycerides, simmondsia chinensis seed oil, panthenol nucifera milk (coconut), zingiber zerumbet extract (awapuhi), carica papaya extract (papaya), tocopherol (vitamin E), rosa canina fruit oil, usitatissimum linseed oil (linseed), sodium carbomer , 7-glycerol cocoate, lecithin, cetyl alcohol, phenoxyethanol, ethylhexylglycerine, benzyl alcohol, perfume.<\/p>\n","protected":false},"featured_media":2388,"comment_status":"open","ping_status":"closed","template":"","meta":[],"_links":{"self":[{"href":"https:\/\/www.saphy.com\/healthcare-cosmetique\/wp-json\/wp\/v2\/product\/2339"}],"collection":[{"href":"https:\/\/www.saphy.com\/healthcare-cosmetique\/wp-json\/wp\/v2\/product"}],"about":[{"href":"https:\/\/www.saphy.com\/healthcare-cosmetique\/wp-json\/wp\/v2\/types\/product"}],"replies":[{"embeddable":true,"href":"https:\/\/www.saphy.com\/healthcare-cosmetique\/wp-json\/wp\/v2\/comments?post=2339"}],"wp:featuredmedia":[{"embeddable":true,"href":"https:\/\/www.saphy.com\/healthcare-cosmetique\/wp-json\/wp\/v2\/media\/2388"}],"wp:attachment":[{"href":"https:\/\/www.saphy.com\/healthcare-cosmetique\/wp-json\/wp\/v2\/media?parent=2339"}],"curies":[{"name":"wp","href":"https:\/\/api.w.org\/{rel}","templated":true}]}}