{"id":2514,"date":"2016-07-01T15:07:48","date_gmt":"2016-07-01T14:07:48","guid":{"rendered":"https:\/\/www.saphy.com\/healthcare-cosmetique\/?post_type=product&#038;p=2514"},"modified":"2023-08-01T10:09:56","modified_gmt":"2023-08-01T09:09:56","slug":"curcuma-turmeric-himalaya-herbals","status":"publish","type":"product","link":"https:\/\/www.saphy.com\/healthcare-cosmetique\/produit\/curcuma-turmeric-himalaya-herbals\/","title":{"rendered":"Curcuma \/ turmeric Himalaya Herbals"},"content":{"rendered":"<h1>Curcuma \/ turmeric Himalaya Herbals<\/h1>\n<p>Compl\u00e9ment alimentaire<\/p>\n<p>Himalaya Herbals\u00a0 \u00a0La science par les plantes depuis 1930<\/p>\n<p>Composition de deux g\u00e9lules :800 mg d\u2019extrait de racine de Curcuma ( curcuma longa),Microcristalline cellulose (\u00e9mulsifiant) ,Dicalcium phosphate(emulsifiant),Dioxyde de silicium (anti-agglom\u00e9rant)\u00a0 .<\/p>\n<p>Conseil d\u2019utilisation: 2 g\u00e9lules par jour<br \/>\nBoites de 60 g\u00e9lules v\u00e9g\u00e9tales<\/p>\n<p>Ne pas d\u00e9passer la dose journali\u00e8re recommand\u00e9e.<br \/>\nNe\u00a0 pas\u00a0 utiliser chez la femme enceinte et\/ou qui allaitent sans avis m\u00e9dical .<br \/>\nNe pas utiliser chez les enfants de moins de 14 ans .<br \/>\nA conserver dans un endroit frais et sec, hors de port\u00e9e des enfants<\/p>\n<p>Les compl\u00e9ments alimentaires ne doivent pas se substituer \u00e0 une alimentation vari\u00e9e et \u00e9quilibr\u00e9e et \u00e0 un mode de vie sain.<\/p>\n<p>Himalaya Herbals\u00a0 turmeric<\/p>\n<p>Himalaya&rsquo;s mission is to make herbal wellness a part of every home. Our range of Herbal Supplements is specially formulated to help you achieve physical and mental well-being and lead a better quality of life. We strive to make this possivle through our commitment to science-driven herbal healthcare.<\/p>\n<p>Conditions of use : 2 caps per day<\/p>\n<p>Boxes of 60 capsules<br \/>\nDosage: 1 to 2 tablets per day<br \/>\nFood supplements should not be a substitute for a varied and balanced diet.<\/p>\n<p>&nbsp;<\/p>\n<p>&nbsp;<\/p>\n","protected":false},"excerpt":{"rendered":"<h1>Curcuma \/ turmeric Himalaya Herbals<\/h1>\n<p>Compl\u00e9ment alimentaire<\/p>\n<p>Curcuma \/ turmeric Himalaya Herbals<\/p>\n<p>La mission des laboratoires Himalaya est\u00a0 que le bien \u00eatre par les plantes soit une part int\u00e9grante de chaque foyer. Notre gamme de compl\u00e9ments alimentaires \u00e0 base de plantes est sp\u00e9cialement formul\u00e9e pour vous aider \u00e0 atteindre le bien-\u00eatre physique et mental et d\u2019avoir\u00a0 une meilleure qualit\u00e9 de vie. Nous nous effor\u00e7ons de rendre cela possible gr\u00e2ce \u00e0 notre engagement envers la science dans tous nos soins de sant\u00e9 \u00e0 base de plantes.<\/p>\n<p>Composition de deux g\u00e9lules :800 mg d\u2019extrait de racine de Curcuma ( curcuma longa),Microcristalline cellulose (\u00e9mulsifiant) ,Dicalcium phosphate(emulsifiant),Dioxyde de silicium (anti-agglom\u00e9rant)\u00a0 .<\/p>\n<p>Conseil d\u2019utilisation: 2 g\u00e9lules par jour<br \/>\nBoites de 60 g\u00e9lules v\u00e9g\u00e9tales<\/p>\n<p>Ne pas d\u00e9passer la dose journali\u00e8re recommand\u00e9e.<br \/>\nNe\u00a0 pas\u00a0 utiliser chez la femme enceinte et\/ou qui allaitent sans avis m\u00e9dical .<br \/>\nNe pas utiliser chez les enfants de moins de 14 ans .<br \/>\nA conserver dans un endroit frais et sec, hors de port\u00e9e des enfants<\/p>\n<p>Les compl\u00e9ments alimentaires ne doivent pas se substituer \u00e0 une alimentation vari\u00e9e et \u00e9quilibr\u00e9e et \u00e0 un mode de vie sain.<\/p>\n<p>Himalaya Herbals\u00a0 turmeric<\/p>\n<p>Himalaya&rsquo;s mission is to make herbal wellness a part of every home. Our range of Herbal Supplements is specially formulated to help you achieve physical and mental well-being and lead a better quality of life. We strive to make this possivle through our commitment to science-driven herbal healthcare.<\/p>\n<p>Conditions of use : 2 caps per day<\/p>\n<p>Boxes of 60 capsules<br \/>\nDosage: 1 to 2 tablets per day<br \/>\nFood supplements should not be a substitute for a varied and balanced diet.<\/p>\n","protected":false},"featured_media":4039,"comment_status":"open","ping_status":"closed","template":"","meta":[],"_links":{"self":[{"href":"https:\/\/www.saphy.com\/healthcare-cosmetique\/wp-json\/wp\/v2\/product\/2514"}],"collection":[{"href":"https:\/\/www.saphy.com\/healthcare-cosmetique\/wp-json\/wp\/v2\/product"}],"about":[{"href":"https:\/\/www.saphy.com\/healthcare-cosmetique\/wp-json\/wp\/v2\/types\/product"}],"replies":[{"embeddable":true,"href":"https:\/\/www.saphy.com\/healthcare-cosmetique\/wp-json\/wp\/v2\/comments?post=2514"}],"wp:featuredmedia":[{"embeddable":true,"href":"https:\/\/www.saphy.com\/healthcare-cosmetique\/wp-json\/wp\/v2\/media\/4039"}],"wp:attachment":[{"href":"https:\/\/www.saphy.com\/healthcare-cosmetique\/wp-json\/wp\/v2\/media?parent=2514"}],"curies":[{"name":"wp","href":"https:\/\/api.w.org\/{rel}","templated":true}]}}