{"id":2689,"date":"2016-10-11T14:21:36","date_gmt":"2016-10-11T13:21:36","guid":{"rendered":"https:\/\/www.saphy.com\/healthcare-cosmetique\/?post_type=product&#038;p=2689"},"modified":"2022-01-03T15:41:27","modified_gmt":"2022-01-03T14:41:27","slug":"creme-pour-le-visage-olive-et-herbes-yellow-rose-cosmetiques","status":"publish","type":"product","link":"https:\/\/www.saphy.com\/healthcare-cosmetique\/produit\/creme-pour-le-visage-olive-et-herbes-yellow-rose-cosmetiques\/","title":{"rendered":"Cr\u00e8me pour le visage Olive et Herbes Yellow Rose Cosmetiques"},"content":{"rendered":"<h1>Cr\u00e8me pour le visage Olive et Herbes Yellow Rose Cosmetiques<\/h1>\n<p>La\u00a0Cr\u00e8me pour le visage Olive et Herbes Yellow Rose cosm\u00e9tique\u00a0 est une formule unique \u00e0 base de 96 % de produits naturels qui nourrit, hydrate et lutte contre les rides.<\/p>\n<p>Formul\u00e9e \u00e0\u00a0 l&rsquo;huile d&rsquo;olive extra vierge bio, aux feuilles d&rsquo;olivier, au safran et aux extraits de plantes ,elle att\u00e9nue\u00a0 les rides d&rsquo;expression et les signes du vieillissement, laissant la peau douce, ferme et \u00e9clatante.<\/p>\n<p>Elle contient de l&rsquo;huile\u00a0 d&rsquo;\u039flive extra vierge bio, des antioxydant insaponifiables d&rsquo;huile d\u2019olive, des extraits antioxydants (feuilles d&rsquo;Olivier, <em>Helichrysum<\/em>, Romarin, Sauge\u00a0 et Th\u00e9 blanc), extrait de Safran antirides qui active les facteurs de croissance naturelle de la peau et la biosynth\u00e8se de collag\u00e8ne et d&rsquo;\u00e9lastine (effet \u00abr\u00e9tinol-like\u00bb naturel), de l&rsquo;<em>acide Hyaluronique<\/em> de <em>trois poids<\/em> mol\u00e9culaires differents, une forme sp\u00e9cifique de vitamine C \u00e9claircissante et de l\u2019extrait de Houblon, extrait de \u00a0th\u00e9 noir ferment\u00e9 qui aide \u00e0 la restauration du volume et de la luminosit\u00e9 (effet \u00ab\u00a0lipo-filling\u00a0\u00bb naturel), des huiles naturelles (Argan, Onagre et Jojoba), de l\u2019extrait de Lupin blanc raffermissant ( 4% lup\u00e9ol) (effet \u00ab\u00a0Lifting\u00a0\u00bb naturel), des extraits raffermissants (Pr\u00eale et Centella), de l\u2019extrait de Camomille maritima contre les rides d&rsquo;expression (effet Botox-like naturel), des extraits apaisants (Guimauve, Camomille, R\u00e9glisse et Calendula), de l\u2019acide gama-Linol\u00e9ique hydratant (acides gras essentiels <em>om\u00e9ga-6<\/em>), des C\u00e9ramides, Lycop\u00e8ne, B\u00e9ta\u00efne, Tr\u00e9halose, du beurre de Karit\u00e9, extrait de cactus, du gel d&rsquo;Aloe vera, vitamine E, Panth\u00e9nol et Allanto\u00efne.<\/p>\n<p>Conseil d&rsquo;utilisation :<\/p>\n<p>Appliquer quotidiennement, matin et soir sur le visage et le cou en massant doucement jusqu&rsquo;\u00e0 absorption.<\/p>\n<p>Convient \u00e0 tous les types de peau. Test\u00e9e sous contr\u00f4le dermatologique.<\/p>\n<p>Ingr\u00e9dients: ua (Water), Glycerin, Propanediol, Hydrogenated Ethylhexyl Oivate, Hydroxystearyl Alcohol, C14-22 Alcohols, Myristyl Alcohol, Dicaprylyl Carbonate Caprylic\/Capric Triglyceride, Butyrospermum Parkii (Shea) Butter, Olea Europaea (Olive) Fruit Oil, Hydrogenated Olive Oil Unsaponifables, Olea Europaea (Olive) Leaf Extract, Humulus Lupulus (Hops) Strobile, Crocus Chrysanthus Bulb Extract, Lupinus Albus Seed Extract Opuntia Ficus-Indica Stem Extract, Argania Spinosa Kermel Oil, Oenothera Biennis (Evening Primerose) Oil, Simmondsia Chinensis Jojoba) Seed Oil, Glycyrrhiza Glabra (Licorice) Root Extract, Chamomilla Recutita (Matricaria) Flower Extract, Ferment, Helichrysum Arenarium Flower Extract, Althaea Officinalis Leaf Extract, Centella Asiatica Extract, Sodium Hyaluronate, Equisetum Arvense Extract, Ruscus Aculeatus Root Extract, Salvia Officinalis (Sage) Leaf Extract, Tr Rosmarinus Officinalis (Rosemary) Leaf Extract, Calendula Officinalis Flower Extract, Camellia Sinensis Leaf Extract, Betaine, Ethyl Linoleate, Panthenyl Triacetate, Trehalose, Allantoin Panthenol, Tocopheryl Acetate, Ascorbyl Tetraisopalmitate, Aloe Barbadensis Leaf Juice, Persea Gratissima (Avocado) Oil, Ceramide NG, Phytosterols, Bisabolol, Hydroxystearyl Glucoside, Squalane, Solanum Lycopersicum (Tomato) Fruit\/Leaf\/Stem Extract, Phenoxyethanol, Hydroxyethyl Acrylate\/Sodium Acryloyldi Caprylyl Glycol, Helianthus Annuus (Sunflower) Seed Oil, C12-20 Alkyl Glucoside, Glycine Soja ylinum\/Black Tea Maritimum Extract Glucoside, Prunus Armeniaca (Apricot) Kernel Oil, Acacia Senegal Gum, E Coconut Alkanes, Trilaureth-4 Phosphate. Ascorbyl Palmitate, Polysorbate 60 Coco-Caprylate\/Caprate. Hydroxyethylcellulose, Lecithin, Tocopherol, Butyl Sodium Stearoyl Glutamate, Glycine Soja (Soybean) Seed Extract, Methylpropional, Alpha-lsomethyl lonone, Hexyl Cinnamal, Parfum (Fragrance)<\/p>\n<p>&nbsp;<\/p>\n<p>Cream for the face Olive and herbs Yellow Rose Cosmetics<br \/>\nThe cream for the face Olive and herbs Yellow Rose Cosmetic is a unique formula based on 96% of natural products that nourishes, hydrates and fights against wrinkles.<br \/>\nFormulated with organic extra virgin olive oil, olive leaves, saffron and plant extracts, it attenuates the wrinkles of expression and the signs of ageing, leaving the skin soft, firm and Radiant.<br \/>\nIt contains organic extra virgin \u039flive oil, antioxidants unsaponifiable olive oil, antioxidant extracts (olive leaves, Helichrysum, rosemary, sage and white tea), an anti-wrinkle saffron extract that activates the growth factors Natural skin and biosynthesis of collagen and elastin (natural \u00ab\u00a0retinol-like\u00a0\u00bb effect), hyaluronic acid of three different molecular weights, a specific form of lightening vitamin C and hop extract, black tea extract Fermented that helps the rest<\/p>\n<p>&nbsp;<\/p>\n","protected":false},"excerpt":{"rendered":"<h1>Cr\u00e8me pour le visage Olive et Herbes Yellow Rose Cosmetiques<\/h1>\n<p>La\u00a0Cr\u00e8me pour le visage Olive et Herbes Yellow Rose cosm\u00e9tique\u00a0 est une formule unique \u00e0 base de 96 % de produits naturels qui nourrit, hydrate et lutte contre les rides.<\/p>\n<p>Formul\u00e9e \u00e0\u00a0 l&rsquo;huile d&rsquo;olive extra vierge bio, aux feuilles d&rsquo;olivier, au safran et aux extraits de plantes ,elle att\u00e9nue\u00a0 les rides d&rsquo;expression et les signes du vieillissement, laissant la peau douce, ferme et \u00e9clatante.<\/p>\n<p>Elle contient de l&rsquo;huile\u00a0 d&rsquo;\u039flive extra vierge bio, des antioxydant insaponifiables d&rsquo;huile d\u2019olive, des extraits antioxydants (feuilles d&rsquo;Olivier, <em>Helichrysum<\/em>, Romarin, Sauge\u00a0 et Th\u00e9 blanc), extrait de Safran antirides qui active les facteurs de croissance naturelle de la peau et la biosynth\u00e8se de collag\u00e8ne et d&rsquo;\u00e9lastine (effet \u00abr\u00e9tinol-like\u00bb naturel), de l&rsquo;<em>acide Hyaluronique<\/em> de <em>trois poids<\/em> mol\u00e9culaires differents, une forme sp\u00e9cifique de vitamine C \u00e9claircissante et de l\u2019extrait de Houblon, extrait de \u00a0th\u00e9 noir ferment\u00e9 qui aide \u00e0 la restauration du volume et de la luminosit\u00e9 (effet \u00ab\u00a0lipo-filling\u00a0\u00bb naturel), des huiles naturelles (Argan, Onagre et Jojoba), de l\u2019extrait de Lupin blanc raffermissant ( 4% lup\u00e9ol) (effet \u00ab\u00a0Lifting\u00a0\u00bb naturel), des extraits raffermissants (Pr\u00eale et Centella), de l\u2019extrait de Camomille maritima contre les rides d&rsquo;expression (effet Botox-like naturel), des extraits apaisants (Guimauve, Camomille, R\u00e9glisse et Calendula), de l\u2019acide gama-Linol\u00e9ique hydratant (acides gras essentiels <em>om\u00e9ga-6<\/em>), des C\u00e9ramides, Lycop\u00e8ne, B\u00e9ta\u00efne, Tr\u00e9halose, du beurre de Karit\u00e9, extrait de cactus, du gel d&rsquo;Aloe vera, vitamine E, Panth\u00e9nol et Allanto\u00efne.<\/p>\n<p>Conseil d&rsquo;utilisation :<\/p>\n<p>Appliquer quotidiennement, matin et soir sur le visage et le cou en massant doucement jusqu&rsquo;\u00e0 absorption.<\/p>\n<p>Convient \u00e0 tous les types de peau. Test\u00e9e sous contr\u00f4le dermatologique.<\/p>\n<p>Ingr\u00e9dients: ua (Water), Glycerin, Propanediol, Hydrogenated Ethylhexyl Oivate, Hydroxystearyl Alcohol, C14-22 Alcohols, Myristyl Alcohol, Dicaprylyl Carbonate Caprylic\/Capric Triglyceride, Butyrospermum Parkii (Shea) Butter, Olea Europaea (Olive) Fruit Oil, Hydrogenated Olive Oil Unsaponifables, Olea Europaea (Olive) Leaf Extract, Humulus Lupulus (Hops) Strobile, Crocus Chrysanthus Bulb Extract, Lupinus Albus Seed Extract Opuntia Ficus-Indica Stem Extract, Argania Spinosa Kermel Oil, Oenothera Biennis (Evening Primerose) Oil, Simmondsia Chinensis Jojoba) Seed Oil, Glycyrrhiza Glabra (Licorice) Root Extract, Chamomilla Recutita (Matricaria) Flower Extract, Ferment, Helichrysum Arenarium Flower Extract, Althaea Officinalis Leaf Extract, Centella Asiatica Extract, Sodium Hyaluronate, Equisetum Arvense Extract, Ruscus Aculeatus Root Extract, Salvia Officinalis (Sage) Leaf Extract, Tr Rosmarinus Officinalis (Rosemary) Leaf Extract, Calendula Officinalis Flower Extract, Camellia Sinensis Leaf Extract, Betaine, Ethyl Linoleate, Panthenyl Triacetate, Trehalose, Allantoin Panthenol, Tocopheryl Acetate, Ascorbyl Tetraisopalmitate, Aloe Barbadensis Leaf Juice, Persea Gratissima (Avocado) Oil, Ceramide NG, Phytosterols, Bisabolol, Hydroxystearyl Glucoside, Squalane, Solanum Lycopersicum (Tomato) Fruit\/Leaf\/Stem Extract, Phenoxyethanol, Hydroxyethyl Acrylate\/Sodium Acryloyldi Caprylyl Glycol, Helianthus Annuus (Sunflower) Seed Oil, C12-20 Alkyl Glucoside, Glycine Soja ylinum\/Black Tea Maritimum Extract Glucoside, Prunus Armeniaca (Apricot) Kernel Oil, Acacia Senegal Gum, E Coconut Alkanes, Trilaureth-4 Phosphate. Ascorbyl Palmitate, Polysorbate 60 Coco-Caprylate\/Caprate. Hydroxyethylcellulose, Lecithin, Tocopherol, Butyl Sodium Stearoyl Glutamate, Glycine Soja (Soybean) Seed Extract, Methylpropional, Alpha-lsomethyl lonone, Hexyl Cinnamal, Parfum (Fragrance)<\/p>\n<p>&nbsp;<\/p>\n<p>Cream for the face Olive and herbs Yellow Rose Cosmetics<br \/>\nThe cream for the face Olive and herbs Yellow Rose Cosmetic is a unique formula based on 96% of natural products that nourishes, hydrates and fights against wrinkles.<br \/>\nFormulated with organic extra virgin olive oil, olive leaves, saffron and plant extracts, it attenuates the wrinkles of expression and the signs of ageing, leaving the skin soft, firm and Radiant.<br \/>\nIt contains organic extra virgin \u039flive oil, antioxidants unsaponifiable olive oil, antioxidant extracts (olive leaves, Helichrysum, rosemary, sage and white tea), an anti-wrinkle saffron extract that activates the growth factors Natural skin and biosynthesis of collagen and elastin (natural \u00ab\u00a0retinol-like\u00a0\u00bb effect), hyaluronic acid of three different molecular weights, a specific form of lightening vitamin C and hop extract, black tea extract Fermented that helps the rest<\/p>\n<p>&nbsp;<\/p>\n","protected":false},"featured_media":4070,"comment_status":"open","ping_status":"closed","template":"","meta":[],"_links":{"self":[{"href":"https:\/\/www.saphy.com\/healthcare-cosmetique\/wp-json\/wp\/v2\/product\/2689"}],"collection":[{"href":"https:\/\/www.saphy.com\/healthcare-cosmetique\/wp-json\/wp\/v2\/product"}],"about":[{"href":"https:\/\/www.saphy.com\/healthcare-cosmetique\/wp-json\/wp\/v2\/types\/product"}],"replies":[{"embeddable":true,"href":"https:\/\/www.saphy.com\/healthcare-cosmetique\/wp-json\/wp\/v2\/comments?post=2689"}],"wp:featuredmedia":[{"embeddable":true,"href":"https:\/\/www.saphy.com\/healthcare-cosmetique\/wp-json\/wp\/v2\/media\/4070"}],"wp:attachment":[{"href":"https:\/\/www.saphy.com\/healthcare-cosmetique\/wp-json\/wp\/v2\/media?parent=2689"}],"curies":[{"name":"wp","href":"https:\/\/api.w.org\/{rel}","templated":true}]}}