{"id":2692,"date":"2016-10-11T14:29:22","date_gmt":"2016-10-11T13:29:22","guid":{"rendered":"https:\/\/www.saphy.com\/healthcare-cosmetique\/?post_type=product&#038;p=2692"},"modified":"2026-03-11T10:05:02","modified_gmt":"2026-03-11T09:05:02","slug":"huile-pour-le-visage-olive-et-herbes-yellow-rose-cosmetics","status":"publish","type":"product","link":"https:\/\/www.saphy.com\/healthcare-cosmetique\/produit\/huile-pour-le-visage-olive-et-herbes-yellow-rose-cosmetics\/","title":{"rendered":"Huile pour le visage Olive et Herbes Yellow Rose Cosmetics"},"content":{"rendered":"<h1>Huile pour le visage Olive et Herbes Yellow Rose Cosmetics<\/h1>\n<p>Une Huile \u00e9claircissante pour le visage, nourrissante, antirides et antioxydante.<\/p>\n<p>Une formule naturelle \u00e0 base de de 98 % de produits naturels qui prot\u00e8ge de la s\u00e9cheresse, aide \u00e0 lutter contre les rides, adoucit et tonifie la peau qui est plus ferme et \u00e9clatante \u00a0et d\u2019apparence plus jeune. Elle est facilement absorb\u00e9e et ne laisse aucun effet gras.<\/p>\n<p>Elle\u00a0 contient de l&rsquo;huile d&rsquo;Olive extra vierge bio, des insaponifiables antioxydants d&rsquo;huile d&rsquo;Olive, des huiles naturelles (Onagre, Argan et Jojoba), des liposomes contenus dans l\u2019extrait de feuilles de Swertia chirata qui stimulent les facteurs de croissance de la peau afin de produire naturellement du collag\u00e8ne et de l&rsquo;\u00e9lastine pour lutter \u00a0contre les rides et \u00a0am\u00e9liorer \u00a0l&rsquo;\u00e9lasticit\u00e9 (effet r\u00e9tinol-like naturel), un extrait\u00a0 raffermissant de Lupin blanc (contient 4% lup\u00e9ol), une forme sp\u00e9cifique \u00e9claircissante de \u00a0vitamine C et d\u2019extrait de Houblon, des extraits apaisants (Calendula et Camomille), des extraits antioxydants de Lycop\u00e8ne et de Romarin, a-Bisabolol, de l\u2019acide gama-linol\u00e9ique hydratant (Omega 6), des C\u00e9ramides et de la vitamine E.<\/p>\n<p>Conseil d&rsquo;utilisation:<\/p>\n<p>Appliquer quotidiennement, matin et soir \u00a0sur le visage et le cou \u00a0avant votre cr\u00e8me.<\/p>\n<p>Convient \u00e0 tous les types de peau. Test\u00e9e sous contr\u00f4le dermatologique.<\/p>\n<p>Ingredients: Hydrogenated Ethylhexyl Olivate, Hydrogenated Olive Oil Unsaponif\u00f1ables, Coconut Alkanes Olea Europaea (Olive) Fruit Oil, Dicaprylyi Carbonate, Simmondsia Chinensis Uojobal Seed Oil, Undecane. Tridecane Argania Spinosa Kenel Oi, Oenothera Biennis (Evening Primerose) Oil, Swertia Chirata Extract, Lupinus Albus Seed Extract, Humulus tupulus (Hops) Strobile, Ascorbyl Tetraisopalmitate. Chamomilla Recutita (Matricaria) Flower Extract Rosmarinus Officinalis (Rosemary) Leaf Extract, Calendula Officinalis Flower Extract, Ethyl Linoleate. Ceramide NG Tocopheryl Acetate, Bisabolol, Glycine Soja (Soybean) Seed Extract, Solanum Lycopersicum (Tamato) Fruit\/Leaf\/Stem Extract, Lecithin, Ascorbyl Palmitate, Helianthus Annuus(Sunflower) Seed OlL Coco-Caprylate\/Caprate, Glycine Soja Soybean) Oil, Prunus Armeniaca (Apricot) Kernel OIL, Isopropyl Palmitate, Caprylic\/Capric Triglyceride, Aqua (Water), Tocopherol, Butylphenyl Methylpropional, Alpha lsomethyl lonone, Hexyl Cinnamal, Parfum (Fragrance)<\/p>\n<p>A natural formula based on 98% of natural products that protects from dryness, helps to fight wrinkles, softens and tones the skin that is firmer and brighter and of youthful appearance. It is easily absorbed and leaves no greasy effect.<br \/>\nIt contains organic extra virgin olive oil, antioxidant unsaponifiable of olive oil, natural oils (evening primrose, Argan and Jojoba), liposomes contained in the extract of Leaves of Swertia chirata which stimulate the growth factors of the skin in order to produce naturally collagen and elastin to fight wrinkles and improve elasticity (natural retinol-like effect), a white Lupin firming extract (contains 4% lupeol), a specific lightening form of Vitamin C and hops extract, soothing extracts (Calendula and chamomile), antioxidant extracts of lycopene and rosemary, A-Bisabolol, hydrated Gama-linoleic acid (Omega 6), Reb<\/p>\n","protected":false},"excerpt":{"rendered":"<h1>Huile pour le visage Olive et Herbes Yellow Rose Cosmetics<\/h1>\n<p>Une Huile \u00e9claircissante pour le visage, nourrissante, antirides et antioxydante.<\/p>\n<p>Une formule naturelle \u00e0 base de de 98 % de produits naturels qui prot\u00e8ge de la s\u00e9cheresse, aide \u00e0 lutter contre les rides, adoucit et tonifie la peau qui est plus ferme et \u00e9clatante \u00a0et d\u2019apparence plus jeune. Elle est facilement absorb\u00e9e et ne laisse aucun effet gras.<\/p>\n<p>Elle\u00a0 contient de l&rsquo;huile d&rsquo;Olive extra vierge bio, des insaponifiables antioxydants d&rsquo;huile d&rsquo;Olive, des huiles naturelles (Onagre, Argan et Jojoba), des liposomes contenus dans l\u2019extrait de feuilles de Swertia chirata qui stimulent les facteurs de croissance de la peau afin de produire naturellement du collag\u00e8ne et de l&rsquo;\u00e9lastine pour lutter \u00a0contre les rides et \u00a0am\u00e9liorer \u00a0l&rsquo;\u00e9lasticit\u00e9 (effet r\u00e9tinol-like naturel), un extrait\u00a0 raffermissant de Lupin blanc (contient 4% lup\u00e9ol), une forme sp\u00e9cifique \u00e9claircissante de \u00a0vitamine C et d\u2019extrait de Houblon, des extraits apaisants (Calendula et Camomille), des extraits antioxydants de Lycop\u00e8ne et de Romarin, a-Bisabolol, de l\u2019acide gama-linol\u00e9ique hydratant (Omega 6), des C\u00e9ramides et de la vitamine E.<\/p>\n<p>Conseil d&rsquo;utilisation:<\/p>\n<p>Appliquer quotidiennement, matin et soir \u00a0sur le visage et le cou \u00a0avant votre cr\u00e8me.<\/p>\n<p>Convient \u00e0 tous les types de peau. Test\u00e9e sous contr\u00f4le dermatologique.<\/p>\n<p>Ingredients: Hydrogenated Ethylhexyl Olivate, Hydrogenated Olive Oil Unsaponif\u00f1ables, Coconut Alkanes Olea Europaea (Olive) Fruit Oil, Dicaprylyi Carbonate, Simmondsia Chinensis Uojobal Seed Oil, Undecane. Tridecane Argania Spinosa Kenel Oi, Oenothera Biennis (Evening Primerose) Oil, Swertia Chirata Extract, Lupinus Albus Seed Extract, Humulus tupulus (Hops) Strobile, Ascorbyl Tetraisopalmitate. Chamomilla Recutita (Matricaria) Flower Extract Rosmarinus Officinalis (Rosemary) Leaf Extract, Calendula Officinalis Flower Extract, Ethyl Linoleate. Ceramide NG Tocopheryl Acetate, Bisabolol, Glycine Soja (Soybean) Seed Extract, Solanum Lycopersicum (Tamato) Fruit\/Leaf\/Stem Extract, Lecithin, Ascorbyl Palmitate, Helianthus Annuus(Sunflower) Seed OlL Coco-Caprylate\/Caprate, Glycine Soja Soybean) Oil, Prunus Armeniaca (Apricot) Kernel OIL, Isopropyl Palmitate, Caprylic\/Capric Triglyceride, Aqua (Water), Tocopherol, Butylphenyl Methylpropional, Alpha lsomethyl lonone, Hexyl Cinnamal, Parfum (Fragrance)<\/p>\n<p>A natural formula based on 98% of natural products that protects from dryness, helps to fight wrinkles, softens and tones the skin that is firmer and brighter and of youthful appearance. It is easily absorbed and leaves no greasy effect.<br \/>\nIt contains organic extra virgin olive oil, antioxidant unsaponifiable of olive oil, natural oils (evening primrose, Argan and Jojoba), liposomes contained in the extract of Leaves of Swertia chirata which stimulate the growth factors of the skin in order to produce naturally collagen and elastin to fight wrinkles and improve elasticity (natural retinol-like effect), a white Lupin firming extract (contains 4% lupeol), a specific lightening form of Vitamin C and hops extract, soothing extracts (Calendula and chamomile), antioxidant extracts of lycopene and rosemary, A-Bisabolol, hydrated Gama-linoleic acid (Omega 6), Reb<\/p>\n","protected":false},"featured_media":4072,"comment_status":"open","ping_status":"closed","template":"","meta":[],"_links":{"self":[{"href":"https:\/\/www.saphy.com\/healthcare-cosmetique\/wp-json\/wp\/v2\/product\/2692"}],"collection":[{"href":"https:\/\/www.saphy.com\/healthcare-cosmetique\/wp-json\/wp\/v2\/product"}],"about":[{"href":"https:\/\/www.saphy.com\/healthcare-cosmetique\/wp-json\/wp\/v2\/types\/product"}],"replies":[{"embeddable":true,"href":"https:\/\/www.saphy.com\/healthcare-cosmetique\/wp-json\/wp\/v2\/comments?post=2692"}],"wp:featuredmedia":[{"embeddable":true,"href":"https:\/\/www.saphy.com\/healthcare-cosmetique\/wp-json\/wp\/v2\/media\/4072"}],"wp:attachment":[{"href":"https:\/\/www.saphy.com\/healthcare-cosmetique\/wp-json\/wp\/v2\/media?parent=2692"}],"curies":[{"name":"wp","href":"https:\/\/api.w.org\/{rel}","templated":true}]}}