{"id":2719,"date":"2016-10-13T11:41:33","date_gmt":"2016-10-13T10:41:33","guid":{"rendered":"https:\/\/www.saphy.com\/healthcare-cosmetique\/?post_type=product&#038;p=2719"},"modified":"2018-10-10T11:22:24","modified_gmt":"2018-10-10T10:22:24","slug":"promo-serum-luminance-perle-et-diamant-yellow-rose-cosmetiques","status":"publish","type":"product","link":"https:\/\/www.saphy.com\/healthcare-cosmetique\/produit\/promo-serum-luminance-perle-et-diamant-yellow-rose-cosmetiques\/","title":{"rendered":"Promo s\u00e9rum Luminance Perle et Diamant Yellow Rose cosmetiques"},"content":{"rendered":"<h1>Promo s\u00e9rum Luminance Perle et Diamant Yellow Rose cosmetiques<\/h1>\n<p>&nbsp;<\/p>\n<p><strong>Le masque\u00a0 anti\u00e2ge regenerant Perle et Diamant Yellow Rose cosmetiques<\/strong> vous est offert pour l&rsquo;achat d&rsquo;un s\u00e9rum anti\u00e2ge r\u00e9g\u00e9n\u00e9rant Perle et Diamant Yellow Rose.<\/p>\n<div>\n<p>Le s\u00e9rum anti\u00e2ge r\u00e9g\u00e9n\u00e9rant Perle et Diamant est compos\u00e9 d\u2019actifs de pointe ultra concentr\u00e9. Une formule pr\u00e9cieuse qui r\u00e9v\u00e8le une peau d\u2019apparence plus jeune et un teint lumineux.Efficace sur les rides d\u2019expressions, il r\u00e9duit les rides profondes, lutte contre les taches pigmentaires, affine, raffermit la peau et r\u00e9g\u00e9n\u00e8re les cellules.<\/p>\n<p>Contient :<\/p>\n<p>Extrait de Perles des oc\u00e9ans\u00a0riches en min\u00e9raux clarifiant et remin\u00e9ralisant ,r\u00e9g\u00e9n\u00e8re et prot\u00e8ge les cellules ,lisse les rides et les asp\u00e9rit\u00e9s de la peau, d\u00e9fatigue tonifie et \u00e9claircit le teintAssociation d\u2019\u2019Oligopeptides et de Vitamine C\u00a0r\u00e9g\u00e9n\u00e8re les cellules et les prot\u00e8geNiacinamide (Vitamine B3)\u00a0lutte contre les taches pigmentaires de la peau. Complexe Botanique Sp\u00e9cifique qui interagit avec la peau gr\u00e2ce \u00e0 la pr\u00e9sence de 3 chromophores principaux (diminue rougeur et t\u00e2ches brunes tout en am\u00e9liorant la production homog\u00e8ne de collag\u00e8ne ) pour r\u00e9v\u00e9ler une peau plus jeune et un teint \u00e9clatantOligopeptide \u00ab\u00a0Combleur de ride\u00bb\u00a0le Matrixyl synth\u00e9 6 stimule la synth\u00e8se des six constituants majeurs de la matrice de la peau et de la jonction dermo-\u00e9pidermique pour un lissage pr\u00e9cis des rides et des ridulesExtrait de Matricaire Marin\u00a0relaxant musculaire naturel effet \u2018Botox\u2019Elastine Marine\u00a0am\u00e9liore l\u2019\u00e9lasticit\u00e9 et la fermet\u00e9 de la peauPlancton actif\u00a0ADN cellulaire qui r\u00e9pare et prot\u00e8geEnzymes Ferment\u00e9s\u00a0riches en antioxydants puissants provenant de micro-organismes vivant dans les profondeurs de l\u2019oc\u00e9an, pr\u00e9vient l\u2019apparition de signes visibles de photo-vieillissement, prot\u00e8ge les structures cellulaires des rayonnement UV et renforce l\u2019homog\u00e9n\u00e9it\u00e9 de la peau.<\/p>\n<p>Test\u00e9 dermatologiquement<\/p>\n<p>Ingr\u00e9dients S\u00e9rum anti\u00e2ge r\u00e9g\u00e9n\u00e9rant Perle et Diamant Yellow Rose :\u00a0Aqua (Water), Butylene Glycol, Cetearyl Alcohol, Glyceryl Stearate, Glycerin, Cetyl Alcohol, Myristyl Myristate, Simmondsia Chinensis (Jojoba) Seed oil, Caprylic\/Capric Triglyceride, PEG-100 Stearate, Butyrospermum Parkii (Shea) Butter, Dicaprylyl Carbonate, Isopropyl Myristate, Lanolin, Thermus Thermophillus Ferment, Hydrolyzed Pearl, Betaine, Niacinamide, Diamond Powder, Hydrolyzed Elastin, Oligopeptide-68, Palmitoyl Tripeptide-38, Acetyl Dipeptide-1 Cetyl Ester, Artemia extract, DNA, Sodium Hyaluronate, 3-o-Ethyl Ascorbic Acid, Bisabolol, Chamomilla Recutita (Matricaria) Flower extract, Olea Europaea (Olive) Fruit Oil, Persea Gratissima (Avocado) Oil, Tripleurospermum Maritimum extract, Panthenol, Trehalose, Phytosphingosine, Squalane, Phytosterols, Boswellia Serrata Gum, Hydroxypropyl Cyclodextrin, Ceramide EOP, Ceramide NP, Ceramide AP, Cholesterol, Tocopheryl Acetate, Allantoin, Dipropylene Glycol, Caprylyl Glycol, Dimethicone, Ethylhexylglycerin, Maris Sal (Sea Salt), Ceteareth-20, Disodium EDTA, Trilaureth-4 Phosphate, Sorbitan Laurate, Mica, Hydroxyethylcellulose, PEG-40 Stearate, Carbomer, Sodium Oleate, PPG-2 Myristyl Ether Propionate, Hydrogenated Lecithin, Xanthan Gum, Phenoxyethanol, BHT, Sodium Lauroyl Lactylate, Parfum (Fragrance)<\/p>\n<p>Ingr\u00e9dients Masque\u00a0 anti\u00e2ge regenerant Perle et Diamant Yellow Rose : L\u2019aciAqua (Water), Glycerin, Butylene Glycol, Ammonium Acryloyldimethyltaurate \/VP Copolymer, Panthenol, Niacinamide, Hydrolyzed Pearl, Hydrolyzed Elastin, Diamond Powder, Chitosan Succinamide, Sodium Hyaluronate, 3-o-Ethyl Ascorbic Acid, Aloe Barbadensis Leaf Juice, Chamomilla Recutita (Matricaria) Flower Extract, Cucumis Sativus (Cucumber) Fruit Extract, Betaine, Trehalose, Glycyrrhetinic Acid, Allantoin, Caprylic \/ Capric Triglyceride, Bisabolol, Maris Sal (Sea Salt), Tocopheryl Acetate, Boswellia Serrata Gum, Urea, Phenoxyethanol, Dipropylene Glycol, Polyacrylate-13, PPG-26-Buteth-26, Disodium EDTA, PEG-40 Hydrogenated Castor Oil, Propylene Glycol, Polyisobutene, Ethylhexylglycerin, Polysorbate 20, Parfum (Fragrance)de Glycyrrh\u00e9tinique<\/p>\n<p>&nbsp;<\/p>\n<p><strong>Promo serum Luminance Pearl and Diamond Yellow Rose cosmetics<\/strong><\/p>\n<p>The Perle and Diamant Yellow Rose cosmetic regenerating anti-aging mask is offered to purchase a Perle and Diamond Yellow Rose regenerating anti-age serum.<br \/>\nThe Perle and Diamond regenerating anti-age serum is composed of highly concentrated ultra-active ingredients. A precious formula that reveals a younger looking skin and a luminous complexion. Effective on wrinkles of expressions, it reduces deep wrinkles, tackles pigmentary spots, affinifies, firmens the skin and regenerates the cells.<br \/>\nContains:<br \/>\nExtract of Pearls of the oceans rich in minerals clarifying and remineralizing, regenerates and protects the cells, smoothes wrinkles and roughness of the skin, tones and clarifies the complexionOssociation of Oligopeptides and Vitamin C regenerates the cells and protects themNiacinamide B3) combats the pigmentary spots of the skin. Specific Botanical Complex that interacts with the skin thanks to the presence of 3 main chromophores (decreases redness and brown spots while improving the homogenous production of collagen) to reveal a younger skin and a radiant complexionOligopeptide \u00ab\u00a0wrinkle filler\u00a0\u00bb Matrixyl synth 6 Stimulates the synthesis of the six major constituents of the skin matrix and the dermo-epidermal junction for precise smoothing of wrinkles and fine linesExtract of Marine Matrix relaxant natural muscle relaxant effect &lsquo;Botox&rsquo;Elastine Marine improves the elasticity and firmness of the skin Skin Active Plankton Cellular DNA that repairs and protects Fermented enzymes rich in powerful antioxidants from microorganisms living in the ocean depths, prevents the appearance of visible signs of photo-aging, protects cell structures from UV radiation, Homogeneity of the skin.<br \/>\nDermatologically tested<\/p>\n<p>Ingr\u00e9dients S\u00e9rum anti\u00e2ge r\u00e9g\u00e9n\u00e9rant Perle et Diamant Yellow Rose :\u00a0Aqua (Water), Butylene Glycol, Cetearyl Alcohol, Glyceryl Stearate, Glycerin, Cetyl Alcohol, Myristyl Myristate, Simmondsia Chinensis (Jojoba) Seed oil, Caprylic\/Capric Triglyceride, PEG-100 Stearate, Butyrospermum Parkii (Shea) Butter, Dicaprylyl Carbonate, Isopropyl Myristate, Lanolin, Thermus Thermophillus Ferment, Hydrolyzed Pearl, Betaine, Niacinamide, Diamond Powder, Hydrolyzed Elastin, Oligopeptide-68, Palmitoyl Tripeptide-38, Acetyl Dipeptide-1 Cetyl Ester, Artemia extract, DNA, Sodium Hyaluronate, 3-o-Ethyl Ascorbic Acid, Bisabolol, Chamomilla Recutita (Matricaria) Flower extract, Olea Europaea (Olive) Fruit Oil, Persea Gratissima (Avocado) Oil, Tripleurospermum Maritimum extract, Panthenol, Trehalose, Phytosphingosine, Squalane, Phytosterols, Boswellia Serrata Gum, Hydroxypropyl Cyclodextrin, Ceramide EOP, Ceramide NP, Ceramide AP, Cholesterol, Tocopheryl Acetate, Allantoin, Dipropylene Glycol, Caprylyl Glycol, Dimethicone, Ethylhexylglycerin, Maris Sal (Sea Salt), Ceteareth-20, Disodium EDTA, Trilaureth-4 Phosphate, Sorbitan Laurate, Mica, Hydroxyethylcellulose, PEG-40 Stearate, Carbomer, Sodium Oleate, PPG-2 Myristyl Ether Propionate, Hydrogenated Lecithin, Xanthan Gum, Phenoxyethanol, BHT, Sodium Lauroyl Lactylate, Parfum (Fragrance)<\/p>\n<p>Ingr\u00e9dients Masque\u00a0 anti\u00e2ge regenerant Perle et Diamant Yellow Rose : L\u2019aciAqua (Water), Glycerin, Butylene Glycol, Ammonium Acryloyldimethyltaurate \/VP Copolymer, Panthenol, Niacinamide, Hydrolyzed Pearl, Hydrolyzed Elastin, Diamond Powder, Chitosan Succinamide, Sodium Hyaluronate, 3-o-Ethyl Ascorbic Acid, Aloe Barbadensis Leaf Juice, Chamomilla Recutita (Matricaria) Flower Extract, Cucumis Sativus (Cucumber) Fruit Extract, Betaine, Trehalose, Glycyrrhetinic Acid, Allantoin, Caprylic \/ Capric Triglyceride, Bisabolol, Maris Sal (Sea Salt), Tocopheryl Acetate, Boswellia Serrata Gum, Urea, Phenoxyethanol, Dipropylene Glycol, Polyacrylate-13, PPG-26-Buteth-26, Disodium EDTA, PEG-40 Hydrogenated Castor Oil, Propylene Glycol, Polyisobutene, Ethylhexylglycerin, Polysorbate 20, Parfum (Fragrance)de Glycyrrh\u00e9tinique<\/p>\n<p>&nbsp;<\/p>\n<p>&nbsp;<\/p>\n<\/div>\n","protected":false},"excerpt":{"rendered":"<h1>Promo s\u00e9rum Luminance Perle et Diamant Yellow Rose cosmetiques<\/h1>\n<p>&nbsp;<\/p>\n<p><strong>Le masque\u00a0 anti\u00e2ge regenerant Perle et Diamant Yellow Rose cosmetiques<\/strong> vous est offert pour l&rsquo;achat d&rsquo;un s\u00e9rum anti\u00e2ge r\u00e9g\u00e9n\u00e9rant Perle et Diamant Yellow Rose.<\/p>\n<div>\n<p>Le s\u00e9rum anti\u00e2ge r\u00e9g\u00e9n\u00e9rant Perle et Diamant est compos\u00e9 d\u2019actifs de pointe ultra concentr\u00e9. Une formule pr\u00e9cieuse qui r\u00e9v\u00e8le une peau d\u2019apparence plus jeune et un teint lumineux.Efficace sur les rides d\u2019expressions, il r\u00e9duit les rides profondes, lutte contre les taches pigmentaires, affine, raffermit la peau et r\u00e9g\u00e9n\u00e8re les cellules.<\/p>\n<p>Contient :<\/p>\n<p>Extrait de Perles des oc\u00e9ans\u00a0riches en min\u00e9raux clarifiant et remin\u00e9ralisant ,r\u00e9g\u00e9n\u00e8re et prot\u00e8ge les cellules ,lisse les rides et les asp\u00e9rit\u00e9s de la peau, d\u00e9fatigue tonifie et \u00e9claircit le teintAssociation d\u2019\u2019Oligopeptides et de Vitamine C\u00a0r\u00e9g\u00e9n\u00e8re les cellules et les prot\u00e8geNiacinamide (Vitamine B3)\u00a0lutte contre les taches pigmentaires de la peau. Complexe Botanique Sp\u00e9cifique qui interagit avec la peau gr\u00e2ce \u00e0 la pr\u00e9sence de 3 chromophores principaux (diminue rougeur et t\u00e2ches brunes tout en am\u00e9liorant la production homog\u00e8ne de collag\u00e8ne ) pour r\u00e9v\u00e9ler une peau plus jeune et un teint \u00e9clatantOligopeptide \u00ab\u00a0Combleur de ride\u00bb\u00a0le Matrixyl synth\u00e9 6 stimule la synth\u00e8se des six constituants majeurs de la matrice de la peau et de la jonction dermo-\u00e9pidermique pour un lissage pr\u00e9cis des rides et des ridulesExtrait de Matricaire Marin\u00a0relaxant musculaire naturel effet \u2018Botox\u2019Elastine Marine\u00a0am\u00e9liore l\u2019\u00e9lasticit\u00e9 et la fermet\u00e9 de la peauPlancton actif\u00a0ADN cellulaire qui r\u00e9pare et prot\u00e8geEnzymes Ferment\u00e9s\u00a0riches en antioxydants puissants provenant de micro-organismes vivant dans les profondeurs de l\u2019oc\u00e9an, pr\u00e9vient l\u2019apparition de signes visibles de photo-vieillissement, prot\u00e8ge les structures cellulaires des rayonnement UV et renforce l\u2019homog\u00e9n\u00e9it\u00e9 de la peau.<\/p>\n<p>Test\u00e9 dermatologiquement<\/p>\n<p>Ingr\u00e9dients S\u00e9rum anti\u00e2ge r\u00e9g\u00e9n\u00e9rant Perle et Diamant Yellow Rose :\u00a0Aqua (Water), Butylene Glycol, Cetearyl Alcohol, Glyceryl Stearate, Glycerin, Cetyl Alcohol, Myristyl Myristate, Simmondsia Chinensis (Jojoba) Seed oil, Caprylic\/Capric Triglyceride, PEG-100 Stearate, Butyrospermum Parkii (Shea) Butter, Dicaprylyl Carbonate, Isopropyl Myristate, Lanolin, Thermus Thermophillus Ferment, Hydrolyzed Pearl, Betaine, Niacinamide, Diamond Powder, Hydrolyzed Elastin, Oligopeptide-68, Palmitoyl Tripeptide-38, Acetyl Dipeptide-1 Cetyl Ester, Artemia extract, DNA, Sodium Hyaluronate, 3-o-Ethyl Ascorbic Acid, Bisabolol, Chamomilla Recutita (Matricaria) Flower extract, Olea Europaea (Olive) Fruit Oil, Persea Gratissima (Avocado) Oil, Tripleurospermum Maritimum extract, Panthenol, Trehalose, Phytosphingosine, Squalane, Phytosterols, Boswellia Serrata Gum, Hydroxypropyl Cyclodextrin, Ceramide EOP, Ceramide NP, Ceramide AP, Cholesterol, Tocopheryl Acetate, Allantoin, Dipropylene Glycol, Caprylyl Glycol, Dimethicone, Ethylhexylglycerin, Maris Sal (Sea Salt), Ceteareth-20, Disodium EDTA, Trilaureth-4 Phosphate, Sorbitan Laurate, Mica, Hydroxyethylcellulose, PEG-40 Stearate, Carbomer, Sodium Oleate, PPG-2 Myristyl Ether Propionate, Hydrogenated Lecithin, Xanthan Gum, Phenoxyethanol, BHT, Sodium Lauroyl Lactylate, Parfum (Fragrance)<\/p>\n<p>Ingr\u00e9dients Masque\u00a0 anti\u00e2ge regenerant Perle et Diamant Yellow Rose : L\u2019aciAqua (Water), Glycerin, Butylene Glycol, Ammonium Acryloyldimethyltaurate \/VP Copolymer, Panthenol, Niacinamide, Hydrolyzed Pearl, Hydrolyzed Elastin, Diamond Powder, Chitosan Succinamide, Sodium Hyaluronate, 3-o-Ethyl Ascorbic Acid, Aloe Barbadensis Leaf Juice, Chamomilla Recutita (Matricaria) Flower Extract, Cucumis Sativus (Cucumber) Fruit Extract, Betaine, Trehalose, Glycyrrhetinic Acid, Allantoin, Caprylic \/ Capric Triglyceride, Bisabolol, Maris Sal (Sea Salt), Tocopheryl Acetate, Boswellia Serrata Gum, Urea, Phenoxyethanol, Dipropylene Glycol, Polyacrylate-13, PPG-26-Buteth-26, Disodium EDTA, PEG-40 Hydrogenated Castor Oil, Propylene Glycol, Polyisobutene, Ethylhexylglycerin, Polysorbate 20, Parfum (Fragrance)de Glycyrrh\u00e9tinique<\/p>\n<p>&nbsp;<\/p>\n<p><strong>Promo serum Luminance Pearl and Diamond Yellow Rose cosmetics<\/strong><\/p>\n<p>The Perle and Diamant Yellow Rose cosmetic regenerating anti-aging mask is offered to purchase a Perle and Diamond Yellow Rose regenerating anti-age serum.<br \/>\nThe Perle and Diamond regenerating anti-age serum is composed of highly concentrated ultra-active ingredients. A precious formula that reveals a younger looking skin and a luminous complexion. Effective on wrinkles of expressions, it reduces deep wrinkles, tackles pigmentary spots, affinifies, firmens the skin and regenerates the cells.<br \/>\nContains:<br \/>\nExtract of Pearls of the oceans rich in minerals clarifying and remineralizing, regenerates and protects the cells, smoothes wrinkles and roughness of the skin, tones and clarifies the complexionOssociation of Oligopeptides and Vitamin C regenerates the cells and protects themNiacinamide B3) combats the pigmentary spots of the skin. Specific Botanical Complex that interacts with the skin thanks to the presence of 3 main chromophores (decreases redness and brown spots while improving the homogenous production of collagen) to reveal a younger skin and a radiant complexionOligopeptide \u00ab\u00a0wrinkle filler\u00a0\u00bb Matrixyl synth 6 Stimulates the synthesis of the six major constituents of the skin matrix and the dermo-epidermal junction for precise smoothing of wrinkles and fine linesExtract of Marine Matrix relaxant natural muscle relaxant effect &lsquo;Botox&rsquo;Elastine Marine improves the elasticity and firmness of the skin Skin Active Plankton Cellular DNA that repairs and protects Fermented enzymes rich in powerful antioxidants from microorganisms living in the ocean depths, prevents the appearance of visible signs of photo-aging, protects cell structures from UV radiation, Homogeneity of the skin.<br \/>\nDermatologically tested<\/p>\n<p>Ingr\u00e9dients S\u00e9rum anti\u00e2ge r\u00e9g\u00e9n\u00e9rant Perle et Diamant Yellow Rose :\u00a0Aqua (Water), Butylene Glycol, Cetearyl Alcohol, Glyceryl Stearate, Glycerin, Cetyl Alcohol, Myristyl Myristate, Simmondsia Chinensis (Jojoba) Seed oil, Caprylic\/Capric Triglyceride, PEG-100 Stearate, Butyrospermum Parkii (Shea) Butter, Dicaprylyl Carbonate, Isopropyl Myristate, Lanolin, Thermus Thermophillus Ferment, Hydrolyzed Pearl, Betaine, Niacinamide, Diamond Powder, Hydrolyzed Elastin, Oligopeptide-68, Palmitoyl Tripeptide-38, Acetyl Dipeptide-1 Cetyl Ester, Artemia extract, DNA, Sodium Hyaluronate, 3-o-Ethyl Ascorbic Acid, Bisabolol, Chamomilla Recutita (Matricaria) Flower extract, Olea Europaea (Olive) Fruit Oil, Persea Gratissima (Avocado) Oil, Tripleurospermum Maritimum extract, Panthenol, Trehalose, Phytosphingosine, Squalane, Phytosterols, Boswellia Serrata Gum, Hydroxypropyl Cyclodextrin, Ceramide EOP, Ceramide NP, Ceramide AP, Cholesterol, Tocopheryl Acetate, Allantoin, Dipropylene Glycol, Caprylyl Glycol, Dimethicone, Ethylhexylglycerin, Maris Sal (Sea Salt), Ceteareth-20, Disodium EDTA, Trilaureth-4 Phosphate, Sorbitan Laurate, Mica, Hydroxyethylcellulose, PEG-40 Stearate, Carbomer, Sodium Oleate, PPG-2 Myristyl Ether Propionate, Hydrogenated Lecithin, Xanthan Gum, Phenoxyethanol, BHT, Sodium Lauroyl Lactylate, Parfum (Fragrance)<\/p>\n<p>Ingr\u00e9dients Masque\u00a0 anti\u00e2ge regenerant Perle et Diamant Yellow Rose : L\u2019aciAqua (Water), Glycerin, Butylene Glycol, Ammonium Acryloyldimethyltaurate \/VP Copolymer, Panthenol, Niacinamide, Hydrolyzed Pearl, Hydrolyzed Elastin, Diamond Powder, Chitosan Succinamide, Sodium Hyaluronate, 3-o-Ethyl Ascorbic Acid, Aloe Barbadensis Leaf Juice, Chamomilla Recutita (Matricaria) Flower Extract, Cucumis Sativus (Cucumber) Fruit Extract, Betaine, Trehalose, Glycyrrhetinic Acid, Allantoin, Caprylic \/ Capric Triglyceride, Bisabolol, Maris Sal (Sea Salt), Tocopheryl Acetate, Boswellia Serrata Gum, Urea, Phenoxyethanol, Dipropylene Glycol, Polyacrylate-13, PPG-26-Buteth-26, Disodium EDTA, PEG-40 Hydrogenated Castor Oil, Propylene Glycol, Polyisobutene, Ethylhexylglycerin, Polysorbate 20, Parfum (Fragrance)de Glycyrrh\u00e9tinique<\/p>\n<p>&nbsp;<\/p>\n<p>&nbsp;<\/p>\n<\/div>\n","protected":false},"featured_media":3501,"comment_status":"open","ping_status":"closed","template":"","meta":[],"_links":{"self":[{"href":"https:\/\/www.saphy.com\/healthcare-cosmetique\/wp-json\/wp\/v2\/product\/2719"}],"collection":[{"href":"https:\/\/www.saphy.com\/healthcare-cosmetique\/wp-json\/wp\/v2\/product"}],"about":[{"href":"https:\/\/www.saphy.com\/healthcare-cosmetique\/wp-json\/wp\/v2\/types\/product"}],"replies":[{"embeddable":true,"href":"https:\/\/www.saphy.com\/healthcare-cosmetique\/wp-json\/wp\/v2\/comments?post=2719"}],"wp:featuredmedia":[{"embeddable":true,"href":"https:\/\/www.saphy.com\/healthcare-cosmetique\/wp-json\/wp\/v2\/media\/3501"}],"wp:attachment":[{"href":"https:\/\/www.saphy.com\/healthcare-cosmetique\/wp-json\/wp\/v2\/media?parent=2719"}],"curies":[{"name":"wp","href":"https:\/\/api.w.org\/{rel}","templated":true}]}}