{"id":3367,"date":"2017-11-09T11:31:14","date_gmt":"2017-11-09T10:31:14","guid":{"rendered":"https:\/\/www.saphy.com\/healthcare-cosmetique\/?post_type=product&#038;p=3367"},"modified":"2023-11-27T11:40:29","modified_gmt":"2023-11-27T10:40:29","slug":"cc-creme-hydrocellulaire-yellow-rose-cosmetics","status":"publish","type":"product","link":"https:\/\/www.saphy.com\/healthcare-cosmetique\/produit\/cc-creme-hydrocellulaire-yellow-rose-cosmetics\/","title":{"rendered":"CC cr\u00e8me Hydrocellulaire  Yellow Rose cosmetics"},"content":{"rendered":"<p>CC cr\u00e8me Hydrocellulaire Yellow Rose cosmetics<\/p>\n<p>Une Cr\u00e8me anti-\u00e2ge, hydratante couvrante multi-action pour toutes les peaux avec protection solaire SPF30 (UVA\/UVB).<\/p>\n<p>Offre un teint mat, naturel et uniforme, cache les imperfections, att\u00e9nue les rides et renforce l\u2019\u00e9lasticit\u00e9.<\/p>\n<p>Prot\u00e8ge contre les rayons UV (UVA \/ UVB SPF 30), apaise la peau en la laissant lumineuse et hydrat\u00e9e.<\/p>\n<p>Mat, uniforme et naturel<br \/>\n\u2022 Haute protection contre les UV (UVA \/ UVB SPF 30)<br \/>\n\u2022 Protection antioxydante<br \/>\n\u2022 Hydratation<br \/>\n\u2022 Activit\u00e9 antirides<br \/>\n\u2022 Am\u00e9lioration de l&rsquo;\u00e9lasticit\u00e9<br \/>\n\u2022 Effet apaisant<br \/>\n\u2022 Peau lisse et soyeuse.<br \/>\nUtilisation<br \/>\nAppliquer une quantit\u00e9 ad\u00e9quate sur le visage et masser doucement jusqu&rsquo;\u00e0 absorption. R\u00e9appliquer pour plus de couverture. \u00c9viter le contact visuel.<br \/>\nLes ingr\u00e9dients principaux<br \/>\nContient<br \/>\nCellules souches, Acide hyaluronique, Oligopeptides anti-rides, Extrait de perle riche en nutriments et acides amin\u00e9s, Extrait de soie, extraits naturels \u00e0 action antioxydante et apaisante (Magnolia, Th\u00e9 blanc et Fleur de lotus), actifs naturels \u00e9claircissants et actifs apaisants (Acide octad\u00e9c\u00e8nedio\u00efque), m\u00e9lange apaisant de naring\u00e9nine (flavon apaisant et antioxydant), panth\u00e9nol, calendula, camomille, bisabolol, c\u00e9ramides hydratants, extrait de Centella, gel d&rsquo;Aloe Vera, vitamines \u0395 et C, beurre de karit\u00e9, huile de jojoba<br \/>\nUtilisation<br \/>\nAppliquer uniform\u00e9ment sur tout le visage jusqu\u2019\u00e0 absorption compl\u00e8te. R\u00e9p\u00e9ter pour plus de couvrance.<\/p>\n<p>HYDROCELLULAR CC CREAM YELLOW ROSE COSMETICS<\/p>\n<p>Moisturizing, antiaging multi-action covering cream for all skin types, with high UV protection SPF 30 (UVA\/UVB). This special formula contains a highly advanced blend of actives that offer multiple benefits on the skin:<\/p>\n<p>\u2022 Matte, uniform and natural covering<br \/>\n\u2022 High UV Protection (UVA \/ UVB SPF 30)<br \/>\n\u2022 Antioxidant protection<br \/>\n\u2022 Moisturization<br \/>\n\u2022 Antiwrinkle activity<br \/>\n\u2022 Elasticity enhancement<br \/>\n\u2022 Soothing effect<br \/>\n\u2022 Smooth and Silky skin.<br \/>\nUse<br \/>\nApply an adequate quantity over face and massage gently until absorbed. Reapply for more coverage. Avoid contact with eyes.<br \/>\nMain Ingredients<br \/>\nContains<br \/>\napple Stem Cells, Hyaluronic acid, antiwrinkle Oligopeptides, Pearl extract rich in nutrients and aminoacids, Silk extract, natural extracts with antioxidant and soothing action (Magnolia, White Tea and Lotus flower), special naturally derived brighteningand redness calming active (Octadecenedioic acid), soothing blend of Naringenin (calming and antioxidant flavon), Panthenol, Calendula, Chamomile, Bisabolol, moisturizing Ceramides, Centella extract, Aloe Vera gel, Vitamins \u0395 and C, Shea butter, Jojoba oil and Allantoin.<\/p>\n<p>&nbsp;<\/p>\n","protected":false},"excerpt":{"rendered":"<p>CC cr\u00e8me Hydrocellulaire Yellow Rose cosmetics Une Cr\u00e8me anti-\u00e2ge, hydratante couvrante multi-action pour toutes les peaux avec protection solaire SPF30 (UVA\/UVB). Offre un teint mat, naturel et uniforme, cache les imperfections, att\u00e9nue les rides et renforce l\u2019\u00e9lasticit\u00e9. Prot\u00e8ge contre les rayons UV (UVA \/ UVB SPF 30), apaise la peau en la laissant lumineuse et [&hellip;]<\/p>\n","protected":false},"featured_media":3485,"comment_status":"open","ping_status":"closed","template":"","meta":[],"_links":{"self":[{"href":"https:\/\/www.saphy.com\/healthcare-cosmetique\/wp-json\/wp\/v2\/product\/3367"}],"collection":[{"href":"https:\/\/www.saphy.com\/healthcare-cosmetique\/wp-json\/wp\/v2\/product"}],"about":[{"href":"https:\/\/www.saphy.com\/healthcare-cosmetique\/wp-json\/wp\/v2\/types\/product"}],"replies":[{"embeddable":true,"href":"https:\/\/www.saphy.com\/healthcare-cosmetique\/wp-json\/wp\/v2\/comments?post=3367"}],"wp:featuredmedia":[{"embeddable":true,"href":"https:\/\/www.saphy.com\/healthcare-cosmetique\/wp-json\/wp\/v2\/media\/3485"}],"wp:attachment":[{"href":"https:\/\/www.saphy.com\/healthcare-cosmetique\/wp-json\/wp\/v2\/media?parent=3367"}],"curies":[{"name":"wp","href":"https:\/\/api.w.org\/{rel}","templated":true}]}}