{"id":3426,"date":"2017-12-13T09:58:20","date_gmt":"2017-12-13T08:58:20","guid":{"rendered":"https:\/\/www.saphy.com\/healthcare-cosmetique\/?post_type=product&#038;p=3426"},"modified":"2024-09-30T11:01:23","modified_gmt":"2024-09-30T10:01:23","slug":"tribulus-terrestris-himalaya-herbals","status":"publish","type":"product","link":"https:\/\/www.saphy.com\/healthcare-cosmetique\/produit\/tribulus-terrestris-himalaya-herbals\/","title":{"rendered":"TRIBULUS TERRESTRIS WELLNESS HIMALAYA HERBALS"},"content":{"rendered":"<h1>TRIBULUS TERRESTRIS WELLNESS HIMALAYA HERBALS<\/h1>\n<p>Compl\u00e9ment alimentaire<\/p>\n<p>Himalaya Herbals<\/p>\n<p>La science par les plantes depuis 1930.<\/p>\n<p>&nbsp;<\/p>\n<p>Composition de deux g\u00e9lules : 500\u00a0 mg d\u2019extrait de fruit de Tribulus Terrestris ,microcristalline cellulose (\u00e9mulsifiant) , Dicalcium phosphate (\u00e9mulsifiant) ,st\u00e9arate de magn\u00e9sium.(agent d\u2019enrobage),Dioxyde de Silicium (anti-agglom\u00e9rant) .<\/p>\n<p>Conseil d\u2019utilisation : 2 g\u00e9lules par jour apr\u00e8s les repas<br \/>\nBoite de 60 g\u00e9lules v\u00e9g\u00e9tales<\/p>\n<p>Ne pas d\u00e9passer la dose journali\u00e8re recommand\u00e9e.<\/p>\n<p>Les compl\u00e9ments alimentaires ne doivent pas \u00eatre utilis\u00e9s comme substitut d\u2019un r\u00e9gime alimentaire vari\u00e9, \u00e9quilibr\u00e9 et d\u2019un mode de vie sain.<\/p>\n<p>Ne\u00a0 pas\u00a0 utiliser chez la femme enceinte et\/ou qui allaitent sans avis m\u00e9dical .<br \/>\nNe pas utiliser chez les enfants de moins de 14 ans .<br \/>\nA conserver dans un endroit frais et sec, hors de port\u00e9e des enfants<\/p>\n<p>&nbsp;<\/p>\n<p>&nbsp;<\/p>\n<p>Tribulus TERRESTRIS Himalaya HERBALS<\/p>\n<p>The mission of the Himalaya Laboratories is that the well being by the plants is an integral part of each household. Our range of herbal food supplements is specially formulated to help you achieve physical and mental wellbeing and to have a better quality of life. We strive to make this possible through our commitment to science in all of our herbal health care.<\/p>\n<p>&nbsp;<\/p>\n<p>Usage Tip:<br \/>\n2 capsule per day after meals<\/p>\n<p>&nbsp;<\/p>\n","protected":false},"excerpt":{"rendered":"<h1>TRIBULUS TERRESTRIS WELLNESS HIMALAYA HERBALS<\/h1>\n<p>Compl\u00e9ment alimentaire<\/p>\n<p>La mission des laboratoires Himalaya est\u00a0 que le bien \u00eatre par les plantes soit une part int\u00e9grante de chaque foyer. Notre gamme de compl\u00e9ments alimentaires \u00e0 base de plantes est sp\u00e9cialement formul\u00e9e pour vous aider \u00e0 atteindre le bien-\u00eatre physique et mental et avoir\u00a0 une meilleure qualit\u00e9 de vie. Nous nous effor\u00e7ons de rendre cela possible gr\u00e2ce \u00e0 notre engagement envers la science dans tous nos soins de sant\u00e9 \u00e0 base de plantes.<\/p>\n<p>&nbsp;<\/p>\n<p>Composition de deux g\u00e9lules : 500\u00a0 mg d\u2019extrait de fruit de Tribulus Terrestris ,microcristalline cellulose (\u00e9mulsifiant) , Dicalcium phosphate (\u00e9mulsifiant) ,st\u00e9arate de magn\u00e9sium.(agent d\u2019enrobage),Dioxyde de Silicium (anti-agglom\u00e9rant) .<\/p>\n<p>Conseil d\u2019utilisation : 2 g\u00e9lules par jour apr\u00e8s les repas<br \/>\nBoite de 60 g\u00e9lules v\u00e9g\u00e9tales<\/p>\n<p>Ne pas d\u00e9passer la dose journali\u00e8re recommand\u00e9e.<\/p>\n<p>Les compl\u00e9ments alimentaires ne doivent pas \u00eatre utilis\u00e9s comme substitut d\u2019un r\u00e9gime alimentaire vari\u00e9, \u00e9quilibr\u00e9 et d\u2019un mode de vie sain.<\/p>\n<p>Ne\u00a0 pas\u00a0 utiliser chez la femme enceinte et\/ou qui allaitent sans avis m\u00e9dical .<br \/>\nNe pas utiliser chez les enfants de moins de 14 ans .<br \/>\nA conserver dans un endroit frais et sec, hors de port\u00e9e des enfants<\/p>\n<p>&nbsp;<\/p>\n<p>&nbsp;<\/p>\n<p>Tribulus TERRESTRIS Himalaya HERBALS<\/p>\n<p>The mission of the Himalaya Laboratories is that the well being by the plants is an integral part of each household. Our range of herbal food supplements is specially formulated to help you achieve physical and mental wellbeing and to have a better quality of life. We strive to make this possible through our commitment to science in all of our herbal health care.<\/p>\n<p>&nbsp;<\/p>\n<p>Usage Tip:<br \/>\n2 capsule per day after meals<\/p>\n<p>&nbsp;<\/p>\n","protected":false},"featured_media":4041,"comment_status":"open","ping_status":"closed","template":"","meta":[],"_links":{"self":[{"href":"https:\/\/www.saphy.com\/healthcare-cosmetique\/wp-json\/wp\/v2\/product\/3426"}],"collection":[{"href":"https:\/\/www.saphy.com\/healthcare-cosmetique\/wp-json\/wp\/v2\/product"}],"about":[{"href":"https:\/\/www.saphy.com\/healthcare-cosmetique\/wp-json\/wp\/v2\/types\/product"}],"replies":[{"embeddable":true,"href":"https:\/\/www.saphy.com\/healthcare-cosmetique\/wp-json\/wp\/v2\/comments?post=3426"}],"wp:featuredmedia":[{"embeddable":true,"href":"https:\/\/www.saphy.com\/healthcare-cosmetique\/wp-json\/wp\/v2\/media\/4041"}],"wp:attachment":[{"href":"https:\/\/www.saphy.com\/healthcare-cosmetique\/wp-json\/wp\/v2\/media?parent=3426"}],"curies":[{"name":"wp","href":"https:\/\/api.w.org\/{rel}","templated":true}]}}