{"id":3435,"date":"2017-12-13T15:04:17","date_gmt":"2017-12-13T14:04:17","guid":{"rendered":"https:\/\/www.saphy.com\/healthcare-cosmetique\/?post_type=product&#038;p=3435"},"modified":"2021-03-15T15:10:16","modified_gmt":"2021-03-15T14:10:16","slug":"creme-pour-les-mains-hydratante-yellow-rose-cosmetics","status":"publish","type":"product","link":"https:\/\/www.saphy.com\/healthcare-cosmetique\/produit\/creme-pour-les-mains-hydratante-yellow-rose-cosmetics\/","title":{"rendered":"Cr\u00e8me pour les mains hydratante Yellow rose cosmetics"},"content":{"rendered":"<p>Cr\u00e8me pour les mains hydratante Yellow rose cosmetics<\/p>\n<p>Une cr\u00e8me pour les mains hydratante et nourrissante pour lutter contre la s\u00e9cheresse, perte de fermet\u00e9 et de taches d&rsquo;\u00e2ge. Sa texture soyeuse est facilement absorb\u00e9e, traite instantan\u00e9ment les mains , laissant un toucher velout\u00e9 .\u00a0 Pas grasse et tr\u00e8s agr\u00e9able \u00e0 utiliser ,elle est id\u00e9al pour une utilisation sur des mains \u00ab\u00a0gerc\u00e9es\u00a0\u00bb.<\/p>\n<p>Appliquer et masser doucement jusqu&rsquo;\u00e0 compl\u00e8te absorption.<\/p>\n<p>Sans parab\u00e8nes<\/p>\n<p>Hydrate<\/p>\n<p>Nourrit<\/p>\n<p>Lutte contre les taches pigmentaires<\/p>\n<p>Principaux ingr\u00e9dients:<\/p>\n<p>Elastine marine,acide hyaluronique,aloe vera,glycerine,allatoine,panthenol,vitamine E,extrait de camomille,huie d&rsquo;olive vierge ,huile d&rsquo;amande douce, beurre de karite,complexe sp\u00e9cifique \u00e0 base de liposomes,isoflavones de soja,extrait de pousse de cresson qui combat les taches de vieillesse.<\/p>\n<p>50 ml.<\/p>\n<p>Ingr\u00e9dient: aqua,glycerine,glyceryl stearate SE,C12-15,Alkyl benzoate,Ethylhexyl palmitate,zea mays starcg,prunus amygdalus dulcis oil,caprylic\/capric triglyceride,butylene glycol,cetyl alcohol,isopropyl myristate,myristil myristate,allantoine,lepidium sativum sprout extract,butyrospermum parkii butter,panthenol,sodium hyaluronate,chamomilla recutita(matricaria) flower extraxt,caprylyl glycol,ethylglycerin,olea europea (olive) fruit o\u00efl,aloe barbadensis leaf juice,tocopheryl acetate,polyabsorbate 80,hydrolyzed elastin,cyclopentasiloxane,dimeticone,alcohol,soy isoflavones,lecithin,phenoxynethanol,parfum<\/p>\n<p>&nbsp;<\/p>\n<p>Yellow Rose Cosmetics Hand Cream<br \/>\nA moisturizing and nourishing hand cream for drought control, loss of firmness and age spots. Its silky texture is easily absorbed, instantly treats hands, leaving a velvety touch. Not greasy and very nice to use, it is ideal for use on hands \u00ab\u00a0chapped\u00a0\u00bb.<\/p>\n<p>Apply and massage gently until full absorption.<\/p>\n<p>Without parabens<\/p>\n<p>Hydrate<\/p>\n<p>Feeds<\/p>\n<p>Fight against pigment spots<\/p>\n<p>50 ml.<br \/>\nIngredients: elastin Marine, hyaluronic acid, aloe vera, Glycerin, allatoine, Panthenol, vitamin E, chamomile extract, virgin olive Huie, sweet almond oil, shea butter, liposome-based specific complex, isoflavones of Soy, watercress sprout extract that fights old age spots.<\/p>\n<p>&nbsp;<\/p>\n","protected":false},"excerpt":{"rendered":"<p>Cr\u00e8me pour les mains hydratante Yellow rose cosmetics<\/p>\n<p>Une cr\u00e8me pour les mains hydratante et nourrissante pour lutter contre la s\u00e9cheresse, perte de fermet\u00e9 et de taches d&rsquo;\u00e2ge. Sa texture soyeuse est facilement absorb\u00e9e, traite instantan\u00e9ment les mains , laissant un toucher velout\u00e9 . Pas grasse et tr\u00e8s agr\u00e9able \u00e0 utiliser ,elle est id\u00e9al pour une utilisation sur des mains \u00ab\u00a0gerc\u00e9es\u00a0\u00bb. Appliquer et masser doucement jusqu&rsquo;\u00e0 compl\u00e8te absorption.<\/p>\n<p>Sans parab\u00e8nes<\/p>\n<p>Hydrate<\/p>\n<p>Nourrit<\/p>\n<p>Lutte contre les taches pigmentaires<\/p>\n<p>Principaux ingr\u00e9dients:<\/p>\n<p>Elastine marine,acide hyaluronique,aloe vera,glycerine,allatoine,panthenol,vitamine E,extrait de camomille,huie d&rsquo;olive vierge ,huile d&rsquo;amande douce, beurre de karite,complexe sp\u00e9cifique \u00e0 base de liposomes,isoflavones de soja,extrait de pousse de cresson qui combat les taches de vieillesse.<\/p>\n<p>50 ml.<\/p>\n<p>Ingr\u00e9dient: aqua,glycerine,glyceryl stearate SE,C12-15,Alkyl benzoate,Ethylhexyl palmitate,zea mays starcg,prunus amygdalus dulcis oil,caprylic\/capric triglyceride,butylene glycol,cetyl alcohol,isopropyl myristate,myristil myristate,allantoine,lepidium sativum sprout extract,butyrospermum parkii butter,panthenol,sodium hyaluronate,chamomilla recutita(matricaria) flower extraxt,caprylyl glycol,ethylglycerin,olea europea (olive) fruit o\u00efl,aloe barbadensis leaf juice,tocopheryl acetate,polyabsorbate 80,hydrolyzed elastin,cyclopentasiloxane,dimeticone,alcohol,soy isoflavones,lecithin,phenoxynethanol,parfum<\/p>\n<p>&nbsp;<\/p>\n<p>Yellow Rose Cosmetics Hand Cream<br \/>\nA moisturizing and nourishing hand cream for drought control, loss of firmness and age spots. Its silky texture is easily absorbed, instantly treats hands, leaving a velvety touch. Not greasy and very nice to use, it is ideal for use on hands \u00ab\u00a0chapped\u00a0\u00bb. Apply and massage gently until full absorption.<br \/>\nWithout parabens<br \/>\nHydrate<br \/>\nFeeds<br \/>\nFight against pigment spots<\/p>\n<p>50 ml.<br \/>\nIngredients: elastin Marine, hyaluronic acid, aloe vera, Glycerin, allatoine, Panthenol, vitamin E, chamomile extract, virgin olive Huie, sweet almond oil, shea butter, liposome-based specific complex, isoflavones of Soy, watercress sprout extract that fights old age spots.<\/p>\n<p>&nbsp;<\/p>\n","protected":false},"featured_media":3436,"comment_status":"open","ping_status":"closed","template":"","meta":[],"_links":{"self":[{"href":"https:\/\/www.saphy.com\/healthcare-cosmetique\/wp-json\/wp\/v2\/product\/3435"}],"collection":[{"href":"https:\/\/www.saphy.com\/healthcare-cosmetique\/wp-json\/wp\/v2\/product"}],"about":[{"href":"https:\/\/www.saphy.com\/healthcare-cosmetique\/wp-json\/wp\/v2\/types\/product"}],"replies":[{"embeddable":true,"href":"https:\/\/www.saphy.com\/healthcare-cosmetique\/wp-json\/wp\/v2\/comments?post=3435"}],"wp:featuredmedia":[{"embeddable":true,"href":"https:\/\/www.saphy.com\/healthcare-cosmetique\/wp-json\/wp\/v2\/media\/3436"}],"wp:attachment":[{"href":"https:\/\/www.saphy.com\/healthcare-cosmetique\/wp-json\/wp\/v2\/media?parent=3435"}],"curies":[{"name":"wp","href":"https:\/\/api.w.org\/{rel}","templated":true}]}}