{"id":3737,"date":"2018-06-01T13:50:53","date_gmt":"2018-06-01T12:50:53","guid":{"rendered":"https:\/\/www.saphy.com\/healthcare-cosmetique\/?post_type=product&#038;p=3737"},"modified":"2024-02-01T15:45:55","modified_gmt":"2024-02-01T14:45:55","slug":"masque-visage-au-chocolat-yellow-rose-cosmetiques","status":"publish","type":"product","link":"https:\/\/www.saphy.com\/healthcare-cosmetique\/produit\/masque-visage-au-chocolat-yellow-rose-cosmetiques\/","title":{"rendered":"Masque visage au chocolat Yellow Rose Cosm\u00e9tiques"},"content":{"rendered":"<h1>Masque visage au chocolat Yellow Rose Cosm\u00e9tiques<\/h1>\n<p>Masque hydratant, anti-stress et revitalisant pour le visage.<\/p>\n<p>Bas\u00e9 sur du cacao naturel et d&rsquo;autres ingr\u00e9dients nourrissants, \u00e9claircissants et hydratants.<\/p>\n<p>Lors de l&rsquo;utilisation du Chocolate Face Mask, la sensation de chocolat sur la peau et son<br \/>\nar\u00f4me naturel riche cr\u00e9ent une sensation vigoureuse et sans stress.<br \/>\nConvient \u00e0 tous les types de peau (sauf les peaux sujettes \u00e0 l&rsquo;acn\u00e9).<\/p>\n<p>Comment utiliser\u00a0 le\u00a0Masque visage au chocolat Yellow Rose Cosm\u00e9tiques :<br \/>\nAppliquer sur la peau propre une couche uniforme sur le visage et le cou. \u00c9vitez le contour des yeux. Laissez le masque pendant 15 \u00e0 20 minutes. Retirez-le avec de l&rsquo;eau et appliquez en suite la<a href=\"https:\/\/www.saphy.com\/healthcare-cosmetique\/produit\/creme-visage-au-chocolat-yellow-rose-cosmetiques\/\"> cr\u00e8me visage au chocolat Yellow rose cosmetics.<\/a> Peut \u00eatre combin\u00e9 efficacement avec les autres produits de soin visage au chocolay\u00a0 Yellow Rose cosmetics .Utilisez 1 \u00e0 3 fois par semaine.<\/p>\n<p>Les ingr\u00e9dients principaux:<\/p>\n<p>Cacao naturel A des polyph\u00e9nols, qui sont des antioxydants puissants, de la caf\u00e9ine et de la th\u00e9obromine aux propri\u00e9t\u00e9s tonifiantes et raffermissantes, des vitamines, des oligo-\u00e9l\u00e9ments, des prot\u00e9ines nourrissantes et du beurre de cacao hydratant et apaisant. Liposomes avec<br \/>\ncoenzyme Q10 et antioxydant carnitine et agent de r\u00e9g\u00e9n\u00e9ration de la vitamine E. Kombuchka (effet \u00ablipofilling\u00bb) Extrait de fermentation de th\u00e9 noir qui aide \u00e0 restaurer le volume et<br \/>\nl&rsquo;\u00e9paisseur de la peau, tout en augmentant sa brillance et son \u00e9lasticit\u00e9. Diacetyl Boldine<br \/>\nactive \u00e0 partir de l&rsquo;\u00e9corce du Boldo chilien, prot\u00e8ge de l&rsquo;irritation, contrebalance la<br \/>\nformation de m\u00e9lanine et illumine la peau. Prot\u00e9ines de riz Les prot\u00e9ines, en raison de leur forte substantivit\u00e9 pour la peau et de leurs propri\u00e9t\u00e9s filmog\u00e8nes, agissent comme hydratants et conf\u00e8rent \u00e9lasticit\u00e9 et vitalit\u00e9 \u00e0 l&rsquo;\u00e9piderme. Ils stimulent le m\u00e9tabolisme cellulaire et ils r\u00e9duisent consid\u00e9rablement l&rsquo;irritation. Complexe de vitamine C stable Combat les<br \/>\nradicaux libres, rend la peau plus lumineuse et aide \u00e0 la biosynth\u00e8se du collag\u00e8ne. Huile de jojoba La jojoba est une cire liquide tr\u00e8s p\u00e9n\u00e9trante et ressemblant \u00e9troitement au s\u00e9bum<br \/>\nhumain. \u00c9mollient et hydratant, apaise et traite la peau ab\u00eem\u00e9e, laissant une sensation de<br \/>\nnon-gras. Contient \u00e9galement de la l\u00e9cithine de soja, de l&rsquo;allanto\u00efne, du d-panth\u00e9nol<br \/>\n(provitamine B5) et des vitamines E et A<\/p>\n<p><strong>Moisturising, anti-stress and revitalizing face gel mask.<\/strong><\/p>\n<p>Based on natural Cacao and other nourishing, brightening and moisturizing ingredients.<br \/>\nDuring the use of the Chocolate Face mask the feeling of chocolate on the skin and its rich natural aroma create a vigorous and stress-free feeling.<br \/>\nSuitable for all skin types (except acne-prone skins).<br \/>\nUsing this Product:<\/p>\n<p>Use 1 to 3 times per week. Apply to clean skin a uniform layer over the face and neck. Avoid the eye contour area. Leave the mask on for 15 to 20 minutes. Remove it with water and tone the skin by using the appropriate Yellow Rose Lotion. Can be combined effectively with the other Yellow Rose Chocolate Face Treatment products.<\/p>\n<p>Main Ingredients:<br \/>\nNatural Cacao Has polyphenols, which are strong anti-oxidants, Caffeine and Theobromine with toning and firming properties, vitamins, trace elements, nourishing proteins and the moisturising and soothing Cacao butter. Liposomes with Coenzyme Q10 and Carnitine Antioxidant and vitamin E regenerator agent. Kombuchka (\u201clipofilling\u201d effect) Black tea fermentation extract which helps restore skin\u2019s volume and thickness, while increasing its brightness and elasticity. Diacetyl Boldine active from the bark of the Chilean Boldo tree, protects from irritation, counter-balances the formation of melanin and brightens the skin. Rice proteins Proteins due to their high substantivity for skin and their film-forming properties, act as moisturisers and impart elasticity and vitality to the epidermis. They stimulate cell metabolism and they considerably reduce irritation. Complex of Stable Vitamin C Fights free radicals, makes the skin brighter and helps in the biosynthesis of Collagen. Jojoba Oil Jojoba is a liquid wax highly penetrating and closely resembling human sebum. Emollient and moisturiser, soothes and treats damaged skin, leaving a non-greasy after-feel. Contains also Soy Lecithin, Allantoin, d-Panthenol (pro-vitamin B5) and Vitamins E and A<\/p>\n","protected":false},"excerpt":{"rendered":"<h1>Masque visage au chocolat Yellow Rose Cosm\u00e9tiques<\/h1>\n<p>Masque hydratant, anti-stress et revitalisant pour le visage.<\/p>\n<p>Bas\u00e9 sur du cacao naturel et d&rsquo;autres ingr\u00e9dients nourrissants, \u00e9claircissants et hydratants.<\/p>\n<p>Lors de l&rsquo;utilisation du Chocolate Face Mask, la sensation de chocolat sur la peau et son<br \/>\nar\u00f4me naturel riche cr\u00e9ent une sensation vigoureuse et sans stress.<br \/>\nConvient \u00e0 tous les types de peau (sauf les peaux sujettes \u00e0 l&rsquo;acn\u00e9).<\/p>\n<p>Comment utiliser\u00a0 le\u00a0Masque visage au chocolat Yellow Rose Cosm\u00e9tiques :<br \/>\nAppliquer sur la peau propre une couche uniforme sur le visage et le cou. \u00c9vitez le contour des yeux. Laissez le masque pendant 15 \u00e0 20 minutes. Retirez-le avec de l&rsquo;eau et appliquez en suite la<a href=\"https:\/\/www.saphy.com\/healthcare-cosmetique\/produit\/creme-visage-au-chocolat-yellow-rose-cosmetiques\/\"> cr\u00e8me visage au chocolat Yellow rose cosmetics.<\/a> Peut \u00eatre combin\u00e9 efficacement avec les autres produits de soin visage au chocolay\u00a0 Yellow Rose cosmetics .Utilisez 1 \u00e0 3 fois par semaine.<\/p>\n<p>Les ingr\u00e9dients principaux:<\/p>\n<p>Cacao naturel A des polyph\u00e9nols, qui sont des antioxydants puissants, de la caf\u00e9ine et de la th\u00e9obromine aux propri\u00e9t\u00e9s tonifiantes et raffermissantes, des vitamines, des oligo-\u00e9l\u00e9ments, des prot\u00e9ines nourrissantes et du beurre de cacao hydratant et apaisant. Liposomes avec<br \/>\ncoenzyme Q10 et antioxydant carnitine et agent de r\u00e9g\u00e9n\u00e9ration de la vitamine E. Kombuchka (effet \u00ablipofilling\u00bb) Extrait de fermentation de th\u00e9 noir qui aide \u00e0 restaurer le volume et<br \/>\nl&rsquo;\u00e9paisseur de la peau, tout en augmentant sa brillance et son \u00e9lasticit\u00e9. Diacetyl Boldine<br \/>\nactive \u00e0 partir de l&rsquo;\u00e9corce du Boldo chilien, prot\u00e8ge de l&rsquo;irritation, contrebalance la<br \/>\nformation de m\u00e9lanine et illumine la peau. Prot\u00e9ines de riz Les prot\u00e9ines, en raison de leur forte substantivit\u00e9 pour la peau et de leurs propri\u00e9t\u00e9s filmog\u00e8nes, agissent comme hydratants et conf\u00e8rent \u00e9lasticit\u00e9 et vitalit\u00e9 \u00e0 l&rsquo;\u00e9piderme. Ils stimulent le m\u00e9tabolisme cellulaire et ils r\u00e9duisent consid\u00e9rablement l&rsquo;irritation. Complexe de vitamine C stable Combat les<br \/>\nradicaux libres, rend la peau plus lumineuse et aide \u00e0 la biosynth\u00e8se du collag\u00e8ne. Huile de jojoba La jojoba est une cire liquide tr\u00e8s p\u00e9n\u00e9trante et ressemblant \u00e9troitement au s\u00e9bum<br \/>\nhumain. \u00c9mollient et hydratant, apaise et traite la peau ab\u00eem\u00e9e, laissant une sensation de<br \/>\nnon-gras. Contient \u00e9galement de la l\u00e9cithine de soja, de l&rsquo;allanto\u00efne, du d-panth\u00e9nol<br \/>\n(provitamine B5) et des vitamines E et A<\/p>\n<p><strong>Moisturising, anti-stress and revitalizing face gel mask.<\/strong><\/p>\n<p>Based on natural Cacao and other nourishing, brightening and moisturizing ingredients.<br \/>\nDuring the use of the Chocolate Face mask the feeling of chocolate on the skin and its rich natural aroma create a vigorous and stress-free feeling.<br \/>\nSuitable for all skin types (except acne-prone skins).<br \/>\nUsing this Product:<\/p>\n<p>Use 1 to 3 times per week. Apply to clean skin a uniform layer over the face and neck. Avoid the eye contour area. Leave the mask on for 15 to 20 minutes. Remove it with water and tone the skin by using the appropriate Yellow Rose Lotion. Can be combined effectively with the other Yellow Rose Chocolate Face Treatment products.<\/p>\n<p>Main Ingredients:<br \/>\nNatural Cacao Has polyphenols, which are strong anti-oxidants, Caffeine and Theobromine with toning and firming properties, vitamins, trace elements, nourishing proteins and the moisturising and soothing Cacao butter. Liposomes with Coenzyme Q10 and Carnitine Antioxidant and vitamin E regenerator agent. Kombuchka (\u201clipofilling\u201d effect) Black tea fermentation extract which helps restore skin\u2019s volume and thickness, while increasing its brightness and elasticity. Diacetyl Boldine active from the bark of the Chilean Boldo tree, protects from irritation, counter-balances the formation of melanin and brightens the skin. Rice proteins Proteins due to their high substantivity for skin and their film-forming properties, act as moisturisers and impart elasticity and vitality to the epidermis. They stimulate cell metabolism and they considerably reduce irritation. Complex of Stable Vitamin C Fights free radicals, makes the skin brighter and helps in the biosynthesis of Collagen. Jojoba Oil Jojoba is a liquid wax highly penetrating and closely resembling human sebum. Emollient and moisturiser, soothes and treats damaged skin, leaving a non-greasy after-feel. Contains also Soy Lecithin, Allantoin, d-Panthenol (pro-vitamin B5) and Vitamins E and A<\/p>\n","protected":false},"featured_media":4099,"comment_status":"open","ping_status":"closed","template":"","meta":[],"_links":{"self":[{"href":"https:\/\/www.saphy.com\/healthcare-cosmetique\/wp-json\/wp\/v2\/product\/3737"}],"collection":[{"href":"https:\/\/www.saphy.com\/healthcare-cosmetique\/wp-json\/wp\/v2\/product"}],"about":[{"href":"https:\/\/www.saphy.com\/healthcare-cosmetique\/wp-json\/wp\/v2\/types\/product"}],"replies":[{"embeddable":true,"href":"https:\/\/www.saphy.com\/healthcare-cosmetique\/wp-json\/wp\/v2\/comments?post=3737"}],"wp:featuredmedia":[{"embeddable":true,"href":"https:\/\/www.saphy.com\/healthcare-cosmetique\/wp-json\/wp\/v2\/media\/4099"}],"wp:attachment":[{"href":"https:\/\/www.saphy.com\/healthcare-cosmetique\/wp-json\/wp\/v2\/media?parent=3737"}],"curies":[{"name":"wp","href":"https:\/\/api.w.org\/{rel}","templated":true}]}}