{"id":4238,"date":"2019-04-03T12:28:24","date_gmt":"2019-04-03T11:28:24","guid":{"rendered":"https:\/\/www.saphy.com\/healthcare-cosmetique\/?post_type=product&#038;p=4238"},"modified":"2021-02-10T13:40:54","modified_gmt":"2021-02-10T12:40:54","slug":"pain-balm-himalaya-herbals","status":"publish","type":"product","link":"https:\/\/www.saphy.com\/healthcare-cosmetique\/produit\/pain-balm-himalaya-herbals\/","title":{"rendered":"PAIN BALM HIMALAYA HERBALS"},"content":{"rendered":"<p>PAIN BALM HIMALAYA HERBALS<\/p>\n<p>Pain balm des laboratoires Himalaya Herbals est un baume riche en huile de gaulth\u00e9rie et menthe formul\u00e9 pour aider \u00e0 d\u00e9tendre les muscles .<br \/>\nProduit ayurv\u00e9dique \u00e0 base de plantes .<\/p>\n<p>Himalaya Herbals est une gamme de produits efficaces et s\u00fbrs qui utilisent des herbes sp\u00e9cifiques soigneusement s\u00e9lectionn\u00e9es dans la nature qui allie le meilleur de l&rsquo;ayurveda \u00e0 des ann\u00e9es de recherche scientifique.<\/p>\n<p>&nbsp;<\/p>\n<p>Principaux composants botaniques:<\/p>\n<p>Huile de Gaultheria fragrantissima<br \/>\nHuile de Mentha arvensis (Mint, Putiha) .<br \/>\nC\u00e9leri (Apium graveolens) est un ingr\u00e9dient utilis\u00e9 en Inde dans de nombreuses pommades, onguents et les lotions. Il est utilis\u00e9 pour traiter les g\u00eanes musculaires mineures en application externe.<\/p>\n<p>Conseil d&rsquo;utilisation :<br \/>\nMasser d\u00e9licatement sur la zone concern\u00e9e 2-3 fois par jour.<br \/>\nUsage externe uniquement<\/p>\n<p>&nbsp;<\/p>\n<p>HIMALAYAN\u00a0 BALM HERBALS<br \/>\nPain balm from the laboratories Himalaya Herbals is a balm rich in Gaultheria oil and Mint formulated to help relax the muscles.<br \/>\nHerbal Ayurvedic product.<br \/>\nHimalaya Herbals is a range of efficient and safe products that use specific herbs carefully selected in nature that combines the best of Ayurveda with years of scientific research.<\/p>\n<p>Main botanical components:<br \/>\nGaultheria oil fragrantissima<br \/>\nOil of Mentha arvensis (Mint, Putiha).<br \/>\nCelery (Apium graveolens) is an ingredient used in India in many pommades, ointments and lotions. It is used to treat minor muscle genes in external application.<br \/>\nUse tip:<br \/>\nGently massage on the area concerned 2-3 times a day.<br \/>\nExternal use only<\/p>\n","protected":false},"excerpt":{"rendered":"<p>PAIN BALM HIMALAYA HERBALS Pain balm des laboratoires Himalaya Herbals est un baume riche en huile de gaulth\u00e9rie et menthe formul\u00e9 pour aider \u00e0 d\u00e9tendre les muscles . Produit ayurv\u00e9dique \u00e0 base de plantes . Himalaya Herbals est une gamme de produits efficaces et s\u00fbrs qui utilisent des herbes sp\u00e9cifiques soigneusement s\u00e9lectionn\u00e9es dans la nature [&hellip;]<\/p>\n","protected":false},"featured_media":4239,"comment_status":"open","ping_status":"closed","template":"","meta":[],"_links":{"self":[{"href":"https:\/\/www.saphy.com\/healthcare-cosmetique\/wp-json\/wp\/v2\/product\/4238"}],"collection":[{"href":"https:\/\/www.saphy.com\/healthcare-cosmetique\/wp-json\/wp\/v2\/product"}],"about":[{"href":"https:\/\/www.saphy.com\/healthcare-cosmetique\/wp-json\/wp\/v2\/types\/product"}],"replies":[{"embeddable":true,"href":"https:\/\/www.saphy.com\/healthcare-cosmetique\/wp-json\/wp\/v2\/comments?post=4238"}],"wp:featuredmedia":[{"embeddable":true,"href":"https:\/\/www.saphy.com\/healthcare-cosmetique\/wp-json\/wp\/v2\/media\/4239"}],"wp:attachment":[{"href":"https:\/\/www.saphy.com\/healthcare-cosmetique\/wp-json\/wp\/v2\/media?parent=4238"}],"curies":[{"name":"wp","href":"https:\/\/api.w.org\/{rel}","templated":true}]}}