{"id":4254,"date":"2019-04-16T16:24:14","date_gmt":"2019-04-16T15:24:14","guid":{"rendered":"https:\/\/www.saphy.com\/healthcare-cosmetique\/?post_type=product&#038;p=4254"},"modified":"2022-06-16T09:26:54","modified_gmt":"2022-06-16T08:26:54","slug":"shampooing-smooth-silky-himalaya-herbals-400-ml","status":"publish","type":"product","link":"https:\/\/www.saphy.com\/healthcare-cosmetique\/produit\/shampooing-smooth-silky-himalaya-herbals-400-ml\/","title":{"rendered":"SHAMPOOING SMOOTH &#038; SILKY HIMALAYA HERBALS 400 ml"},"content":{"rendered":"<p>SHAMPOOING SMOOTH &amp; SILKY HIMALAYA HERBALS 400 ml<\/p>\n<p>Vos cheveux sont rugueux et cr\u00e9pus? . La formule de notre shampooing hydratant Smooth and silky Himalaya est riche en avocat qui hydrate les cheveux secs et \/ou cr\u00e9pus et aide \u00e0 leur donner un aspect lisse et soyeux.<\/p>\n<p>Ingr\u00e9dients principaux <b>: <\/b>Avocat<\/p>\n<p>L&rsquo;avocat aide \u00e0 lisser les cheveux et \u00e0 controler les frisottis.<\/p>\n<p>Conseil d&rsquo;utilisation: Mouillez vos cheveux et masser d\u00e9licatement le cuir chevelu et l&rsquo;ensemble de la chevelure . Rincer abondamment. R\u00e9p\u00e9ter si n\u00e9cessaire<\/p>\n<p>Format familial 400 ml<\/p>\n","protected":false},"excerpt":{"rendered":"<p>SHAMPOOING SMOOTH &amp; SILKY HIMALAYA HERBALS 400 ml Vos cheveux sont rugueux et cr\u00e9pus? . La formule de notre shampooing hydratant Smooth and silky Himalaya est riche en avocat qui hydrate les cheveux secs et \/ou cr\u00e9pus et aide \u00e0 leur donner un aspect lisse et soyeux. Ingr\u00e9dients principaux : Avocat L&rsquo;avocat aide \u00e0 lisser [&hellip;]<\/p>\n","protected":false},"featured_media":4630,"comment_status":"open","ping_status":"closed","template":"","meta":[],"_links":{"self":[{"href":"https:\/\/www.saphy.com\/healthcare-cosmetique\/wp-json\/wp\/v2\/product\/4254"}],"collection":[{"href":"https:\/\/www.saphy.com\/healthcare-cosmetique\/wp-json\/wp\/v2\/product"}],"about":[{"href":"https:\/\/www.saphy.com\/healthcare-cosmetique\/wp-json\/wp\/v2\/types\/product"}],"replies":[{"embeddable":true,"href":"https:\/\/www.saphy.com\/healthcare-cosmetique\/wp-json\/wp\/v2\/comments?post=4254"}],"wp:featuredmedia":[{"embeddable":true,"href":"https:\/\/www.saphy.com\/healthcare-cosmetique\/wp-json\/wp\/v2\/media\/4630"}],"wp:attachment":[{"href":"https:\/\/www.saphy.com\/healthcare-cosmetique\/wp-json\/wp\/v2\/media?parent=4254"}],"curies":[{"name":"wp","href":"https:\/\/api.w.org\/{rel}","templated":true}]}}