{"id":4531,"date":"2020-08-27T10:01:18","date_gmt":"2020-08-27T09:01:18","guid":{"rendered":"https:\/\/www.saphy.com\/healthcare-cosmetique\/?post_type=product&#038;p=4531"},"modified":"2022-10-24T10:39:12","modified_gmt":"2022-10-24T09:39:12","slug":"gel-hydratant-visage-et-corps-a-l-aloe-vera-himalaya-herbals-300ml","status":"publish","type":"product","link":"https:\/\/www.saphy.com\/healthcare-cosmetique\/produit\/gel-hydratant-visage-et-corps-a-l-aloe-vera-himalaya-herbals-300ml\/","title":{"rendered":"Gel hydratant visage et corps \u00e0 l&rsquo; Aloe Vera Himalaya Herbals 300ml"},"content":{"rendered":"<p>Gel hydratant visage et corps \u00e0 l&rsquo; Aloe Vera Himalaya Herbals\u00a0 300ml<\/p>\n<p>Hydrate, rafra\u00eechit et apaise la peau<\/p>\n<p>Hydratant Visage &amp; Corps Aloe Vera<\/p>\n<p>L&rsquo;aloe Vera est reconnue pour ses nombreux bienfaits pour la peau . Son action hydratante ,reparatrice et apaisante apporte confort et \u00e9lasticit\u00e9 \u00e0 votre peau.<\/p>\n<p>Pour usage externe uniquement. Eviter le contact avec les yeux. A conserver au frais id\u00e9alement \u00e0 une temp\u00e9rature inf\u00e9rieure \u00e0 25\u00b0.<\/p>\n<p>Ingr\u00e9dients: Aqua, Aloe Barbadensis Leaf Juice, Propylene Glycol,Carbomer, Phenoxyethanol, PEG-40 Hydrogenated Castor Oil, Parfum, Sodium Hydroxide,Ethylhexylglycerin, Disodium EDTA, Benzophenone-4, Potassium Sorbate, Sodium Benzoate,Butylphenyl methylpropional, Limonene, Linalool.<\/p>\n","protected":false},"excerpt":{"rendered":"<p>Gel hydratant visage et corps \u00e0 l&rsquo; Aloe Vera Himalaya Herbals\u00a0 300ml Hydrate, rafra\u00eechit et apaise la peau Hydratant Visage &amp; Corps Aloe Vera L&rsquo;aloe Vera est reconnue pour ses nombreux bienfaits pour la peau . Son action hydratante ,reparatrice et apaisante apporte confort et \u00e9lasticit\u00e9 \u00e0 votre peau. Pour usage externe uniquement. Eviter le [&hellip;]<\/p>\n","protected":false},"featured_media":4532,"comment_status":"open","ping_status":"closed","template":"","meta":[],"_links":{"self":[{"href":"https:\/\/www.saphy.com\/healthcare-cosmetique\/wp-json\/wp\/v2\/product\/4531"}],"collection":[{"href":"https:\/\/www.saphy.com\/healthcare-cosmetique\/wp-json\/wp\/v2\/product"}],"about":[{"href":"https:\/\/www.saphy.com\/healthcare-cosmetique\/wp-json\/wp\/v2\/types\/product"}],"replies":[{"embeddable":true,"href":"https:\/\/www.saphy.com\/healthcare-cosmetique\/wp-json\/wp\/v2\/comments?post=4531"}],"wp:featuredmedia":[{"embeddable":true,"href":"https:\/\/www.saphy.com\/healthcare-cosmetique\/wp-json\/wp\/v2\/media\/4532"}],"wp:attachment":[{"href":"https:\/\/www.saphy.com\/healthcare-cosmetique\/wp-json\/wp\/v2\/media?parent=4531"}],"curies":[{"name":"wp","href":"https:\/\/api.w.org\/{rel}","templated":true}]}}