{"id":4583,"date":"2020-10-21T10:00:56","date_gmt":"2020-10-21T09:00:56","guid":{"rendered":"https:\/\/www.saphy.com\/healthcare-cosmetique\/?post_type=product&#038;p=4583"},"modified":"2023-11-27T11:40:06","modified_gmt":"2023-11-27T10:40:06","slug":"masque-peel-off-cellulaire-yellow-rose-cosmetics","status":"publish","type":"product","link":"https:\/\/www.saphy.com\/healthcare-cosmetique\/produit\/masque-peel-off-cellulaire-yellow-rose-cosmetics\/","title":{"rendered":"MASQUE PEEL OFF CELLULAIRE YELLOW ROSE COSMETICS"},"content":{"rendered":"<p>MASQUE PEEL OFF CELLULAIRE YELLOW ROSE COSMETICS<\/p>\n<p>Le Masque cellulaire\u00a0 est sp\u00e9cialement con\u00e7u pour booster le\u00a0 renouvellement cellulaire et pour aider \u00e0 combattre le vieillissement cutan\u00e9.<\/p>\n<p>Principaux ingr\u00e9dients:<\/p>\n<p>Cellules souches de fruits obtenues \u00e0 partir d\u2019une pomme suisse rare (Malus Domastica) et encapsul\u00e9es dans des liposomes. Leur r\u00f4le principal est de prot\u00e9ger et de cr\u00e9er un environnement d\u2019action id\u00e9al pour les cellules souches \u00e9pith\u00e9liales de la peau. Par cons\u00e9quent, ils assurent l\u2019auto-renouvellement des tissus cutan\u00e9s et progressivement ils combattent les signes de vieillissement. Extrait de grenade Contient des anthocyanines, gallotannins &amp; Ellagitannins qui ont de fortes propri\u00e9t\u00e9s astringentes et antioxydantes. Extrait de melon Extrait apaisant qui contient l\u2019enzyme antioxydante Superoxyde Dismutase, appel\u00e9 \u00ab &lsquo;enzyme de la vi \u00bb extrait de mangue riche en carot\u00e9no\u00efdes anti-oxydatifs, nutriments et oligo-\u00e9l\u00e9ments Extrait kiwi riche en vitamine C et d\u2019autres antioxydants comme les polyph\u00e9nols et la vitamine E. 2 types d\u2019acide hyaluronique (poids mol\u00e9culaire \u00e9lev\u00e9 et faible) L\u2019acide hyaluronique LMW (faible poids mol\u00e9culaire) p\u00e9n\u00e8tre la peau avec l\u2019eau qui absorbe et hydrate les couches plus profondes de la peau. En m\u00eame temps, il facilite la restructuration de la peau. L\u2019acide hyaluronique HMW (High Molecular Weight) hydrate fortement la couche externe de la peau, ce qui augmente l\u2019\u00e9lasticit\u00e9 de la peau. La vitamine C tr\u00e8s stable combat les radicaux libres, rend la peau plus brillante et aide \u00e0 la biosynth\u00e8se du collag\u00e8ne. La b\u00e9t\u00e9tine (Trimethylglycine) hydrate les acides amin\u00e9s des betteraves \u00e0 sucre. Disaccharide naturel de Trehalose avec des capacit\u00e9s remarquables de r\u00e9tention d\u2019humidit\u00e9. Extrait de camomille Utilis\u00e9 pour son conditionnement cutan\u00e9, ses propri\u00e9t\u00e9s apaisantes et anti-inflammatoires. Un m\u00e9lange sp\u00e9cial de Panth\u00e9nol, d\u2019acide glycyrrh\u00e9nicique et d\u2019ur\u00e9e Les composants agissent en synergie pour r\u00e9duire l\u2019irritation et apaiser la peau. a-Bisabobolol Est la principale composante active de l\u2019huile essentielle de camomille (Matricaria recutita). Anti-inflammatoire, cicatrisation des plaies, antibact\u00e9rien et apaisant pour les peaux sensibles. Extrait de Boswellia Serrata Extrait de la r\u00e9sine de Boswellia serrata arbre, couramment trouv\u00e9 en Inde, avec de bonnes propri\u00e9t\u00e9s anti-inflammatoires et apaisantes. Contient aussi extrait de concombre, extrait de camomille, vitamines A et E et allanto\u00efne.<\/p>\n<p>Masques de poudre d\u2019alginate pour le visage (de qualit\u00e9 pharmaceutique) qui sont faciles \u00e0 utiliser (m\u00e9lang\u00e9s avec de l\u2019eau et enlev\u00e9s en une seule pi\u00e8ce).<\/p>\n<p>Ce soin hydrate les couches sup\u00e9rieures de l\u2019\u00e9piderme et am\u00e9liore\u00a0 la texture de la peau.<\/p>\n<p>Utilisation<br \/>\nM\u00e9langer pour 2 minutes 25g de poudre avec 50 ml d\u2019eau, jusqu\u2019 \u00e0 ce que la p\u00e2te soit homog\u00e8ne. Laisser reposer le m\u00e9lange pendant 1-2 minutes dans le bol (pour une meilleure dispersion des ingr\u00e9dients actifs) et m\u00e9langer \u00e0 nouveau intens\u00e9ment. Laisser le masque pendant 15-20 minutes. Se retire en une seule pi\u00e8ce. Enlever les r\u00e9sidus avec de l\u2019eau et\/ou avec la lotion tonique cellulaire Yellow rose cosmetics.<\/p>\n<p>&nbsp;<\/p>\n","protected":false},"excerpt":{"rendered":"<p>MASQUE PEEL OFF CELLULAIRE YELLOW ROSE COSMETICS Le Masque cellulaire\u00a0 est sp\u00e9cialement con\u00e7u pour booster le\u00a0 renouvellement cellulaire et pour aider \u00e0 combattre le vieillissement cutan\u00e9. Principaux ingr\u00e9dients: Cellules souches de fruits obtenues \u00e0 partir d\u2019une pomme suisse rare (Malus Domastica) et encapsul\u00e9es dans des liposomes. Leur r\u00f4le principal est de prot\u00e9ger et de cr\u00e9er [&hellip;]<\/p>\n","protected":false},"featured_media":4584,"comment_status":"open","ping_status":"closed","template":"","meta":[],"_links":{"self":[{"href":"https:\/\/www.saphy.com\/healthcare-cosmetique\/wp-json\/wp\/v2\/product\/4583"}],"collection":[{"href":"https:\/\/www.saphy.com\/healthcare-cosmetique\/wp-json\/wp\/v2\/product"}],"about":[{"href":"https:\/\/www.saphy.com\/healthcare-cosmetique\/wp-json\/wp\/v2\/types\/product"}],"replies":[{"embeddable":true,"href":"https:\/\/www.saphy.com\/healthcare-cosmetique\/wp-json\/wp\/v2\/comments?post=4583"}],"wp:featuredmedia":[{"embeddable":true,"href":"https:\/\/www.saphy.com\/healthcare-cosmetique\/wp-json\/wp\/v2\/media\/4584"}],"wp:attachment":[{"href":"https:\/\/www.saphy.com\/healthcare-cosmetique\/wp-json\/wp\/v2\/media?parent=4583"}],"curies":[{"name":"wp","href":"https:\/\/api.w.org\/{rel}","templated":true}]}}