{"id":4640,"date":"2020-12-02T16:26:11","date_gmt":"2020-12-02T15:26:11","guid":{"rendered":"https:\/\/www.saphy.com\/healthcare-cosmetique\/?post_type=product&#038;p=4640"},"modified":"2022-01-27T13:12:29","modified_gmt":"2022-01-27T12:12:29","slug":"lot-de-3-dentifrices-soin-complets-dents-et-gencives-himalaya","status":"publish","type":"product","link":"https:\/\/www.saphy.com\/healthcare-cosmetique\/produit\/lot-de-3-dentifrices-soin-complets-dents-et-gencives-himalaya\/","title":{"rendered":"LOT DE 3 DENTIFRICES SOIN COMPLETS DENTS ET GENCIVES HIMALAYA"},"content":{"rendered":"<p>LOT DE 3 DENTIFRICES SOIN COMPLETS DENTS ET GENCIVES HIMALAYA<\/p>\n<p>&nbsp;<\/p>\n<p>Soin complet dents et gencives Himalaya Herbals<br \/>\nLe dentifrice Soin complet Dents et Gencives Himalaya Herbals 100% v\u00e9g\u00e9tal vous offre une protection total.<br \/>\nSon action antibact\u00e9rienne et antioxydante combat les microbes et les bact\u00e9ries responsables de la carie dentaire, emp\u00eachant ainsi le mal de dent. Il agit durablement contre la mauvaise haleine et la formation de la plaque dentaire. Il arr\u00eate \u00e9galement le saignement des gencives, r\u00e9duit le gonflement des gencives et assainit les plaies.<br \/>\nPrincipaux composants botaniques<br \/>\nMiswak et le Bambou pr\u00e9viennent les inflammations des gencives et r\u00e9duisent les saignements<br \/>\nNeem : antiseptique naturel lutte contre les microbes.<br \/>\nGrenade poss\u00e8de des propri\u00e9t\u00e9s astringentes naturelles et resserre les gencives.<br \/>\nConseil d\u2019utilisation<br \/>\nBrossez soigneusement les dents au moins deux fois par jour selon les recommandations du votre dentiste ou m\u00e9decin. Sous la supervision des parents, il est conseill\u00e9 pour les enfants de moins de 6 ans, d\u2019utiliser une quantit\u00e9 de dentifrice de la taille d\u2019un petit pois. Rincer soigneusement la bouche apr\u00e8s brossage.<br \/>\nIngr\u00e9dients: sorbitol,aqua,hydrated silica,glycrein,silica sodium lauryl sulphate,flavour,xanthan gum,titanium dioxide sodiumsaccharin,menthol,sodium benzoate,punica granatum preicarp extract,potassium sorbate,calcium fluoride,zanthoxylum alatum fruit extract,terminalia bellerica fruit extract,emblica officinalis fruit extract,embelia ribes fruit extract,azadirachta indica bark extract,vitex negundo extract,thymol,citric acid,salvadora persica stem extract,acacia farnesiana flower extract,acacia catechu bark powder,mimosops elengi flower extract,limonene<br \/>\nHimalaya Herbals Complete care toothpaste<br \/>\nIts antibacterial and antioxidant action combats the microbes and bacteria responsible for tooth decay, thus preventing toothache. It acts durably against bad breath and the formation of dental plaque. It also stops bleeding gums, reduces swelling of the gums and cleans up sores.<br \/>\nMain botanical components<br \/>\nMiswak and Bamboo prevent gum inflammation and reduce bleeding<br \/>\nNeem: natural antiseptic fight against microbes.<br \/>\nGranada has natural astringent properties and tightens the gums.<br \/>\nusing advice<br \/>\nBrush your teeth thoroughly at least twice a day as recommended by your dentist or doctor. Under the supervision of parents, it is advisable for children under 6 years old to use a quantity of toothpaste the size of a pea. Rinse mouth thoroughly after brushing<br \/>\nIngr\u00e9dients: sorbitol,aqua,hydrated silica,glycrein,silica sodium lauryl sulphate,flavour,xanthan gum,titanium dioxide sodiumsaccharin,menthol,sodium benzoate,punica granatum preicarp extract,potassium sorbate,calcium fluoride,zanthoxylum alatum fruit extract,terminalia bellerica fruit extract,emblica officinalis fruit extract,embelia ribes fruit extract,azadirachta indica bark extract,vitex negundo extract,thymol,citric acid,salvadora persica stem extract,acacia farnesiana flower extract,acacia catechu bark powder,mimosops elengi flower extract,limonene<\/p>\n","protected":false},"excerpt":{"rendered":"<p>LOT DE 3 DENTIFRICES SOIN COMPLETS DENTS ET GENCIVES HIMALAYA &nbsp; Soin complet dents et gencives Himalaya Herbals Le dentifrice Soin complet Dents et Gencives Himalaya Herbals 100% v\u00e9g\u00e9tal vous offre une protection total. Son action antibact\u00e9rienne et antioxydante combat les microbes et les bact\u00e9ries responsables de la carie dentaire, emp\u00eachant ainsi le mal de [&hellip;]<\/p>\n","protected":false},"featured_media":4647,"comment_status":"open","ping_status":"closed","template":"","meta":[],"_links":{"self":[{"href":"https:\/\/www.saphy.com\/healthcare-cosmetique\/wp-json\/wp\/v2\/product\/4640"}],"collection":[{"href":"https:\/\/www.saphy.com\/healthcare-cosmetique\/wp-json\/wp\/v2\/product"}],"about":[{"href":"https:\/\/www.saphy.com\/healthcare-cosmetique\/wp-json\/wp\/v2\/types\/product"}],"replies":[{"embeddable":true,"href":"https:\/\/www.saphy.com\/healthcare-cosmetique\/wp-json\/wp\/v2\/comments?post=4640"}],"wp:featuredmedia":[{"embeddable":true,"href":"https:\/\/www.saphy.com\/healthcare-cosmetique\/wp-json\/wp\/v2\/media\/4647"}],"wp:attachment":[{"href":"https:\/\/www.saphy.com\/healthcare-cosmetique\/wp-json\/wp\/v2\/media?parent=4640"}],"curies":[{"name":"wp","href":"https:\/\/api.w.org\/{rel}","templated":true}]}}