{"id":4695,"date":"2021-01-13T16:15:34","date_gmt":"2021-01-13T15:15:34","guid":{"rendered":"https:\/\/www.saphy.com\/healthcare-cosmetique\/?post_type=product&#038;p=4695"},"modified":"2021-10-27T13:16:53","modified_gmt":"2021-10-27T12:16:53","slug":"shampooing-purifiant-reequilibrant-hyalurvedic-200-ml-gyada-cosmetics","status":"publish","type":"product","link":"https:\/\/www.saphy.com\/healthcare-cosmetique\/produit\/shampooing-purifiant-reequilibrant-hyalurvedic-200-ml-gyada-cosmetics\/","title":{"rendered":"SHAMPOOING PURIFIANT REEQUILIBRANT HYALURVEDIC  GYADA COSMETICS"},"content":{"rendered":"<p>SHAMPOOING PURIFIANT REEQUILIBRANT HYALURVEDIC GYADA COSMETICS<\/p>\n<p>Le shampooing\u00a0 purifiant r\u00e9equilibrant\u00a0 HYALURVEDIC est une formule enrichi en plantes ayurv\u00e9diques et en acide hyaluronique.<\/p>\n<p>Les bienfaits des herbes ayurv\u00e9diques combin\u00e9s avec le complexe capillaire 3D innovant: les mol\u00e9cules d&rsquo;acide hyaluronique \u00e0 PM faible et \u00e9lev\u00e9e cr\u00e9ent une barri\u00e8re sur la tige du cheveu, r\u00e9duisant les frisottis et apportant hydratation et protection \u00e0 la fibre capillaire.<\/p>\n<p>Les extraits de plantes ayurv\u00e9diques sont id\u00e9aux pour donner brillance, d\u00e9m\u00ealage, volume et douceur aux cheveux. Le shampooing hyalurv\u00e9dique au Neem, Moringa et Cassia (Henn\u00e9 neutre) est id\u00e9al pour les cheveux gras, fins et ab\u00eem\u00e9s, gr\u00e2ce aux propri\u00e9t\u00e9s purifiantes et s\u00e9bor\u00e9gulatrices du Neem (utile pour lutter contre les pellicules) et gr\u00e2ce \u00e0 l&rsquo;action d\u00e9toxifiante du Moringa sur le cuir chevelu . Enrichi en extrait de poivre chinois aux propri\u00e9t\u00e9s calmantes, il est utile pour apaiser m\u00eame les cuirs chevelus les plus sensibles. Enfin, Cassia renforce la tige capillaire, donnant aux cheveux un aspect sain et lumineux.<\/p>\n<p>Le shampooing purifiant r\u00e9\u00e9quilibrant Hyalurvedic \u00a0et garanti SANS BHA-BHT-COLORANT-EDTA-PEG-PARABEN-SANS PETROLE-SLES-SLS-SILICONE.<\/p>\n<ul class=\"product__features--list\">\n<li>Pour les cheveux gras, fins et stress\u00e9s<\/li>\n<li>Effet \u00e9quilibrant<\/li>\n<li>Hydratation en profondeur<\/li>\n<\/ul>\n<p>&nbsp;<\/p>\n<p>Ingr\u00e9dients :<\/p>\n<p>Aloe barbadensis leaf juice (*), Aqua, Ammonium lauryl sulfate, Coco-glucoside, Cocamidopropyl betaine, Parfum, Cassia italica leaf extract, Zanthoxylum bungeanum fruit extract, Moringa oleifera seed extract, Melia azadirachta seed oil, Guar hydroxypropyltrimonium chloride, Hydrolyzed hyaluronic acid, Sodium PCA, Tocopherol, Sodium hyaluronate, Glyceryl oleate, Benzyl alcohol, Citric acid, Glycerin, Tetrasodium glutamate diacetate, Benzoic acid, Dehydroacetic acid, Limonene, Linalool, Coumarin, Citronellol, Oleyl alcohol, Phenoxyethanol, Lactic acid, Sodium benzoate, Potassium sorbate, Disodium phosphate.<\/p>\n<p>(*) from Organic Agriculture<\/p>\n<p>200 ML<\/p>\n","protected":false},"excerpt":{"rendered":"<p>SHAMPOOING PURIFIANT REEQUILIBRANT HYALURVEDIC GYADA COSMETICS Le shampooing\u00a0 purifiant r\u00e9equilibrant\u00a0 HYALURVEDIC est une formule enrichi en plantes ayurv\u00e9diques et en acide hyaluronique. Les bienfaits des herbes ayurv\u00e9diques combin\u00e9s avec le complexe capillaire 3D innovant: les mol\u00e9cules d&rsquo;acide hyaluronique \u00e0 PM faible et \u00e9lev\u00e9e cr\u00e9ent une barri\u00e8re sur la tige du cheveu, r\u00e9duisant les frisottis et [&hellip;]<\/p>\n","protected":false},"featured_media":4696,"comment_status":"open","ping_status":"closed","template":"","meta":[],"_links":{"self":[{"href":"https:\/\/www.saphy.com\/healthcare-cosmetique\/wp-json\/wp\/v2\/product\/4695"}],"collection":[{"href":"https:\/\/www.saphy.com\/healthcare-cosmetique\/wp-json\/wp\/v2\/product"}],"about":[{"href":"https:\/\/www.saphy.com\/healthcare-cosmetique\/wp-json\/wp\/v2\/types\/product"}],"replies":[{"embeddable":true,"href":"https:\/\/www.saphy.com\/healthcare-cosmetique\/wp-json\/wp\/v2\/comments?post=4695"}],"wp:featuredmedia":[{"embeddable":true,"href":"https:\/\/www.saphy.com\/healthcare-cosmetique\/wp-json\/wp\/v2\/media\/4696"}],"wp:attachment":[{"href":"https:\/\/www.saphy.com\/healthcare-cosmetique\/wp-json\/wp\/v2\/media?parent=4695"}],"curies":[{"name":"wp","href":"https:\/\/api.w.org\/{rel}","templated":true}]}}