{"id":4705,"date":"2021-01-14T16:56:31","date_gmt":"2021-01-14T15:56:31","guid":{"rendered":"https:\/\/www.saphy.com\/healthcare-cosmetique\/?post_type=product&#038;p=4705"},"modified":"2024-09-30T11:24:19","modified_gmt":"2024-09-30T10:24:19","slug":"gel-nettoyant-peaux-grasses-pour-homme-himalaya-herbals","status":"publish","type":"product","link":"https:\/\/www.saphy.com\/healthcare-cosmetique\/produit\/gel-nettoyant-peaux-grasses-pour-homme-himalaya-herbals\/","title":{"rendered":"Gel nettoyant peaux grasses Pour homme Himalaya Herbals"},"content":{"rendered":"<p>Gel nettoyant peaux grasses Pour homme Himalaya Herbals<\/p>\n<p class=\"purifying-neem-face-wash\">Une formulation sans savon, \u00e0 base de plantes qui nettoie en douceur votre visage et supprime l&rsquo;exc\u00e8s de s\u00e9bum. Il est enrichi en citron et en ecorce de saule indienne qui aident \u00e0 \u00e9liminer les points noirs , les impuret\u00e9s et les polluants. La technologie Active Boost augmente la p\u00e9n\u00e9tration des actifs v\u00e9g\u00e9taux.<\/p>\n<hr \/>\n<p class=\"purifying-neem-face-wash\"><strong><u>Principaux composants botaniques:<\/u><\/strong><\/p>\n<p>L&rsquo;extrait d&rsquo;\u00e9corce de Willow indien est riche en polyph\u00e9nols qui sont connus pour leur propri\u00e9t\u00e9s adoucissantes et protectrices de la peau. La plante poss\u00e8de des propri\u00e9t\u00e9s antimicrobiennes et astringentes car elle est riche en tanins. Il est traditionnellement utilis\u00e9 pour acc\u00e9l\u00e9rer la gu\u00e9rison des plaies et traiter les maladies de la peau. L\u2019extrait de citron est un astringent bien connu, riche en flavono\u00efdes, il resserre les pores et absorbe les impuret\u00e9s. Il poss\u00e8de \u00e9galement de puissantes propri\u00e9t\u00e9s antimicrobiennes et purifiantes.<\/p>\n<p>&nbsp;<\/p>\n<p class=\"purifying-neem-face-wash\"><strong><u>Conseil d\u2019utilisation:<\/u><\/strong><\/p>\n<p>Laver quotidiennement le visage avec le\u00a0 Gel nettoyant peaux grasses Pour homme Himalaya Herbals et rincer soigneusement.<\/p>\n<hr \/>\n<p class=\"purifying-neem-face-wash\"><strong><u><br \/>\nIngr\u00e9dients:<\/u><\/strong><\/p>\n<p>Aqua, Ammonium Lauryl Sulfate, Glycerin, cocamidopropyl Betaine Acrylates\/ C10-30 Alkyl Acrylate Crosspolymer, Parfum, Coco-Glucoside&amp;Glyceryl Oleate, Polysorbate 20, Sodium Hydroxide, Phenoxythanol, Methychloro isothiazolinone&amp; Methylisolinonen Disodium EDTA, BHT, Menthol, Citrus Limon, Peel Extract, Piper nigrum Fruit extract, salix tetrasperma Bark extract, CI 19140, Limonese, Linalool<\/p>\n<p>150ML<\/p>\n","protected":false},"excerpt":{"rendered":"<p>Gel nettoyant peaux grasses Pour homme Himalaya Herbals Une formulation sans savon, \u00e0 base de plantes qui nettoie en douceur votre visage et supprime l&rsquo;exc\u00e8s de s\u00e9bum. Il est enrichi en citron et en ecorce de saule indienne qui aident \u00e0 \u00e9liminer les points noirs , les impuret\u00e9s et les polluants. La technologie Active Boost [&hellip;]<\/p>\n","protected":false},"featured_media":4706,"comment_status":"open","ping_status":"closed","template":"","meta":[],"_links":{"self":[{"href":"https:\/\/www.saphy.com\/healthcare-cosmetique\/wp-json\/wp\/v2\/product\/4705"}],"collection":[{"href":"https:\/\/www.saphy.com\/healthcare-cosmetique\/wp-json\/wp\/v2\/product"}],"about":[{"href":"https:\/\/www.saphy.com\/healthcare-cosmetique\/wp-json\/wp\/v2\/types\/product"}],"replies":[{"embeddable":true,"href":"https:\/\/www.saphy.com\/healthcare-cosmetique\/wp-json\/wp\/v2\/comments?post=4705"}],"wp:featuredmedia":[{"embeddable":true,"href":"https:\/\/www.saphy.com\/healthcare-cosmetique\/wp-json\/wp\/v2\/media\/4706"}],"wp:attachment":[{"href":"https:\/\/www.saphy.com\/healthcare-cosmetique\/wp-json\/wp\/v2\/media?parent=4705"}],"curies":[{"name":"wp","href":"https:\/\/api.w.org\/{rel}","templated":true}]}}