{"id":4729,"date":"2021-02-02T11:14:15","date_gmt":"2021-02-02T10:14:15","guid":{"rendered":"https:\/\/www.saphy.com\/healthcare-cosmetique\/?post_type=product&#038;p=4729"},"modified":"2021-11-15T16:14:40","modified_gmt":"2021-11-15T15:14:40","slug":"patch-pour-les-yeux-effet-lifting-n3-gyada-cosmetics","status":"publish","type":"product","link":"https:\/\/www.saphy.com\/healthcare-cosmetique\/produit\/patch-pour-les-yeux-effet-lifting-n3-gyada-cosmetics\/","title":{"rendered":"PATCH POUR LES YEUX EFFET LIFTING N\u00b03 GYADA COSMETICS"},"content":{"rendered":"<p>PATCH POUR LES YEUX EFFET LIFTING N\u00b03 GYADA COSMETICS<\/p>\n<p>Pour les contours des yeux tr\u00e8s cercl\u00e9s. 100% cellulose naturelle.<\/p>\n<p>Peptides de type Botox, complexe anti-\u00e2ge, acide hyaluronique, ginseng.<br \/>\nPatchs pour les yeux &#8211; 100% cellulose naturelle. Patchs oculaires jetables en cellulose naturelle avec des ingr\u00e9dients naturels et biologiques.<br \/>\nId\u00e9al pour les contours des yeux tr\u00e8s cercl\u00e9s. Formul\u00e9 avec une combinaison de peptides biomim\u00e9tiques qui aident au traitement cosm\u00e9tique des rides d&rsquo;expression.<\/p>\n<p>&nbsp;<\/p>\n<p>Vous allez adorer parce que:<\/p>\n<p>&#8211; ils sont sp\u00e9cifiques pour un effet liftant et repulpant;<\/p>\n<p>&#8211; ce sont 2 patchs oculaires totalement naturels qui donneront \u00e0 vos yeux un traitement sp\u00e9cial;<\/p>\n<p>&#8211; les patchs sont en cellulose 100% naturelle;<\/p>\n<p>&#8211; vous ressentirez imm\u00e9diatement la diff\u00e9rence par rapport \u00e0 un cosm\u00e9tique normal;<\/p>\n<p>&#8211; ils donnent une merveilleuse sensation de fra\u00eecheur sur le contour des yeux;<\/p>\n<p>&#8211; la formule est enti\u00e8rement naturelle et certifi\u00e9e biologique par AIAB;<\/p>\n<p>&#8211; il est formul\u00e9 sans alcool, colorants ou conservateurs, parabens, silicones ou vaseline. Il est \u00e9galement VEGAN, CRUELTY FREE et NICKEL TESTED<\/p>\n<p>&nbsp;<\/p>\n<p>Comment utiliser les patchs pour les yeux Gyada:<\/p>\n<p>&#8211; ouvrez les patchs oculaires et placez-les sur tout le contour des yeux;<\/p>\n<p>&#8211; laisser agir au moins 15 minutes (ou plus);<\/p>\n<p>&#8211; retirer les patchs et laisser absorber le produit r\u00e9siduel par un l\u00e9ger massage jusqu&rsquo;\u00e0 absorption compl\u00e8te.<\/p>\n<p>Profitez du r\u00e9sultat!<\/p>\n<p>Liste des ingr\u00e9dients:<\/p>\n<p>Aqua, Propanediol, Glycerin, Palmitoyl hexapeptide-19, Acetyl hexapeptide-8, Hydrolyzed hyaluronic acid, Argania spinosa kernel extract, Panax ginseng root extract, Avena sativa kernel extract (*), Glucomannan, Sodium cocoyl glutamate, Caprylyl glycol, Ethylhexylglycerin, Tetrasodium glutamate diacetate, Benzyl alcohol, Phenoxyethanol.<\/p>\n<p>*from Organic Agricolture<\/p>\n<p>&nbsp;<\/p>\n","protected":false},"excerpt":{"rendered":"<p>PATCH POUR LES YEUX EFFET LIFTING N\u00b03 GYADA COSMETICS Pour les contours des yeux tr\u00e8s cercl\u00e9s. 100% cellulose naturelle. Peptides de type Botox, complexe anti-\u00e2ge, acide hyaluronique, ginseng. Patchs pour les yeux &#8211; 100% cellulose naturelle. Patchs oculaires jetables en cellulose naturelle avec des ingr\u00e9dients naturels et biologiques. Id\u00e9al pour les contours des yeux tr\u00e8s [&hellip;]<\/p>\n","protected":false},"featured_media":4730,"comment_status":"open","ping_status":"closed","template":"","meta":[],"_links":{"self":[{"href":"https:\/\/www.saphy.com\/healthcare-cosmetique\/wp-json\/wp\/v2\/product\/4729"}],"collection":[{"href":"https:\/\/www.saphy.com\/healthcare-cosmetique\/wp-json\/wp\/v2\/product"}],"about":[{"href":"https:\/\/www.saphy.com\/healthcare-cosmetique\/wp-json\/wp\/v2\/types\/product"}],"replies":[{"embeddable":true,"href":"https:\/\/www.saphy.com\/healthcare-cosmetique\/wp-json\/wp\/v2\/comments?post=4729"}],"wp:featuredmedia":[{"embeddable":true,"href":"https:\/\/www.saphy.com\/healthcare-cosmetique\/wp-json\/wp\/v2\/media\/4730"}],"wp:attachment":[{"href":"https:\/\/www.saphy.com\/healthcare-cosmetique\/wp-json\/wp\/v2\/media?parent=4729"}],"curies":[{"name":"wp","href":"https:\/\/api.w.org\/{rel}","templated":true}]}}