{"id":4816,"date":"2021-03-18T14:03:11","date_gmt":"2021-03-18T13:03:11","guid":{"rendered":"https:\/\/www.saphy.com\/healthcare-cosmetique\/?post_type=product&#038;p=4816"},"modified":"2021-10-27T13:05:05","modified_gmt":"2021-10-27T12:05:05","slug":"huile-de-massage-detox-ayumi-cosmetics-250-ml","status":"publish","type":"product","link":"https:\/\/www.saphy.com\/healthcare-cosmetique\/produit\/huile-de-massage-detox-ayumi-cosmetics-250-ml\/","title":{"rendered":"Huile de massage ayurvedique d\u00e9tox Ayumi cosmetics  250 ml"},"content":{"rendered":"<p>Huile de massage ayurvedique\u00a0 d\u00e9tox Ayumi cosmetics 250 ml<\/p>\n<p><span>Une exp\u00e9rience aromatique rafra\u00eechissante et apaisante charg\u00e9e de nutriments essentiels pour une peau saine.\u00a0<\/span><span>Notre huile de massage d\u00e9tox Ayumi Cosmetics\u00a0 contient un m\u00e9lange unique d&rsquo;huiles v\u00e9g\u00e9tales qui d\u00e9toxifieront la peau en stimulant et en am\u00e9liorant votre circulation et votre flux lymphatique. <\/span><span>L&rsquo;huile de menthe verte est connue pour ses propri\u00e9t\u00e9s antimicrobiennes qui est m\u00e9lang\u00e9e avec du patchouli, du g\u00e9ranium et du souci pour cr\u00e9er une exp\u00e9rience d\u00e9toxifiante pour la peau.<\/span><\/p>\n<p>&nbsp;<\/p>\n<h3 class=\"margin-none\"><span>Comment utiliser l&rsquo;Huile de massage ayurv\u00e9dique d\u00e9tox Ayumi cosmetics 250 ml?<\/span><\/h3>\n<p class=\"margin-bottom-none\"><span>Massage: Appliquez g\u00e9n\u00e9reusement, nos huiles essentielles de d\u00e9sintoxication utilisent des m\u00e9langes d&rsquo;aromath\u00e9rapie uniques pour d\u00e9toxifier et dynamiser.<\/span><\/p>\n<p><span>Bain: Pour utiliser comme huile de bain, ajoutez 20 ml (2 bouchons) \u00e0 l&rsquo;eau courante, baignez-vous et d\u00e9tendez-vous.\u00a0Des pr\u00e9cautions doivent \u00eatre prises car la surface du bain peut devenir glissante.<\/span><\/p>\n<p><span>Douche: Nos huiles peuvent \u00eatre appliqu\u00e9es sur tout le corps apr\u00e8s la douche sur la peau mouill\u00e9e comme hydratant riche, avec un parfum naturel rafra\u00eechissant et durable.<\/span><\/p>\n<h3 class=\"margin-none\"><span>Ingr\u00e9dients complets<\/span><\/h3>\n<p><span>Huile de Prunus Amygdalus Dulcis (Amande Douce), Triglyc\u00e9ride Caprylique \/ Caprique **, Huile de Feuille de Mentha Viridis (Menthe Verte), Huile de Fruit d&rsquo;Olea Europaea (Olive), Huile de Noyau de Prunus Armeniaca (Abricot), Huile de Pogostemon Cablin (Patchouli), Fleur de Pelargonium Graveolens (G\u00e9ranium), huile de graines de s\u00e9samum indicum (s\u00e9same), extrait de fleur de calendula officinalis (souci), tocoph\u00e9rol (vitamine E), citral *, citronellol *, g\u00e9raniol *, limon\u00e8ne *, linalol *.<\/span><br \/>\n<span>* Naturellement d\u00e9riv\u00e9 d&rsquo;huiles essentielles.<\/span><br \/>\n<span>** D\u00e9riv\u00e9 de l&rsquo;huile de coco.<\/span><\/p>\n","protected":false},"excerpt":{"rendered":"<p>Huile de massage ayurvedique\u00a0 d\u00e9tox Ayumi cosmetics 250 ml Une exp\u00e9rience aromatique rafra\u00eechissante et apaisante charg\u00e9e de nutriments essentiels pour une peau saine.\u00a0Notre huile de massage d\u00e9tox Ayumi Cosmetics\u00a0 contient un m\u00e9lange unique d&rsquo;huiles v\u00e9g\u00e9tales qui d\u00e9toxifieront la peau en stimulant et en am\u00e9liorant votre circulation et votre flux lymphatique. L&rsquo;huile de menthe verte est [&hellip;]<\/p>\n","protected":false},"featured_media":4817,"comment_status":"open","ping_status":"closed","template":"","meta":[],"_links":{"self":[{"href":"https:\/\/www.saphy.com\/healthcare-cosmetique\/wp-json\/wp\/v2\/product\/4816"}],"collection":[{"href":"https:\/\/www.saphy.com\/healthcare-cosmetique\/wp-json\/wp\/v2\/product"}],"about":[{"href":"https:\/\/www.saphy.com\/healthcare-cosmetique\/wp-json\/wp\/v2\/types\/product"}],"replies":[{"embeddable":true,"href":"https:\/\/www.saphy.com\/healthcare-cosmetique\/wp-json\/wp\/v2\/comments?post=4816"}],"wp:featuredmedia":[{"embeddable":true,"href":"https:\/\/www.saphy.com\/healthcare-cosmetique\/wp-json\/wp\/v2\/media\/4817"}],"wp:attachment":[{"href":"https:\/\/www.saphy.com\/healthcare-cosmetique\/wp-json\/wp\/v2\/media?parent=4816"}],"curies":[{"name":"wp","href":"https:\/\/api.w.org\/{rel}","templated":true}]}}