{"id":5022,"date":"2021-10-29T15:03:08","date_gmt":"2021-10-29T14:03:08","guid":{"rendered":"https:\/\/www.saphy.com\/healthcare-cosmetique\/?post_type=product&#038;p=5022"},"modified":"2021-11-04T11:03:59","modified_gmt":"2021-11-04T10:03:59","slug":"apres-shampooing-moringa-neem-250ml-ayumi","status":"publish","type":"product","link":"https:\/\/www.saphy.com\/healthcare-cosmetique\/produit\/apres-shampooing-moringa-neem-250ml-ayumi\/","title":{"rendered":"Apr\u00e8s-shampooing Moringa &#038; Neem 250ml AYUMI"},"content":{"rendered":"<h1 class=\"product_title entry-title\">Apr\u00e8s-shampooing Moringa &amp; Neem 250ml AYUMI<\/h1>\n<p><span>Un m\u00e9lange de quatre revitalisants cible les cheveux gras ou \u00e9pais pour les maintenir en \u00e9quilibre et en harmonie.\u00a0<\/span><span>Un m\u00e9lange de plantes indiennes traditionnelles bienveillantes de Shikakai, Aritha, Amla, Bhringraj, Neem, Tea Tree et Java root aide \u00e0 raviver un \u00e9tat \u00e9quilibr\u00e9 avec un lustre et un contr\u00f4le am\u00e9lior\u00e9s.\u00a0<\/span><span>Les huiles d&rsquo;argan, de noix de coco, de citrouille, de neem, de moringa et d&rsquo;arbre \u00e0 th\u00e9 s&rsquo;associent aux huiles naturelles des cheveux pour leur donner une brillance et un lustre parfaits.<\/span><\/p>\n","protected":false},"excerpt":{"rendered":"<p>Apr\u00e8s-shampooing Moringa &amp; Neem 250ml AYUMI Un m\u00e9lange de quatre revitalisants cible les cheveux gras ou \u00e9pais pour les maintenir en \u00e9quilibre et en harmonie.\u00a0Un m\u00e9lange de plantes indiennes traditionnelles bienveillantes de Shikakai, Aritha, Amla, Bhringraj, Neem, Tea Tree et Java root aide \u00e0 raviver un \u00e9tat \u00e9quilibr\u00e9 avec un lustre et un contr\u00f4le am\u00e9lior\u00e9s.\u00a0Les [&hellip;]<\/p>\n","protected":false},"featured_media":5023,"comment_status":"open","ping_status":"closed","template":"","meta":[],"_links":{"self":[{"href":"https:\/\/www.saphy.com\/healthcare-cosmetique\/wp-json\/wp\/v2\/product\/5022"}],"collection":[{"href":"https:\/\/www.saphy.com\/healthcare-cosmetique\/wp-json\/wp\/v2\/product"}],"about":[{"href":"https:\/\/www.saphy.com\/healthcare-cosmetique\/wp-json\/wp\/v2\/types\/product"}],"replies":[{"embeddable":true,"href":"https:\/\/www.saphy.com\/healthcare-cosmetique\/wp-json\/wp\/v2\/comments?post=5022"}],"wp:featuredmedia":[{"embeddable":true,"href":"https:\/\/www.saphy.com\/healthcare-cosmetique\/wp-json\/wp\/v2\/media\/5023"}],"wp:attachment":[{"href":"https:\/\/www.saphy.com\/healthcare-cosmetique\/wp-json\/wp\/v2\/media?parent=5022"}],"curies":[{"name":"wp","href":"https:\/\/api.w.org\/{rel}","templated":true}]}}