{"id":5043,"date":"2021-11-10T17:17:28","date_gmt":"2021-11-10T16:17:28","guid":{"rendered":"https:\/\/www.saphy.com\/healthcare-cosmetique\/?post_type=product&#038;p=5043"},"modified":"2024-04-02T09:45:03","modified_gmt":"2024-04-02T08:45:03","slug":"savon-ayurvedique-infusee-aux-plantes-himalaya-125g","status":"publish","type":"product","link":"https:\/\/www.saphy.com\/healthcare-cosmetique\/produit\/savon-ayurvedique-infusee-aux-plantes-himalaya-125g\/","title":{"rendered":"SAVON AYURVEDIQUE INFUSEE AUX PLANTES HIMALAYA 125G"},"content":{"rendered":"<p>SAVON AYURVEDIQUE INFUSEE AUX PLANTES HIMALAYA 125G<\/p>\n<p>Nourrit la peau et aide \u00e0 am\u00e9liorer le teint.<\/p>\n<p>Sp\u00e9cialement fabriqu\u00e9 avec Kanaka Taila, une huile ayurv\u00e9dique pure, Ayurveda Clear Skin Soap a une formulation unique qui nourrit la peau et aide \u00e0 am\u00e9liorer le teint, laissant la peau saine et claire, naturellement. Kanaka Taila est connu pour aider \u00e0 r\u00e9duire les imperfections et les taches sombres, et \u00e9claircir, nourrir doucement et prot\u00e9ger la peau*.<\/p>\n<p>L\u2019huile de Kanaka Taila est une huile ayurv\u00e9dique traditionnelle infus\u00e9e avec Yashtimadhu, Priyangu, Kamala, Manjishtha, Nagakesara, Rakta Chandana et Tila Taila.<\/p>\n","protected":false},"excerpt":{"rendered":"<p>SAVON AYURVEDIQUE INFUSEE AUX PLANTES HIMALAYA 125G Nourrit la peau et aide \u00e0 am\u00e9liorer le teint. Sp\u00e9cialement fabriqu\u00e9 avec Kanaka Taila, une huile ayurv\u00e9dique pure, Ayurveda Clear Skin Soap a une formulation unique qui nourrit la peau et aide \u00e0 am\u00e9liorer le teint, laissant la peau saine et claire, naturellement. Kanaka Taila est connu pour [&hellip;]<\/p>\n","protected":false},"featured_media":5044,"comment_status":"open","ping_status":"closed","template":"","meta":[],"_links":{"self":[{"href":"https:\/\/www.saphy.com\/healthcare-cosmetique\/wp-json\/wp\/v2\/product\/5043"}],"collection":[{"href":"https:\/\/www.saphy.com\/healthcare-cosmetique\/wp-json\/wp\/v2\/product"}],"about":[{"href":"https:\/\/www.saphy.com\/healthcare-cosmetique\/wp-json\/wp\/v2\/types\/product"}],"replies":[{"embeddable":true,"href":"https:\/\/www.saphy.com\/healthcare-cosmetique\/wp-json\/wp\/v2\/comments?post=5043"}],"wp:featuredmedia":[{"embeddable":true,"href":"https:\/\/www.saphy.com\/healthcare-cosmetique\/wp-json\/wp\/v2\/media\/5044"}],"wp:attachment":[{"href":"https:\/\/www.saphy.com\/healthcare-cosmetique\/wp-json\/wp\/v2\/media?parent=5043"}],"curies":[{"name":"wp","href":"https:\/\/api.w.org\/{rel}","templated":true}]}}