{"id":5047,"date":"2021-11-10T17:36:52","date_gmt":"2021-11-10T16:36:52","guid":{"rendered":"https:\/\/www.saphy.com\/healthcare-cosmetique\/?post_type=product&#038;p=5047"},"modified":"2024-09-30T11:05:37","modified_gmt":"2024-09-30T10:05:37","slug":"dentifrice-antiplaque-au-curcuma-huile-de-coco-himalaya-botanique","status":"publish","type":"product","link":"https:\/\/www.saphy.com\/healthcare-cosmetique\/produit\/dentifrice-antiplaque-au-curcuma-huile-de-coco-himalaya-botanique\/","title":{"rendered":"Dentifrice antiplaque au Curcuma &#038; Huile de Coco Himalaya botanique"},"content":{"rendered":"<p>Dentifrice antiplaque au Curcuma &amp; Huile de Coco Himalaya botanique<\/p>\n<p>Dentifrice antiplaque au Curcuma &amp; Huile de Coco Himalaya botanique<\/p>\n<p>Le Dentifrice antiplaque au Curcuma&amp; Huile de Coco Himalaya Botanique est garanti sans :<\/p>\n<p>Sans fluorure<br \/>\nSans SLS<br \/>\nPas de colorants ou de parfums artificiels<br \/>\nPropri\u00e9t\u00e9 familiale depuis 90 ans<br \/>\nSans BPA<br \/>\nSans carragh\u00e9nane<br \/>\nSans gluten<br \/>\nV\u00e9g\u00e9talien et sans cruaut\u00e9<br \/>\nChez Himalaya, nous croyons \u00e0 la sant\u00e9 communautaire, \u00e0 l&rsquo;agriculture durable et \u00e0 la responsabilit\u00e9 environnementale &#8211; tout cela fait partie de notre vision du bien-\u00eatre dans chaque foyer, du bonheur dans chaque c\u0153ur.<\/p>\n<p>Illuminez votre sourire avec un boost botanique de curcuma jaune dor\u00e9, r\u00e9put\u00e9 depuis des g\u00e9n\u00e9rations pour le nettoyage et le bien-\u00eatre. Notre dentifrice est formul\u00e9 avec la puissance du curcuma, un \u00e9clat de menthe rafra\u00eechissante et d&rsquo;huile de noix de coco apaisante pour un pur rafra\u00eechissement de brossage.<\/p>\n<p>Usage sugg\u00e9r\u00e9<br \/>\nBrossez-vous soigneusement apr\u00e8s chaque repas, ou au moins deux fois par jour, ou selon les directives d&rsquo;un dentiste pour aider \u00e0 combattre la plaque. Consultez votre dentiste pour les enfants de moins de 2 ans. Les enfants de moins de 6 ans doivent utiliser une quantit\u00e9 de la taille d&rsquo;un pois sous la surveillance d&rsquo;un adulte.<\/p>\n<p>Autres ingr\u00e9dients<br \/>\nXylitol, eau (aqua), glyc\u00e9rine (provenant d&rsquo;huile v\u00e9g\u00e9tale), silice hydrat\u00e9e, jus de rhizome de curcuma longa (curcuma), carbonate de calcium, lauryl glucoside (provenant d&rsquo;huile de noix de coco), extrait de feuille\/tige de stevia rebaudiana (stevia), gomme xanthane, ar\u00f4me (\u00e0 partir d&rsquo;huiles essentielles et de plantes), bicarbonate de sodium, cocoyl glutamate de sodium (et) cocoyl glutamate disodique (\u00e0 partir d&rsquo;acides amin\u00e9s et d&rsquo;huiles v\u00e9g\u00e9tales), menthol (\u00e0 partir de feuilles de menthe)*, chlorure de sodium (\u00e0 partir d&rsquo;eau de mer), citrate de zinc, cocos nucifera ( huile de coco)*, thymol, extrait de rhizome de curcuma longa (curcuma), extrait de feuille de melia azadirachta (neem)*, extrait de fruit de punica granum (grenade)*, extrait de fruit d&#8217;embelia ribes (vidanga)*, extrait de fruit de terminalia chebula (myrobalan chebulic) *, extrait de fruit de terminalia bellerica (myrobalan bellerique)*, extrait de fruit de phyllanthus emblica (amla)*, extrait d&rsquo;\u00e9corce de tige d&rsquo;acacia arabica (gomme arabique indienne)*.<\/p>\n<p>*Biologique<\/p>\n","protected":false},"excerpt":{"rendered":"<p>Dentifrice antiplaque au Curcuma &amp; Huile de Coco Himalaya botanique Dentifrice antiplaque au Curcuma &amp; Huile de Coco Himalaya botanique Le Dentifrice antiplaque au Curcuma&amp; Huile de Coco Himalaya Botanique est garanti sans : Sans fluorure Sans SLS Pas de colorants ou de parfums artificiels Propri\u00e9t\u00e9 familiale depuis 90 ans Sans BPA Sans carragh\u00e9nane Sans [&hellip;]<\/p>\n","protected":false},"featured_media":5048,"comment_status":"open","ping_status":"closed","template":"","meta":[],"_links":{"self":[{"href":"https:\/\/www.saphy.com\/healthcare-cosmetique\/wp-json\/wp\/v2\/product\/5047"}],"collection":[{"href":"https:\/\/www.saphy.com\/healthcare-cosmetique\/wp-json\/wp\/v2\/product"}],"about":[{"href":"https:\/\/www.saphy.com\/healthcare-cosmetique\/wp-json\/wp\/v2\/types\/product"}],"replies":[{"embeddable":true,"href":"https:\/\/www.saphy.com\/healthcare-cosmetique\/wp-json\/wp\/v2\/comments?post=5047"}],"wp:featuredmedia":[{"embeddable":true,"href":"https:\/\/www.saphy.com\/healthcare-cosmetique\/wp-json\/wp\/v2\/media\/5048"}],"wp:attachment":[{"href":"https:\/\/www.saphy.com\/healthcare-cosmetique\/wp-json\/wp\/v2\/media?parent=5047"}],"curies":[{"name":"wp","href":"https:\/\/api.w.org\/{rel}","templated":true}]}}