{"id":5052,"date":"2021-11-11T12:40:51","date_gmt":"2021-11-11T11:40:51","guid":{"rendered":"https:\/\/www.saphy.com\/healthcare-cosmetique\/?post_type=product&#038;p=5052"},"modified":"2026-02-16T16:14:53","modified_gmt":"2026-02-16T15:14:53","slug":"really-good-vitamine-e-fushi-wellbeing","status":"publish","type":"product","link":"https:\/\/www.saphy.com\/healthcare-cosmetique\/produit\/really-good-vitamine-e-fushi-wellbeing\/","title":{"rendered":"Really good Vitamine E Fushi wellbeing"},"content":{"rendered":"<p><strong>Pourquoi choisir la Really good vitamine E Fushi wellbeing?<\/strong><\/p>\n<p>L&rsquo;huile Really Good Vitamin E est 100% v\u00e9g\u00e9tale non synth\u00e9tique et contient un double concentr\u00e9 de tocoph\u00e9rols \u0251, \u00df, et d et un spectre complet de vitamine E non OGM.<\/p>\n<p>Elle combine \u00e9galement l&rsquo;huile de jojoba Fushi Fresh-Pressed\u00ae, l&rsquo;huile de germe de bl\u00e9, Huile de p\u00e9pins de framboise et huile d&rsquo;orange biologique. L&rsquo;huile de jojoba est une huile naturellement hypoallerg\u00e9nique et un hydratant id\u00e9al pour la peau. L&rsquo;huile de germe de bl\u00e9 contient des niveaux \u00e9lev\u00e9s de vitamine E ainsi que des acides gras essentiels. L&rsquo;huile de p\u00e9pins de framboise est un excellent pi\u00e9geur de radicaux libres et antioxydant, l&rsquo;huile d&rsquo;orange douce redonne de l&rsquo;\u00e9clat \u00e0 la peau et donne \u00e0 l&rsquo;huile son parfum d&rsquo;agrumes.<\/p>\n<p>\u00c9tant intens\u00e9ment hydratante, l&rsquo;huile de vitamine E est capable de p\u00e9n\u00e9trer profond\u00e9ment dans la peau tout en nourrissant et en prot\u00e9geant la peau. Utile pour les ridules et peut \u00eatre appliqu\u00e9 sur les vergetures, les cicatrices et la peau s\u00e8che. Fonctionne \u00e9galement comme traitement revitalisant pour les ongles et peut aider \u00e0 renforcer les cuticules s\u00e8ches ou craquel\u00e9es<\/p>\n<p>La Really good vitamine E Fushi wellbeing est id\u00e9ale pour :<\/p>\n<ul>\n<li>Cicatrices<\/li>\n<li>Rides<\/li>\n<li>Peaux s\u00e8ches<\/li>\n<li>R\u00e9parer les peaux abim\u00e9es<\/li>\n<\/ul>\n<p>&nbsp;<\/p>\n<p>Principaux actifs :<br \/>\nDouble concentr\u00e9 100% d&rsquo;origine v\u00e9g\u00e9tale Vitamine E sans OGM \u0251, \u00df, et d Tocoph\u00e9rols M\u00e9lang\u00e9 avec des huiles de Fushi biologiques pures. Propri\u00e9t\u00e9s antioxydantes 30 000 UI\/g Hydratation intense de la peau Utilisation pour les vergetures, les cicatrices, les ridules et le teint irr\u00e9gulier.<\/p>\n<p>&nbsp;<\/p>\n<p>Ingr\u00e9dients<br \/>\nAc\u00e9tate de tocoph\u00e9rol issu d&rsquo;huile d&rsquo;olive non g\u00e9n\u00e9tiquement modifi\u00e9e. Ac\u00e9tate de tocoph\u00e9rol (D-alpha tocoph\u00e9rol\/D alpha tocoph\u00e9rol)1, huile de graines de Simmondsia Chinensis (jojoba)*, huile de graines de Helianthus Annus (tournesol)*, huile de germe de Triticum Vulgare (bl\u00e9)*, huile de graines de Rubus Idaeus (framboise)** , Tocoph\u00e9rol (M\u00e9lang\u00e9 de Tocoph\u00e9rols 95%)2, Huile d&rsquo;\u00e9corce de Citrus Sinensis (Orange douce), Limon\u00e8ne, Linalol * -Huiles de Fushi, biologiques, vierges press\u00e9es \u00e0 froid et fra\u00eeches de la r\u00e9colte 1 D-alpha Tocoph\u00e9rol. Naturellement d\u00e9riv\u00e9 d&rsquo;huile d&rsquo;olive sans OGM. 2 Tocoph\u00e9rols m\u00e9lang\u00e9s \u00e0 95 % purs (\u0251-tocoph\u00e9rol 0-15 %, \u00df-tocoph\u00e9rol \u00e0 &lt; 5 %, \u03b3-tocoph\u00e9rol \u00e0 55-75 % et d-tocoph\u00e9rol \u00e0 20-30 %). Naturellement d\u00e9riv\u00e9 de graines de soja sans OGM.<\/p>\n","protected":false},"excerpt":{"rendered":"<p>Pourquoi choisir la Really good vitamine E Fushi wellbeing? L&rsquo;huile Really Good Vitamin E est 100% v\u00e9g\u00e9tale non synth\u00e9tique et contient un double concentr\u00e9 de tocoph\u00e9rols \u0251, \u00df, et d et un spectre complet de vitamine E non OGM. Elle combine \u00e9galement l&rsquo;huile de jojoba Fushi Fresh-Pressed\u00ae, l&rsquo;huile de germe de bl\u00e9, Huile de p\u00e9pins [&hellip;]<\/p>\n","protected":false},"featured_media":5053,"comment_status":"open","ping_status":"closed","template":"","meta":[],"_links":{"self":[{"href":"https:\/\/www.saphy.com\/healthcare-cosmetique\/wp-json\/wp\/v2\/product\/5052"}],"collection":[{"href":"https:\/\/www.saphy.com\/healthcare-cosmetique\/wp-json\/wp\/v2\/product"}],"about":[{"href":"https:\/\/www.saphy.com\/healthcare-cosmetique\/wp-json\/wp\/v2\/types\/product"}],"replies":[{"embeddable":true,"href":"https:\/\/www.saphy.com\/healthcare-cosmetique\/wp-json\/wp\/v2\/comments?post=5052"}],"wp:featuredmedia":[{"embeddable":true,"href":"https:\/\/www.saphy.com\/healthcare-cosmetique\/wp-json\/wp\/v2\/media\/5053"}],"wp:attachment":[{"href":"https:\/\/www.saphy.com\/healthcare-cosmetique\/wp-json\/wp\/v2\/media?parent=5052"}],"curies":[{"name":"wp","href":"https:\/\/api.w.org\/{rel}","templated":true}]}}