{"id":5187,"date":"2023-02-22T16:32:09","date_gmt":"2023-02-22T15:32:09","guid":{"rendered":"https:\/\/www.saphy.com\/healthcare-cosmetique\/?post_type=product&#038;p=5187"},"modified":"2026-02-26T15:17:58","modified_gmt":"2026-02-26T14:17:58","slug":"urban-veda-soothing-lotion-corps-250-ml","status":"publish","type":"product","link":"https:\/\/www.saphy.com\/healthcare-cosmetique\/produit\/urban-veda-soothing-lotion-corps-250-ml\/","title":{"rendered":"Urban Veda Soothing Lotion Corps 250 ml"},"content":{"rendered":"<p>Lissez, apaisez et adoucissez avec du bois de santal hydratant, du jus d&rsquo;aloe vera bio et de la vitamine E. Le g\u00e9ranium rosat et le palmarosa sont r\u00e9put\u00e9s pour stimuler le teint et rehausser le teint, tandis que la sauge sclar\u00e9e, le bois de santal et la myrrhe combattent la fatigue, la d\u00e9shydratation et le stress, laissant la peau et les sens apais\u00e9s, \u00e9quilibr\u00e9 et rafra\u00eechi.\u00a0L&rsquo;orange press\u00e9e \u00e0 froid avec une petite touche de citron aide \u00e0 revitaliser les peaux s\u00e8ches et irritables.<\/p>\n<p>&nbsp;<\/p>\n<p>Ingredients :<\/p>\n<div class=\"accordion m-t-md p-t-md\">\n<div class=\"accordion__panel\" data-item=\"ingredients\" aria-expanded=\"true\">\n<div class=\"accordion__inner\">\n<p>Benzoate de Benzyle*, Salicylate de Benzyle*, Citral*, Eug\u00e9nol*, Farn\u00e9sol*, G\u00e9raniol*, Limon\u00e8ne*.\u00a0*Naturellement pr\u00e9sent dans les huiles essentielles, **Biologique<\/p>\n<\/div>\n<\/div>\n<\/div>\n<div class=\"accordion__toggle is-flex flex-wrap align-center\" data-action=\"accordion\" data-target=\"active\">Comment l&rsquo;utiliser ? Utiliser apr\u00e8s la douche ou le bain, masser sur le corps propre en effectuant des mouvements circulaires.<\/div>\n<div data-action=\"accordion\" data-target=\"active\"><\/div>\n","protected":false},"excerpt":{"rendered":"<p>Lotion soothing pour le corps 250 ml urban veda<\/p>\n","protected":false},"featured_media":5188,"comment_status":"open","ping_status":"closed","template":"","meta":[],"_links":{"self":[{"href":"https:\/\/www.saphy.com\/healthcare-cosmetique\/wp-json\/wp\/v2\/product\/5187"}],"collection":[{"href":"https:\/\/www.saphy.com\/healthcare-cosmetique\/wp-json\/wp\/v2\/product"}],"about":[{"href":"https:\/\/www.saphy.com\/healthcare-cosmetique\/wp-json\/wp\/v2\/types\/product"}],"replies":[{"embeddable":true,"href":"https:\/\/www.saphy.com\/healthcare-cosmetique\/wp-json\/wp\/v2\/comments?post=5187"}],"wp:featuredmedia":[{"embeddable":true,"href":"https:\/\/www.saphy.com\/healthcare-cosmetique\/wp-json\/wp\/v2\/media\/5188"}],"wp:attachment":[{"href":"https:\/\/www.saphy.com\/healthcare-cosmetique\/wp-json\/wp\/v2\/media?parent=5187"}],"curies":[{"name":"wp","href":"https:\/\/api.w.org\/{rel}","templated":true}]}}