{"id":5197,"date":"2023-03-02T16:07:52","date_gmt":"2023-03-02T15:07:52","guid":{"rendered":"https:\/\/www.saphy.com\/healthcare-cosmetique\/?post_type=product&#038;p=5197"},"modified":"2026-02-26T15:16:26","modified_gmt":"2026-02-26T14:16:26","slug":"nettoyant-visage-ayurvedique-apaisant-150-ml","status":"publish","type":"product","link":"https:\/\/www.saphy.com\/healthcare-cosmetique\/produit\/nettoyant-visage-ayurvedique-apaisant-150-ml\/","title":{"rendered":"Nettoyant visage ayurv\u00e9dique apaisant 150 ml"},"content":{"rendered":"<p>Nettoyant visage ayurv\u00e9dique apaisant 150 ml<\/p>\n<p>&nbsp;<\/p>\n<p>D\u00e9couvrez notre nettoyant visage ayurv\u00e9dique apaisant et \u00e9liminez en douceur la graisse et la salet\u00e9 et \u00e9quilibrez les taches s\u00e8ches et grasses irr\u00e9guli\u00e8res avec Palmarosa, Ylang Ylang et Clary Sage.\u00a0Le g\u00e9ranium rose, le clou de girofle et le romarin se combinent pour aider \u00e0 am\u00e9liorer le tonus, tandis que le bois de santal hydratant, l&rsquo;arjuna et l&rsquo;orange et le citron revitalisants laissent la peau douce, souple et pleine de vitalit\u00e9.<\/p>\n<p>Comment utiliser ?<\/p>\n<p>Appliquer quotidiennement sur le visage humide, masser en effectuant de l\u00e9gers mouvements circulaires et rincer \u00e0 l&rsquo;eau froide pour calmer et clarifier.<\/p>\n<h3><b>Guide de soins de la peau ayurv\u00e9dique pour le lavage du visage\u00a0<\/b><\/h3>\n<p>\u00c9tape 1 : nettoyez votre peau avec un\u00a0<a href=\"https:\/\/www.urbanveda.com\/gb\/product-category\/skincare\/facial-washes\/\">nettoyant pour le visage<\/a><\/p>\n<p>Consid\u00e9rez votre nettoyant pour le visage comme l&rsquo;\u00e9tape la plus importante de votre routine de soins de la peau.\u00a0Un bon enl\u00e8vera le maquillage, l&rsquo;exc\u00e8s d&rsquo;huile, la sueur et les cellules mortes de la peau pour cr\u00e9er une table rase pour appliquer le reste de vos produits.<\/p>\n<ul>\n<li>Peau s\u00e8che : Optez pour un\u00a0<a href=\"https:\/\/www.urbanveda.com\/gb\/product\/daily-radiance-facial-wash\/\">nettoyant visage hydratant<\/a>\u00a0.<\/li>\n<li>Peau grasse : Optez pour un\u00a0<a href=\"https:\/\/www.urbanveda.com\/gb\/product\/daily-purifying-facial-wash\/\">nettoyant visage purifiant<\/a>\u00a0.<\/li>\n<li>Peau mixte : Optez pour un gel nettoyant.<\/li>\n<li>Peau sensible : Procurez-vous un\u00a0<a href=\"https:\/\/www.urbanveda.com\/gb\/product\/daily-soothing-facial-wash\/\">nettoyant doux pour le visage ayurv\u00e9dique<\/a>\u00a0apaisant .<\/li>\n<li>Vieillissement de la peau : Essayez un\u00a0<a href=\"https:\/\/www.urbanveda.com\/gb\/product\/daily-reviving-facial-wash\/\">nettoyant pour le visage \u00e0 la rose<\/a>\u00a0, notre\u00a0<a href=\"https:\/\/www.urbanveda.com\/gb\/product\/daily-reviving-facial-wash\/\">nettoyant pour le visage Urban Veda Daily Radiance<\/a>\u00a0utilise des extraits de rose pour rajeunir la peau vieillissante.<\/li>\n<\/ul>\n<p>&nbsp;<\/p>\n<p>\u00c9tape 2 : Choisissez l&rsquo;un de nos\u00a0<a href=\"https:\/\/www.urbanveda.com\/gb\/product-category\/skincare\/toners-hydrolats\/\">toners naturels<\/a><\/p>\n<p>Vous \u00eates-vous d\u00e9j\u00e0 demand\u00e9 ce que font\u00a0<a href=\"https:\/\/docs.google.com\/spreadsheets\/d\/1U8LEDMKtDvBoVl08abe1V5O2Q4O6WsvTS9FN-3rTjfY\/edit#gid=2044253103\">les toners de soin de la peau<\/a>\u00a0?\u00a0Consid\u00e9rez votre toner comme la deuxi\u00e8me \u00e9tape pour d\u00e9barrasser votre peau des impuret\u00e9s.\u00a0Il offre \u00e9galement une meilleure absorption pour toutes les choses amusantes comme les s\u00e9rums et les hydratants qui viennent plus tard dans votre routine.\u00a0<a href=\"https:\/\/docs.google.com\/spreadsheets\/d\/1U8LEDMKtDvBoVl08abe1V5O2Q4O6WsvTS9FN-3rTjfY\/edit#gid=2044253103\">Les toners sont des hydrolats<\/a>\u00a0l\u00e9gers\u00a0qui offrent une puissante dose de bienfaits pour la peau.<\/p>\n<ul>\n<li>Peau s\u00e8che : choisissez un\u00a0<a href=\"https:\/\/www.urbanveda.com\/gb\/product\/soothing-hydrating-toner\/\">tonique hydratant<\/a>\u00a0pour r\u00e9\u00e9quilibrer le niveau de pH de votre peau.<\/li>\n<li><a href=\"https:\/\/www.urbanveda.com\/gb\/product\/purifying-hydrating-toner\/\">Peau grasse : Optez pour notre lotion tonique naturelle<\/a>\u00a0purifiante sans alcool\u00a0.\u00a0Notre hamam\u00e9lis comme ingr\u00e9dient est un bonus.<\/li>\n<li>Peau mixte : Un\u00a0<a href=\"https:\/\/www.urbanveda.com\/gb\/product\/reviving-hydrating-toner\/\">toner ayurv\u00e9dique<\/a>\u00a0simple et \u00e9quilibrant est id\u00e9al pour les peaux mixtes.<\/li>\n<li><a href=\"https:\/\/www.urbanveda.com\/gb\/product\/soothing-hydrating-toner\/\">Peau sensible : optez pour un toner apaisant<\/a>\u00a0sans alcool\u00a0avec des ingr\u00e9dients anti-inflammatoires.<\/li>\n<li>Vieillissement de la peau : Notre\u00a0<a href=\"https:\/\/www.urbanveda.com\/gb\/product\/reviving-hydrating-toner\/\">tonique Reviving Urban Veda<\/a>\u00a0\u00e0 la vitamine C aidera \u00e0 \u00e9claircir en douceur les peaux matures.<\/li>\n<\/ul>\n<p>&nbsp;<\/p>\n<p>\u00c9tape 3 : Cr\u00e8me hydratante<\/p>\n<p>Les hydratants sont le composant apaisant et nourrissant de votre routine de soins de la peau.\u00a0Une bonne\u00a0<a href=\"https:\/\/www.urbanveda.com\/gb\/product\/radiance-replenishing-night-cream\/\">cr\u00e8me de nuit r\u00e9g\u00e9n\u00e9rante<\/a>\u00a0emprisonnera et scellera l&rsquo;hydratation, une\u00a0<a href=\"https:\/\/www.urbanveda.com\/gb\/product\/radiance-replenishing-night-cream\/\">cr\u00e8me de nuit \u00e9clat<\/a>\u00a0la barri\u00e8re naturelle de la peau et pr\u00e9viendra la perte d&rsquo;eau pour que la peau reste douce, lisse et rebondie.<\/p>\n<p>Apr\u00e8s avoir nettoy\u00e9, tonifi\u00e9 et appliqu\u00e9 des s\u00e9rums, il est conseill\u00e9 d&rsquo;utiliser une\u00a0<a href=\"https:\/\/www.urbanveda.com\/gb\/product\/purifying-cream-duo-set\/\">cr\u00e8me de jour purifiante<\/a>\u00a0.\u00a0Une\u00a0<a href=\"https:\/\/www.urbanveda.com\/gb\/product\/purifying-cream-duo-set\/\">cr\u00e8me purifiante<\/a>\u00a0et une\u00a0<a href=\"https:\/\/www.urbanveda.com\/gb\/product\/soothing-clarifying-night-cream\/\">cr\u00e8me de nuit apaisante<\/a>\u00a0.\u00a0Un peu va un long chemin.\u00a0R\u00e9chauffez une quantit\u00e9 de la taille d&rsquo;un pois\u00a0<a href=\"https:\/\/www.urbanveda.com\/gb\/product\/soothing-clarifying-night-cream\/\">de cr\u00e8me de nuit clarifiante apaisante urban veda<\/a>\u00a0, une\u00a0<a href=\"https:\/\/www.urbanveda.com\/gb\/product\/soothing-clarifying-night-cream\/\">cr\u00e8me de nuit pour peaux sensibles<\/a>\u00a0dans vos paumes, puis utilisez des mouvements circulaires pour l&rsquo;appliquer sur vos joues et des balayages vers le haut le long du front et du menton.<\/p>\n<ul>\n<li>Peau s\u00e8che : Matin : Choisissez une\u00a0<a href=\"https:\/\/www.urbanveda.com\/gb\/product\/reviving-day-cream\/\">cr\u00e8me de jour l\u00e9g\u00e8re \u00e0 l&rsquo;huile de rose<\/a>\u00a0.\u00a0Nuit : Optez pour une\u00a0<a href=\"https:\/\/www.urbanveda.com\/gb\/product\/purifying-protecting-night-cream\/\">cr\u00e8me de nuit naturelle<\/a>\u00a0hydratante .<\/li>\n<li>Peau grasse : Matin : Choisissez une cr\u00e8me solaire \u00e0 base d&rsquo;oxyde de zinc.\u00a0<a href=\"https:\/\/www.urbanveda.com\/gb\/product\/purifying-protecting-night-cream\/\">Matin\/Soir : Prenez une cr\u00e8me de nuit au neem<\/a>\u00a0sans huile\u00a0.<\/li>\n<li>Peaux mixtes : Matin : Choisissez une\u00a0<a href=\"https:\/\/www.urbanveda.com\/gb\/product\/purifying-day-cream\/\">cr\u00e8me visage purifiante urban veda<\/a>\u00a0.\u00a0Peaux sensibles : Matin : Appliquer sur une\u00a0<a href=\"https:\/\/www.urbanveda.com\/gb\/product\/soothing-cream-duo-set\/\">peau une cr\u00e8me apaisante<\/a>\u00a0.<\/li>\n<\/ul>\n<p>&nbsp;<\/p>\n<p>\u00c9tape 4 : Huile pour le visage<\/p>\n<p>Une\u00a0<a href=\"https:\/\/www.urbanveda.com\/gb\/product-category\/skincare\/facial-oils\/\">huile pour le visage ayurv\u00e9dique<\/a>\u00a0est occlusive, ce qui signifie qu&rsquo;elle scelle tous les ingr\u00e9dients et l&rsquo;humidit\u00e9 que vous venez d&rsquo;appliquer sur votre visage pour les emp\u00eacher de s&rsquo;\u00e9vaporer aussi rapidement.\u00a0En soi,\u00a0<a href=\"https:\/\/www.urbanveda.com\/gb\/product-category\/skincare\/facial-oils\/\">les huiles pour le visage<\/a>\u00a0n&rsquo;hydratent pas tr\u00e8s bien votre peau, mais lorsque vous superposez\u00a0<a href=\"https:\/\/www.urbanveda.com\/gb\/why-ayurveda-uses-facial-oils\/\">des huiles ayurv\u00e9diques pour la peau<\/a>\u00a0sur des produits, une\u00a0<a href=\"https:\/\/www.urbanveda.com\/gb\/product-category\/skincare\/facial-oils\/\">huile pour le visage ayurv\u00e9dique<\/a>\u00a0aide \u00e0 augmenter l&rsquo;efficacit\u00e9 de votre routine tout en laissant la peau douce et lisse.\u00a0Assurez-vous simplement de toujours, toujours appliquer votre\u00a0<a href=\"https:\/\/www.urbanveda.com\/gb\/why-ayurveda-uses-facial-oils\/\">huile pour le visage ayurv\u00e9dique<\/a>\u00a0en dernier.\u00a0Oui, vous avez bien lu : dernier.<\/p>\n<ul>\n<li>Peau s\u00e8che : Matin : Choisissez une\u00a0<a href=\"https:\/\/www.urbanveda.com\/gb\/why-ayurveda-uses-facial-oils\/\">huile corporelle ayurv\u00e9dique pour une peau \u00e9clatante<\/a>\u00a0.\u00a0Nuit : Utilisez une\u00a0<a href=\"https:\/\/www.urbanveda.com\/gb\/product\/radiance-facial-oil\/\">huile visage botanique<\/a>\u00a0ou une\u00a0<a href=\"https:\/\/www.urbanveda.com\/gb\/product\/purifying-facial-oil\/\">huile visage purifiante<\/a>\u00a0.<\/li>\n<li>Peau grasse : Matin : Choisissez une\u00a0<a href=\"https:\/\/www.urbanveda.com\/gb\/product\/reviving-facial-oil\/\">huile pour le visage revitalisante Urban Veda<\/a>\u00a0.\u00a0Matin\/Soir : Prenez une\u00a0<a href=\"https:\/\/www.urbanveda.com\/gb\/product\/radiance-facial-oil\/\">huile \u00e9clat<\/a>\u00a0.<\/li>\n<li>Peau mixte : Matin : Choisissez une\u00a0<a href=\"https:\/\/www.urbanveda.com\/gb\/product\/soothing-facial-oil\/\">huile pour le visage Urban Veda<\/a>\u00a0.\u00a0Peaux sensibles : Matin : Appliquez une\u00a0<a href=\"https:\/\/www.urbanveda.com\/gb\/product\/soothing-facial-oil\/\">huile visage naturelle<\/a>\u00a0.<\/li>\n<\/ul>\n<p>&nbsp;<\/p>\n<p>\u00c9tape bonus\u00a0: Exfoliants\u00a0: investissez dans un\u00a0<a href=\"https:\/\/www.urbanveda.com\/gb\/product\/soothing-exfoliating-facial-polish\/\">gommage pour le visage<\/a><\/p>\n<p>&nbsp;<\/p>\n<p>Ingr\u00e9dients:<\/p>\n<p>Aqua (eau), cocamidopropyl b\u00e9ta\u00efne, lauryl glucoside, sulfosuccinate de laureth disodique, chlorure de sodium, extrait d&rsquo;\u00e9corce de Terminalia Arjuna, huile de Santalum Spicata (bois de santal), huile d&rsquo;herbe de Lavandula Hybrida Grosso (lavande), huile de fleur de Pelargonium Graveolens (g\u00e9ranium rose), Pogostemon Cablin (Patchouli) Huile de feuille, Cananga Odorata (Ylang Ylang) Huile de fleur, Citrus Aurantium Dulcis (Orange) Peel Oil, Citrus Limon (Citron) Peel Oil, Cymbopogon Martini (Palmarosa) Oil, Eugenia Caryophyllus (Clove) Bud Oil, Rosmarinus Officinalis ( Huile de Feuille de Romarin), Huile de Salvia Sclarea (Sauge Sclar\u00e9e), Huile de Mentha Piperita (Menthe Poivr\u00e9e), Glyc\u00e9rine (V\u00e9g\u00e9tale), Coco-Glucoside, Ol\u00e9ate de Glyc\u00e9ryle, Laurate de Glyc\u00e9ryle, Acide Citrique, Chlorure d&rsquo;Hydroxypropyl Guar Hydroxypropyltrimonium, Hydroxyde de Sodium, Benzoate de Sodium, Potassium Sorbate, diac\u00e9tate de glutamate t\u00e9trasodique, isost\u00e9aramide MIPA,Acrylates Copolymer, Parfum, Citronellol*, Eugenol*, Geraniol*, Limonene*, Linalool*<\/p>\n<p>*Naturellement pr\u00e9sent dans les huiles essentielles<\/p>\n<p><i>*Les ingr\u00e9dients sont parfois sujets \u00e0 changement, car nous nous effor\u00e7ons d&rsquo;am\u00e9liorer nos formules.\u00a0Veuillez vous r\u00e9f\u00e9rer \u00e0 l&#8217;emballage pour la liste des ingr\u00e9dients la plus r\u00e9cente.<\/i><\/p>\n","protected":false},"excerpt":{"rendered":"<p>Nettoyant visage ayurv\u00e9dique apaisant 150 ml<\/p>\n<p>&nbsp;<\/p>\n<p>D\u00e9couvrez notre nettoyant visage ayurv\u00e9dique apaisant et \u00e9liminez en douceur la graisse et la salet\u00e9 et \u00e9quilibrez les taches s\u00e8ches et grasses irr\u00e9guli\u00e8res avec Palmarosa, Ylang Ylang et Clary Sage.\u00a0Le g\u00e9ranium rose, le clou de girofle et le romarin se combinent pour aider \u00e0 am\u00e9liorer le tonus, tandis que le bois de santal hydratant, l&rsquo;arjuna et l&rsquo;orange et le citron revitalisants laissent la peau douce, souple et pleine de vitalit\u00e9.<\/p>\n","protected":false},"featured_media":5198,"comment_status":"open","ping_status":"closed","template":"","meta":[],"_links":{"self":[{"href":"https:\/\/www.saphy.com\/healthcare-cosmetique\/wp-json\/wp\/v2\/product\/5197"}],"collection":[{"href":"https:\/\/www.saphy.com\/healthcare-cosmetique\/wp-json\/wp\/v2\/product"}],"about":[{"href":"https:\/\/www.saphy.com\/healthcare-cosmetique\/wp-json\/wp\/v2\/types\/product"}],"replies":[{"embeddable":true,"href":"https:\/\/www.saphy.com\/healthcare-cosmetique\/wp-json\/wp\/v2\/comments?post=5197"}],"wp:featuredmedia":[{"embeddable":true,"href":"https:\/\/www.saphy.com\/healthcare-cosmetique\/wp-json\/wp\/v2\/media\/5198"}],"wp:attachment":[{"href":"https:\/\/www.saphy.com\/healthcare-cosmetique\/wp-json\/wp\/v2\/media?parent=5197"}],"curies":[{"name":"wp","href":"https:\/\/api.w.org\/{rel}","templated":true}]}}