{"id":5203,"date":"2023-03-02T16:40:23","date_gmt":"2023-03-02T15:40:23","guid":{"rendered":"https:\/\/www.saphy.com\/healthcare-cosmetique\/?post_type=product&#038;p=5203"},"modified":"2026-02-26T14:46:00","modified_gmt":"2026-02-26T13:46:00","slug":"lait-corporel-revitalisant-250-ml","status":"publish","type":"product","link":"https:\/\/www.saphy.com\/healthcare-cosmetique\/produit\/lait-corporel-revitalisant-250-ml\/","title":{"rendered":"Lait Corporel Revitalisant 250 ml"},"content":{"rendered":"<h1 class=\"product_title entry-title\"><span>Lait Corporel Revitalisant 250 ml<\/span><\/h1>\n<p><span>L&rsquo;\u00e9glantier riche en om\u00e9ga, la grenade biologique et l&rsquo;onagre se combinent avec l&rsquo;arjuna, la bourrache et le jasmin qui stimulent le collag\u00e8ne pour pr\u00e9server et am\u00e9liorer l&rsquo;hydratation.\u00a0<\/span><span>Avec de l&rsquo;huile de rose de Damas et de l&rsquo;eau florale pour reconstituer et raviver la peau sans \u00e2me, notre lotion pour le corps revitalisante est enrichie de g\u00e9ranium rose, traditionnellement utilis\u00e9 pour r\u00e9duire la cellulite par le massage, et de vitamine E, vitale pour la r\u00e9paration de la peau.\u00a0<\/span><span>La peau est nourrie et choy\u00e9e.<\/span><\/p>\n<p>comment utiliser ?<\/p>\n<p>Utiliser apr\u00e8s la douche ou le bain, masser sur le corps propre en effectuant des mouvements circulaires.<\/p>\n<p>ingr\u00e9dients:<\/p>\n<p><span>Aqua (eau), triglyc\u00e9ride caprylique\/caprique, carbonate de dicaprylyle, alcool c\u00e9t\u00e9arylique, glyc\u00e9rine (v\u00e9g\u00e9tale), st\u00e9arate de glyc\u00e9ryle, eau florale de Rosa Damascena (rose de Damas)**, extrait de fleur de jasminum officinale (jasmin), feuille d&rsquo;Oenothera Biennis (onagre) Extrait, extrait de fruit de Punica Granatum (grenade) **, extrait de graine de Borago Officinalis (bourrache), extrait d&rsquo;\u00e9corce de Terminalia Arjuna, huile de fruit de Rosa Canina (rose musqu\u00e9e), huile de fleur de Pelargonium Graveolens (g\u00e9ranium rose), huile de bourgeon d&rsquo;Eugenia Caryophyllus (girofle), Huile de fleur de Rosa Damascena (Rose de Damas), ac\u00e9tate de tocoph\u00e9ryle (vitamine E), glutamate de st\u00e9aroyle de sodium, polyacrylate de sodium, \u00e9thylhexylglyc\u00e9rine, phytate de sodium, sorbate de potassium, benzoate de sodium, acide citrique, ph\u00e9noxy\u00e9thanol, hydroxyac\u00e9toph\u00e9none, parfum, citronellol*, eug\u00e9nol*, g\u00e9raniol *, Linalol*<\/span><\/p>\n<p><span>*Naturelles pr\u00e9sentes dans les huiles essentielles, **Biologiques<\/span><\/p>\n<p><i><span>*Les ingr\u00e9dients sont parfois sujets \u00e0 changement, car nous nous effor\u00e7ons d&rsquo;am\u00e9liorer nos formules.\u00a0Veuillez vous r\u00e9f\u00e9rer \u00e0 l&#8217;emballage pour la liste des ingr\u00e9dients la plus r\u00e9cente.<\/span><\/i><\/p>\n<p>&nbsp;<\/p>\n","protected":false},"excerpt":{"rendered":"<h1 class=\"product_title entry-title\">Lait Corporel Revitalisant 250 ml<\/h1>\n<p>L&rsquo;\u00e9glantier riche en om\u00e9ga, la grenade biologique et l&rsquo;onagre se combinent avec l&rsquo;arjuna, la bourrache et le jasmin qui stimulent le collag\u00e8ne pour pr\u00e9server et am\u00e9liorer l&rsquo;hydratation.\u00a0Avec de l&rsquo;huile de rose de Damas et de l&rsquo;eau florale pour reconstituer et raviver la peau sans \u00e2me, notre lotion pour le corps revitalisante est enrichie de g\u00e9ranium rose, traditionnellement utilis\u00e9 pour r\u00e9duire la cellulite par le massage, et de vitamine E, vitale pour la r\u00e9paration de la peau.\u00a0La peau est nourrie et choy\u00e9e.<\/p>\n","protected":false},"featured_media":5204,"comment_status":"open","ping_status":"closed","template":"","meta":[],"_links":{"self":[{"href":"https:\/\/www.saphy.com\/healthcare-cosmetique\/wp-json\/wp\/v2\/product\/5203"}],"collection":[{"href":"https:\/\/www.saphy.com\/healthcare-cosmetique\/wp-json\/wp\/v2\/product"}],"about":[{"href":"https:\/\/www.saphy.com\/healthcare-cosmetique\/wp-json\/wp\/v2\/types\/product"}],"replies":[{"embeddable":true,"href":"https:\/\/www.saphy.com\/healthcare-cosmetique\/wp-json\/wp\/v2\/comments?post=5203"}],"wp:featuredmedia":[{"embeddable":true,"href":"https:\/\/www.saphy.com\/healthcare-cosmetique\/wp-json\/wp\/v2\/media\/5204"}],"wp:attachment":[{"href":"https:\/\/www.saphy.com\/healthcare-cosmetique\/wp-json\/wp\/v2\/media?parent=5203"}],"curies":[{"name":"wp","href":"https:\/\/api.w.org\/{rel}","templated":true}]}}