{"id":5356,"date":"2024-11-05T10:10:55","date_gmt":"2024-11-05T09:10:55","guid":{"rendered":"https:\/\/www.saphy.com\/healthcare-cosmetique\/?post_type=product&#038;p=5356"},"modified":"2024-11-05T10:10:56","modified_gmt":"2024-11-05T09:10:56","slug":"gommage-antitaches-dark-spot-au-curcuma-himalaya-herbals-75ml","status":"publish","type":"product","link":"https:\/\/www.saphy.com\/healthcare-cosmetique\/produit\/gommage-antitaches-dark-spot-au-curcuma-himalaya-herbals-75ml\/","title":{"rendered":"Gommage antitaches dark spot au curcuma Himalaya Herbals 75ml"},"content":{"rendered":"<p>Gommage antitaches dark spot au curcuma Himalaya Herbals 75ml<\/p>\n<p>Le gommage antitaches dark spot au curcuma Himalaya Herbals 75ml est une formule unique qui exploite le pouvoir du curcuma, un rem\u00e8de naturel \u00e9prouv\u00e9 pour les probl\u00e8mes de peau. La r\u00e9glisse et les exfoliants naturels \u00e0 base de cellulose \u00e9liminent la salet\u00e9, les impuret\u00e9s et les cellules mortes, r\u00e9duisant ainsi les taches et laissant la peau lisse, brillante et \u00e9clatante.<\/p>\n<p>&nbsp;<\/p>\n<ul class=\"a-unordered-list a-vertical a-spacing-mini\">\n<li class=\"a-spacing-mini\"><span class=\"a-list-item\">Le gommage antitaches dark spot au curcuma Himalaya Herbals 75ml est efficace d\u00e8s la premi\u00e8re utilisation\u00a0 EXFOLIE ; AM\u00c9LIORE LA TEXTURE DE LA PEAU<\/span><\/li>\n<li class=\"a-spacing-mini\"><span class=\"a-list-item\">Le gommage antitaches dark spot au curcuma Himalaya Herbals 75ml\u00a0 est riche en CURCUMA DE SOURCE BIOLOGIQUE, PRESS\u00c9 \u00c0 FROID ; 97% d&rsquo;ingr\u00e9dients d&rsquo;origine naturelle ; 100% recyclable ; test\u00e9 cliniquement<\/span><\/li>\n<li class=\"a-spacing-mini\"><span class=\"a-list-item\">Le gommage antitaches dark spot au curcuma Himalaya Herbals 75ml\u00a0 est enrichi PHYTO VITAMIN COMPLEX &#8211; synergie de CURCUMA, R\u00c9GLISSE et NIACYNAMIDE pour maximiser l&rsquo;effet \u00e9claircissant de la peau.<\/span><\/li>\n<li class=\"a-spacing-mini\"><span class=\"a-list-item\">Le gommage antitaches dark spot au curcuma Himalaya Herbals 75ml convient \u00e0 TOUS LES TYPES DE TACHES FONC\u00c9ES : taches de soleil, taches de vieillesse, taches postacn\u00e9iques<\/span><\/li>\n<li class=\"a-spacing-mini\"><span class=\"a-list-item\">CONVIENT \u00c0 TOUS LES TYPES DE PEAUX ; formule l\u00e9g\u00e8re, \u00e0 absorption rapide, ne tache pas<\/span><\/li>\n<\/ul>\n<h3>Ingr\u00e9dients<\/h3>\n<p>Aqua, Stearic Acid, Glycerin, Caprylic\/Capric Triglyceride, Cetyl Alcohol, Microcrystalline Cellulose, Sorbitan Stearate, Curcuma Longa Rhizome Extract, Phenoxyethanol, Niacinamide, Parfum, Carbomer, Sodium Hydroxide, Benzyl Alcohol, Sucrose Cocoate, Ethylhexylglycerin, Disodium EDTA, CI 11680, Glycyrrhiza Glabra Root Extract, CI 73360, Tocopheryl Acetate, CI 19140, CI 15985, Linalool<\/p>\n","protected":false},"excerpt":{"rendered":"<p>Gommage antitaches dark spot au curcuma Himalaya Herbals 75ml Le gommage antitaches dark spot au curcuma Himalaya Herbals 75ml est une formule unique qui exploite le pouvoir du curcuma, un rem\u00e8de naturel \u00e9prouv\u00e9 pour les probl\u00e8mes de peau. La r\u00e9glisse et les exfoliants naturels \u00e0 base de cellulose \u00e9liminent la salet\u00e9, les impuret\u00e9s et les [&hellip;]<\/p>\n","protected":false},"featured_media":5357,"comment_status":"open","ping_status":"closed","template":"","meta":[],"_links":{"self":[{"href":"https:\/\/www.saphy.com\/healthcare-cosmetique\/wp-json\/wp\/v2\/product\/5356"}],"collection":[{"href":"https:\/\/www.saphy.com\/healthcare-cosmetique\/wp-json\/wp\/v2\/product"}],"about":[{"href":"https:\/\/www.saphy.com\/healthcare-cosmetique\/wp-json\/wp\/v2\/types\/product"}],"replies":[{"embeddable":true,"href":"https:\/\/www.saphy.com\/healthcare-cosmetique\/wp-json\/wp\/v2\/comments?post=5356"}],"wp:featuredmedia":[{"embeddable":true,"href":"https:\/\/www.saphy.com\/healthcare-cosmetique\/wp-json\/wp\/v2\/media\/5357"}],"wp:attachment":[{"href":"https:\/\/www.saphy.com\/healthcare-cosmetique\/wp-json\/wp\/v2\/media?parent=5356"}],"curies":[{"name":"wp","href":"https:\/\/api.w.org\/{rel}","templated":true}]}}