{"id":959,"date":"2014-12-15T10:09:55","date_gmt":"2014-12-15T09:09:55","guid":{"rendered":"https:\/\/www.saphy.com\/healthcare-cosmetique\/produit\/mousse-nettoyante-purifiante-neem-150ml\/"},"modified":"2024-04-02T09:54:23","modified_gmt":"2024-04-02T08:54:23","slug":"mousse-nettoyante-purifiante-neemhimalaya-herbals","status":"publish","type":"product","link":"https:\/\/www.saphy.com\/healthcare-cosmetique\/produit\/mousse-nettoyante-purifiante-neemhimalaya-herbals\/","title":{"rendered":"Mousse nettoyante purifiante Neem Himalaya Herbals"},"content":{"rendered":"<p>Mousse nettoyante purifiante Neem Himalaya Herbals<\/p>\n<p>Depuis 1930, Himalaya puise et exploite pour vous les tr\u00e9sors de la m\u00e9decine ayurv\u00e9dique vieille de 5000 ans ! Des recherches approfondies sur les plantes du monde entier ont \u00e9t\u00e9 men\u00e9es par ses experts. Celles-ci ont abouti \u00e0 une s\u00e9lection d\u2019ingr\u00e9dients enti\u00e8rement naturels dont les bienfaits sont av\u00e9r\u00e9s sur la sant\u00e9 et la beaut\u00e9 Himalaya a su combiner cet immense savoir traditionnel avec les techniques modernes afin de cr\u00e9er les combinaisons parfaitement adapt\u00e9es aux besoins de l\u2019homme contemporain. Gr\u00e2ce \u00e0 l&rsquo;engagement de plus de 2000 collaborateurs, dont une \u00e9quipe de 100 chercheurs, Himalaya Herbals est une soci\u00e9t\u00e9 pl\u00e9biscit\u00e9e dans plus de 90 pays \u00e0 travers le monde et de plus de 100.000 m\u00e9decins y prescrivent nos produits.<\/p>\n<p>Sp\u00e9cialement con\u00e7ue pour un usage quotidien cette mousse onctueuse nettoyante purifiante sans savon nettoie efficacement votre peau et \u00e9limine toutes les impuret\u00e9s sans dess\u00e8chement cutan\u00e9. Le Neem (Margousier) herbe reconnue pour ses propri\u00e9t\u00e9s purifiantes et antibact\u00e9riennes naturelles lutte contre les bact\u00e9ries responsables de l\u2019acn\u00e9 , le curcuma r\u00e9gule l&rsquo;exc\u00e8s de s\u00e9bum et \u00e9vite la formation de boutons et points noirs. Votre peau est nette, saine et fraiche\u00a0.<\/p>\n<p><strong>Principaux composants botaniques<\/strong><\/p>\n<p>Neem:\u00a0Purifie , agent antibacterien et antiseptique<\/p>\n<p>Curcuma Anti inflammatoire naturel, adoucit et clarifie le teint<\/p>\n<p><strong>Conseils d\u2019utilisation<\/strong><\/p>\n<p>Humidifier le visage et masser doucement en \u00e9vitant le contour des yeux puis rincer soigneusement.<br \/>\nPour un r\u00e9sultat optimal utiliser aussi le gommage purifiant visage Neem et le masque purifiant visage Neem.<\/p>\n<p>&nbsp;<\/p>\n<p>Himalaya Herbals Neem foaming face wash<\/p>\n<p>Since 1930, Himalaya draws and exploits for you the treasures of Ayurvedic medicine 5000 years old! Extensive research on plants around the world has been conducted by its experts. These have resulted in a selection of all natural ingredients whose benefits are proven to health and beauty Himalaya has combined this immense traditional knowledge with modern techniques to create combinations perfectly suited to the needs of contemporary man . Thanks to the commitment of more than 2,000 collaborators, including a team of 100 researchers, Himalaya Herbals is a company acclaimed in more than 90 countries around the world and more than 100,000 doctors prescribe our products.<\/p>\n<p>Especially designed for everyday use this creamy cleansing foam cleansing without soap effectively cleanses your skin and eliminates all impurities without skin dryness. The Neem (Margousier) grass recognized for its purifying properties and natural antibacterial fight against the bacteria responsible for acne, turmeric regulates excess sebum and avoids the formation of pimples and blackheads. Your skin is clean, healthy and fresh.<br \/>\nMain botanical components<br \/>\nNeem: Purifies, antibacterial and antiseptic agent<br \/>\nCurcuma Anti inflammatory natural, softens and clarifies the complexion<br \/>\nUsage tips<br \/>\nMoisten the face and massage gently, avoiding the eye contour and then rinse thoroughly.<br \/>\nFor optimal results use the Neem Facial Cleansing Exfoliator and Neem Facial Cleansing Mask.<\/p>\n","protected":false},"excerpt":{"rendered":"<p>Mousse nettoyante purifiante Neem Himalaya Herbals<\/p>\n<p>Depuis 1930, Himalaya puise et exploite pour vous les tr\u00e9sors de la m\u00e9decine ayurv\u00e9dique vieille de 5000 ans ! Des recherches approfondies sur les plantes du monde entier ont \u00e9t\u00e9 men\u00e9es par ses experts. Celles-ci ont abouti \u00e0 une s\u00e9lection d\u2019ingr\u00e9dients enti\u00e8rement naturels dont les bienfaits sont av\u00e9r\u00e9s sur la sant\u00e9 et la beaut\u00e9 Himalaya a su combiner cet immense savoir traditionnel avec les techniques modernes afin de cr\u00e9er les combinaisons parfaitement adapt\u00e9es aux besoins de l\u2019homme contemporain. Gr\u00e2ce \u00e0 l&rsquo;engagement de plus de 2000 collaborateurs, dont une \u00e9quipe de 100 chercheurs, Himalaya Herbals est une soci\u00e9t\u00e9 pl\u00e9biscit\u00e9e dans plus de 90 pays \u00e0 travers le monde et de plus de 100.000 m\u00e9decins y prescrivent nos produits.<\/p>\n<p>Sp\u00e9cialement con\u00e7ue pour un usage quotidien cette mousse onctueuse nettoyante purifiante sans savon nettoie efficacement votre peau et \u00e9limine toutes les impuret\u00e9s sans dess\u00e8chement cutan\u00e9. Le Neem (Margousier) herbe reconnue pour ses propri\u00e9t\u00e9s purifiantes et antibact\u00e9riennes naturelles lutte contre les bact\u00e9ries responsables de l\u2019acn\u00e9 , le curcuma r\u00e9gule l&rsquo;exc\u00e8s de s\u00e9bum et \u00e9vite la formation de boutons et points noirs. Votre peau est nette, saine et fraiche\u00a0.<\/p>\n<p><strong>Principaux composants botaniques<\/strong><\/p>\n<p>Neem:\u00a0Purifie , agent antibacterien et antiseptique<\/p>\n<p>Curcuma Anti inflammatoire naturel, adoucit et clarifie le teint<\/p>\n<p><strong>Conseils d\u2019utilisation<\/strong><\/p>\n<p>Humidifier le visage et masser doucement en \u00e9vitant le contour des yeux puis rincer soigneusement.<br \/>\nPour un r\u00e9sultat optimal utiliser aussi le gommage purifiant visage Neem et le masque purifiant visage Neem.<\/p>\n<p>&nbsp;<\/p>\n<p>Himalaya Herbals Neem foaming face wash<\/p>\n<p>Since 1930, Himalaya draws and exploits for you the treasures of Ayurvedic medicine 5000 years old! Extensive research on plants around the world has been conducted by its experts. These have resulted in a selection of all natural ingredients whose benefits are proven to health and beauty Himalaya has combined this immense traditional knowledge with modern techniques to create combinations perfectly suited to the needs of contemporary man . Thanks to the commitment of more than 2,000 collaborators, including a team of 100 researchers, Himalaya Herbals is a company acclaimed in more than 90 countries around the world and more than 100,000 doctors prescribe our products.<\/p>\n<p>Especially designed for everyday use this creamy cleansing foam cleansing without soap effectively cleanses your skin and eliminates all impurities without skin dryness. The Neem (Margousier) grass recognized for its purifying properties and natural antibacterial fight against the bacteria responsible for acne, turmeric regulates excess sebum and avoids the formation of pimples and blackheads. Your skin is clean, healthy and fresh.<br \/>\nMain botanical components<br \/>\nNeem: Purifies, antibacterial and antiseptic agent<br \/>\nCurcuma Anti inflammatory natural, softens and clarifies the complexion<br \/>\nUsage tips<br \/>\nMoisten the face and massage gently, avoiding the eye contour and then rinse thoroughly.<br \/>\nFor optimal results use the Neem Facial Cleansing Exfoliator and Neem Facial Cleansing Mask.<\/p>\n","protected":false},"featured_media":2174,"comment_status":"open","ping_status":"closed","template":"","meta":[],"_links":{"self":[{"href":"https:\/\/www.saphy.com\/healthcare-cosmetique\/wp-json\/wp\/v2\/product\/959"}],"collection":[{"href":"https:\/\/www.saphy.com\/healthcare-cosmetique\/wp-json\/wp\/v2\/product"}],"about":[{"href":"https:\/\/www.saphy.com\/healthcare-cosmetique\/wp-json\/wp\/v2\/types\/product"}],"replies":[{"embeddable":true,"href":"https:\/\/www.saphy.com\/healthcare-cosmetique\/wp-json\/wp\/v2\/comments?post=959"}],"wp:featuredmedia":[{"embeddable":true,"href":"https:\/\/www.saphy.com\/healthcare-cosmetique\/wp-json\/wp\/v2\/media\/2174"}],"wp:attachment":[{"href":"https:\/\/www.saphy.com\/healthcare-cosmetique\/wp-json\/wp\/v2\/media?parent=959"}],"curies":[{"name":"wp","href":"https:\/\/api.w.org\/{rel}","templated":true}]}}